{"id":59375,"date":"2016-09-07T17:27:21","date_gmt":"2016-09-07T15:27:21","guid":{"rendered":"https:\/\/www.iemj.org\/produit\/fernand-halphen-vieille-chanson-printed-score\/"},"modified":"2025-01-21T09:58:43","modified_gmt":"2025-01-21T08:58:43","slug":"fernand-halphen-vieille-chanson-printed-score","status":"publish","type":"product","link":"https:\/\/www.iemj.org\/de\/produit\/fernand-halphen-vieille-chanson-printed-score\/","title":{"rendered":"Halphen &#8211; Vieille chanson"},"content":{"rendered":"<p><a name=\"OLE_LINK1\"><\/a>Born into an important family of merchants, bankers and patrons of the arts, Fernand Halphen learned violin under the tutelage of Joseph Marsick and composition from Gabriel Faur\u00e9.<\/p>\n<p><a name=\"OLE_LINK2\"><\/a>In 1888, he entered the Conservatory and studied with Jules Massenet alongside Florent Schmitt, Henri B\u00fcsser, Max d\u2019Olonne, Georges Enesco and Reynaldo Hahn. He was awarded the second prix de Rome in 1896.<\/p>\n<p>In his short lifetime, Halphen composed nearly 100 melodies, over 30 pieces for piano, duets (particularly for violin and piano), a composition for string trio and one for piano trio, orchestral suites, a symphony in C minor dedicated to Faur\u00e9 (1898) and Le Cor Fleuri, a lyric opera in one act unveiled at the Op\u00e9ra-Comique theater on 10 May 1904.2 He also wrote two psalms and a synagogal hymn as well as two instrumental pieces which draw on traditional Hebrew cantilation (Andante religioso and Pri\u00e8re). In WWI, he served as Director of Music for an infantry regiment before succumbing in 1917 to a disease contracted while on the front.<\/p>\n<p>.<\/p>\n","protected":false},"excerpt":{"rendered":"<p><span style=\"background-color: #ffffff;\">Halphen &#8211; Vieille chanson<\/span><\/p>\n<p><span style=\"background-color: #fbe329;\"><strong><span style=\"background-color: #fbe329;\">AVAILABLE AS A PRINTED or DOWNLOADABLE SCORE<\/span><\/strong><\/span><\/p>\n","protected":false},"featured_media":59376,"comment_status":"open","ping_status":"closed","template":"","meta":{"_acf_changed":false},"product_brand":[],"product_cat":[2336,2404,1656,2354,1998,2405,2399],"product_tag":[],"class_list":{"0":"post-59375","1":"product","2":"type-product","3":"status-publish","4":"has-post-thumbnail","6":"product_cat-duo-de","7":"product_cat-gedruckte-partituren","8":"product_cat-halphen-fernand-de","9":"product_cat-klassisch","10":"product_cat-partituren-de","11":"product_cat-partituren-zum-herunterladen","12":"product_cat-stimme","13":"pa_partition-gedruckt","14":"pa_partition-herunterladbar","16":"first","17":"instock","18":"shipping-taxable","19":"purchasable","20":"product-type-variable"},"acf":[],"yoast_head":"<!-- This site is optimized with the Yoast SEO plugin v27.3 - https:\/\/yoast.com\/product\/yoast-seo-wordpress\/ -->\n<title>Halphen - Vieille chanson - Institut Europ\u00e9en des Musiques Juives<\/title>\n<meta name=\"robots\" content=\"index, follow, max-snippet:-1, max-image-preview:large, max-video-preview:-1\" \/>\n<link rel=\"canonical\" href=\"https:\/\/www.iemj.org\/de\/produit\/fernand-halphen-vieille-chanson-printed-score\/\" \/>\n<meta property=\"og:locale\" content=\"de_DE\" \/>\n<meta property=\"og:type\" content=\"article\" \/>\n<meta property=\"og:title\" content=\"Halphen - Vieille chanson - Institut Europ\u00e9en des Musiques Juives\" \/>\n<meta property=\"og:description\" content=\"Halphen - Vieille chanson  AVAILABLE AS A PRINTED or DOWNLOADABLE SCORE\" \/>\n<meta property=\"og:url\" content=\"https:\/\/www.iemj.org\/de\/produit\/fernand-halphen-vieille-chanson-printed-score\/\" \/>\n<meta property=\"og:site_name\" content=\"Institut Europ\u00e9en des Musiques Juives\" \/>\n<meta property=\"article:publisher\" content=\"https:\/\/www.facebook.com\/MusiquesJuives\/\" \/>\n<meta property=\"article:modified_time\" content=\"2025-01-21T08:58:43+00:00\" \/>\n<meta property=\"og:image\" content=\"https:\/\/www.iemj.org\/wp-content\/uploads\/2016\/09\/354-thickbox_default-Fernand-Halphen-Vieille-chanson.jpg\" \/>\n\t<meta property=\"og:image:width\" content=\"700\" \/>\n\t<meta property=\"og:image:height\" content=\"700\" \/>\n\t<meta property=\"og:image:type\" content=\"image\/jpeg\" \/>\n<meta name=\"twitter:card\" content=\"summary_large_image\" \/>\n<meta name=\"twitter:label1\" content=\"Gesch\u00e4tzte Lesezeit\" \/>\n\t<meta name=\"twitter:data1\" content=\"1\u00a0Minute\" \/>\n<script type=\"application\/ld+json\" class=\"yoast-schema-graph\">{\"@context\":\"https:\\\/\\\/schema.org\",\"@graph\":[{\"@type\":\"WebPage\",\"@id\":\"https:\\\/\\\/www.iemj.org\\\/de\\\/produit\\\/fernand-halphen-vieille-chanson-printed-score\\\/\",\"url\":\"https:\\\/\\\/www.iemj.org\\\/de\\\/produit\\\/fernand-halphen-vieille-chanson-printed-score\\\/\",\"name\":\"Halphen - Vieille chanson - Institut Europ\u00e9en des Musiques Juives\",\"isPartOf\":{\"@id\":\"https:\\\/\\\/www.iemj.org\\\/de\\\/#website\"},\"primaryImageOfPage\":{\"@id\":\"https:\\\/\\\/www.iemj.org\\\/de\\\/produit\\\/fernand-halphen-vieille-chanson-printed-score\\\/#primaryimage\"},\"image\":{\"@id\":\"https:\\\/\\\/www.iemj.org\\\/de\\\/produit\\\/fernand-halphen-vieille-chanson-printed-score\\\/#primaryimage\"},\"thumbnailUrl\":\"https:\\\/\\\/www.iemj.org\\\/wp-content\\\/uploads\\\/2016\\\/09\\\/354-thickbox_default-Fernand-Halphen-Vieille-chanson.jpg\",\"datePublished\":\"2016-09-07T15:27:21+00:00\",\"dateModified\":\"2025-01-21T08:58:43+00:00\",\"breadcrumb\":{\"@id\":\"https:\\\/\\\/www.iemj.org\\\/de\\\/produit\\\/fernand-halphen-vieille-chanson-printed-score\\\/#breadcrumb\"},\"inLanguage\":\"de\",\"potentialAction\":[{\"@type\":\"ReadAction\",\"target\":[\"https:\\\/\\\/www.iemj.org\\\/de\\\/produit\\\/fernand-halphen-vieille-chanson-printed-score\\\/\"]}]},{\"@type\":\"ImageObject\",\"inLanguage\":\"de\",\"@id\":\"https:\\\/\\\/www.iemj.org\\\/de\\\/produit\\\/fernand-halphen-vieille-chanson-printed-score\\\/#primaryimage\",\"url\":\"https:\\\/\\\/www.iemj.org\\\/wp-content\\\/uploads\\\/2016\\\/09\\\/354-thickbox_default-Fernand-Halphen-Vieille-chanson.jpg\",\"contentUrl\":\"https:\\\/\\\/www.iemj.org\\\/wp-content\\\/uploads\\\/2016\\\/09\\\/354-thickbox_default-Fernand-Halphen-Vieille-chanson.jpg\",\"width\":700,\"height\":700},{\"@type\":\"BreadcrumbList\",\"@id\":\"https:\\\/\\\/www.iemj.org\\\/de\\\/produit\\\/fernand-halphen-vieille-chanson-printed-score\\\/#breadcrumb\",\"itemListElement\":[{\"@type\":\"ListItem\",\"position\":1,\"name\":\"Accueil\",\"item\":\"https:\\\/\\\/www.iemj.org\\\/de\\\/\"},{\"@type\":\"ListItem\",\"position\":2,\"name\":\"Onlineshop\",\"item\":\"https:\\\/\\\/www.iemj.org\\\/de\\\/onlineshop\\\/\"},{\"@type\":\"ListItem\",\"position\":3,\"name\":\"Halphen &#8211; Vieille chanson\"}]},{\"@type\":\"WebSite\",\"@id\":\"https:\\\/\\\/www.iemj.org\\\/de\\\/#website\",\"url\":\"https:\\\/\\\/www.iemj.org\\\/de\\\/\",\"name\":\"Institut Europ\u00e9en des Musiques Juives\",\"description\":\"Des traditions musicales \u00e0 la port\u00e9e de tous\",\"publisher\":{\"@id\":\"https:\\\/\\\/www.iemj.org\\\/de\\\/#organization\"},\"potentialAction\":[{\"@type\":\"SearchAction\",\"target\":{\"@type\":\"EntryPoint\",\"urlTemplate\":\"https:\\\/\\\/www.iemj.org\\\/de\\\/?s={search_term_string}\"},\"query-input\":{\"@type\":\"PropertyValueSpecification\",\"valueRequired\":true,\"valueName\":\"search_term_string\"}}],\"inLanguage\":\"de\"},{\"@type\":\"Organization\",\"@id\":\"https:\\\/\\\/www.iemj.org\\\/de\\\/#organization\",\"name\":\"Institut Europ\u00e9en des Musiques Juives\",\"url\":\"https:\\\/\\\/www.iemj.org\\\/de\\\/\",\"logo\":{\"@type\":\"ImageObject\",\"inLanguage\":\"de\",\"@id\":\"https:\\\/\\\/www.iemj.org\\\/de\\\/#\\\/schema\\\/logo\\\/image\\\/\",\"url\":\"https:\\\/\\\/www.iemj.org\\\/wp-content\\\/uploads\\\/2021\\\/09\\\/Logo-IEMJ-Paypal.jpg\",\"contentUrl\":\"https:\\\/\\\/www.iemj.org\\\/wp-content\\\/uploads\\\/2021\\\/09\\\/Logo-IEMJ-Paypal.jpg\",\"width\":150,\"height\":50,\"caption\":\"Institut Europ\u00e9en des Musiques Juives\"},\"image\":{\"@id\":\"https:\\\/\\\/www.iemj.org\\\/de\\\/#\\\/schema\\\/logo\\\/image\\\/\"},\"sameAs\":[\"https:\\\/\\\/www.facebook.com\\\/MusiquesJuives\\\/\",\"https:\\\/\\\/www.instagram.com\\\/musiquesjuives\\\/\",\"https:\\\/\\\/www.youtube.com\\\/user\\\/musiquesjuives\"]}]}<\/script>\n<!-- \/ Yoast SEO plugin. -->","yoast_head_json":{"title":"Halphen - Vieille chanson - Institut Europ\u00e9en des Musiques Juives","robots":{"index":"index","follow":"follow","max-snippet":"max-snippet:-1","max-image-preview":"max-image-preview:large","max-video-preview":"max-video-preview:-1"},"canonical":"https:\/\/www.iemj.org\/de\/produit\/fernand-halphen-vieille-chanson-printed-score\/","og_locale":"de_DE","og_type":"article","og_title":"Halphen - Vieille chanson - Institut Europ\u00e9en des Musiques Juives","og_description":"Halphen - Vieille chanson  AVAILABLE AS A PRINTED or DOWNLOADABLE SCORE","og_url":"https:\/\/www.iemj.org\/de\/produit\/fernand-halphen-vieille-chanson-printed-score\/","og_site_name":"Institut Europ\u00e9en des Musiques Juives","article_publisher":"https:\/\/www.facebook.com\/MusiquesJuives\/","article_modified_time":"2025-01-21T08:58:43+00:00","og_image":[{"width":700,"height":700,"url":"https:\/\/www.iemj.org\/wp-content\/uploads\/2016\/09\/354-thickbox_default-Fernand-Halphen-Vieille-chanson.jpg","type":"image\/jpeg"}],"twitter_card":"summary_large_image","twitter_misc":{"Gesch\u00e4tzte Lesezeit":"1\u00a0Minute"},"schema":{"@context":"https:\/\/schema.org","@graph":[{"@type":"WebPage","@id":"https:\/\/www.iemj.org\/de\/produit\/fernand-halphen-vieille-chanson-printed-score\/","url":"https:\/\/www.iemj.org\/de\/produit\/fernand-halphen-vieille-chanson-printed-score\/","name":"Halphen - Vieille chanson - Institut Europ\u00e9en des Musiques Juives","isPartOf":{"@id":"https:\/\/www.iemj.org\/de\/#website"},"primaryImageOfPage":{"@id":"https:\/\/www.iemj.org\/de\/produit\/fernand-halphen-vieille-chanson-printed-score\/#primaryimage"},"image":{"@id":"https:\/\/www.iemj.org\/de\/produit\/fernand-halphen-vieille-chanson-printed-score\/#primaryimage"},"thumbnailUrl":"https:\/\/www.iemj.org\/wp-content\/uploads\/2016\/09\/354-thickbox_default-Fernand-Halphen-Vieille-chanson.jpg","datePublished":"2016-09-07T15:27:21+00:00","dateModified":"2025-01-21T08:58:43+00:00","breadcrumb":{"@id":"https:\/\/www.iemj.org\/de\/produit\/fernand-halphen-vieille-chanson-printed-score\/#breadcrumb"},"inLanguage":"de","potentialAction":[{"@type":"ReadAction","target":["https:\/\/www.iemj.org\/de\/produit\/fernand-halphen-vieille-chanson-printed-score\/"]}]},{"@type":"ImageObject","inLanguage":"de","@id":"https:\/\/www.iemj.org\/de\/produit\/fernand-halphen-vieille-chanson-printed-score\/#primaryimage","url":"https:\/\/www.iemj.org\/wp-content\/uploads\/2016\/09\/354-thickbox_default-Fernand-Halphen-Vieille-chanson.jpg","contentUrl":"https:\/\/www.iemj.org\/wp-content\/uploads\/2016\/09\/354-thickbox_default-Fernand-Halphen-Vieille-chanson.jpg","width":700,"height":700},{"@type":"BreadcrumbList","@id":"https:\/\/www.iemj.org\/de\/produit\/fernand-halphen-vieille-chanson-printed-score\/#breadcrumb","itemListElement":[{"@type":"ListItem","position":1,"name":"Accueil","item":"https:\/\/www.iemj.org\/de\/"},{"@type":"ListItem","position":2,"name":"Onlineshop","item":"https:\/\/www.iemj.org\/de\/onlineshop\/"},{"@type":"ListItem","position":3,"name":"Halphen &#8211; Vieille chanson"}]},{"@type":"WebSite","@id":"https:\/\/www.iemj.org\/de\/#website","url":"https:\/\/www.iemj.org\/de\/","name":"Institut Europ\u00e9en des Musiques Juives","description":"Des traditions musicales \u00e0 la port\u00e9e de tous","publisher":{"@id":"https:\/\/www.iemj.org\/de\/#organization"},"potentialAction":[{"@type":"SearchAction","target":{"@type":"EntryPoint","urlTemplate":"https:\/\/www.iemj.org\/de\/?s={search_term_string}"},"query-input":{"@type":"PropertyValueSpecification","valueRequired":true,"valueName":"search_term_string"}}],"inLanguage":"de"},{"@type":"Organization","@id":"https:\/\/www.iemj.org\/de\/#organization","name":"Institut Europ\u00e9en des Musiques Juives","url":"https:\/\/www.iemj.org\/de\/","logo":{"@type":"ImageObject","inLanguage":"de","@id":"https:\/\/www.iemj.org\/de\/#\/schema\/logo\/image\/","url":"https:\/\/www.iemj.org\/wp-content\/uploads\/2021\/09\/Logo-IEMJ-Paypal.jpg","contentUrl":"https:\/\/www.iemj.org\/wp-content\/uploads\/2021\/09\/Logo-IEMJ-Paypal.jpg","width":150,"height":50,"caption":"Institut Europ\u00e9en des Musiques Juives"},"image":{"@id":"https:\/\/www.iemj.org\/de\/#\/schema\/logo\/image\/"},"sameAs":["https:\/\/www.facebook.com\/MusiquesJuives\/","https:\/\/www.instagram.com\/musiquesjuives\/","https:\/\/www.youtube.com\/user\/musiquesjuives"]}]}},"_links":{"self":[{"href":"https:\/\/www.iemj.org\/de\/wp-json\/wp\/v2\/product\/59375","targetHints":{"allow":["GET"]}}],"collection":[{"href":"https:\/\/www.iemj.org\/de\/wp-json\/wp\/v2\/product"}],"about":[{"href":"https:\/\/www.iemj.org\/de\/wp-json\/wp\/v2\/types\/product"}],"replies":[{"embeddable":true,"href":"https:\/\/www.iemj.org\/de\/wp-json\/wp\/v2\/comments?post=59375"}],"wp:featuredmedia":[{"embeddable":true,"href":"https:\/\/www.iemj.org\/de\/wp-json\/wp\/v2\/media\/59376"}],"wp:attachment":[{"href":"https:\/\/www.iemj.org\/de\/wp-json\/wp\/v2\/media?parent=59375"}],"wp:term":[{"taxonomy":"product_brand","embeddable":true,"href":"https:\/\/www.iemj.org\/de\/wp-json\/wp\/v2\/product_brand?post=59375"},{"taxonomy":"product_cat","embeddable":true,"href":"https:\/\/www.iemj.org\/de\/wp-json\/wp\/v2\/product_cat?post=59375"},{"taxonomy":"product_tag","embeddable":true,"href":"https:\/\/www.iemj.org\/de\/wp-json\/wp\/v2\/product_tag?post=59375"}],"curies":[{"name":"wp","href":"https:\/\/api.w.org\/{rel}","templated":true}]}}

<p><a name="OLE_LINK1"></a>Born into an important family of merchants, bankers and patrons of the arts, Fernand Halphen learned violin under the tutelage of Joseph Marsick and composition from Gabriel Fauré.</p>
<p><a name="OLE_LINK2"></a>In 1888, he entered the Conservatory and studied with Jules Massenet alongside Florent Schmitt, Henri Büsser, Max d’Olonne, Georges Enesco and Reynaldo Hahn. He was awarded the second prix de Rome in 1896.</p>
<p>In his short lifetime, Halphen composed nearly 100 melodies, over 30 pieces for piano, duets (particularly for violin and piano), a composition for string trio and one for piano trio, orchestral suites, a symphony in C minor dedicated to Fauré (1898) and Le Cor Fleuri, a lyric opera in one act unveiled at the Opéra-Comique theater on 10 May 1904.2 He also wrote two psalms and a synagogal hymn as well as two instrumental pieces which draw on traditional Hebrew cantilation (Andante religioso and Prière). In WWI, he served as Director of Music for an infantry regiment before succumbing in 1917 to a disease contracted while on the front.</p>
<p>.</p>

<!-- This site is optimized with the Yoast SEO plugin v27.3 - https://yoast.com/product/yoast-seo-wordpress/ -->
<title>Halphen - Vieille chanson - Institut Européen des Musiques Juives</title>
<meta name="robots" content="index, follow, max-snippet:-1, max-image-preview:large, max-video-preview:-1" />
<link rel="canonical" href="https://www.iemj.org/de/produit/fernand-halphen-vieille-chanson-printed-score/" />
<meta property="og:locale" content="de_DE" />
<meta property="og:type" content="article" />
<meta property="og:title" content="Halphen - Vieille chanson - Institut Européen des Musiques Juives" />
<meta property="og:description" content="Halphen - Vieille chanson  AVAILABLE AS A PRINTED or DOWNLOADABLE SCORE" />
<meta property="og:url" content="https://www.iemj.org/de/produit/fernand-halphen-vieille-chanson-printed-score/" />
<meta property="og:site_name" content="Institut Européen des Musiques Juives" />
<meta property="article:publisher" content="https://www.facebook.com/MusiquesJuives/" />
<meta property="article:modified_time" content="2025-01-21T08:58:43+00:00" />
<meta property="og:image" content="https://www.iemj.org/wp-content/uploads/2016/09/354-thickbox_default-Fernand-Halphen-Vieille-chanson.jpg" />
	<meta property="og:image:width" content="700" />
	<meta property="og:image:height" content="700" />
	<meta property="og:image:type" content="image/jpeg" />
<meta name="twitter:card" content="summary_large_image" />
<meta name="twitter:label1" content="Geschätzte Lesezeit" />
	<meta name="twitter:data1" content="1 Minute" />
<script type="application/ld+json" class="yoast-schema-graph">{"@context":"https:\/\/schema.org","@graph":[{"@type":"WebPage","@id":"https:\/\/www.iemj.org\/de\/produit\/fernand-halphen-vieille-chanson-printed-score\/","url":"https:\/\/www.iemj.org\/de\/produit\/fernand-halphen-vieille-chanson-printed-score\/","name":"Halphen - Vieille chanson - Institut Européen des Musiques Juives","isPartOf":{"@id":"https:\/\/www.iemj.org\/de\/#website"},"primaryImageOfPage":{"@id":"https:\/\/www.iemj.org\/de\/produit\/fernand-halphen-vieille-chanson-printed-score\/#primaryimage"},"image":{"@id":"https:\/\/www.iemj.org\/de\/produit\/fernand-halphen-vieille-chanson-printed-score\/#primaryimage"},"thumbnailUrl":"https:\/\/www.iemj.org\/wp-content\/uploads\/2016\/09\/354-thickbox_default-Fernand-Halphen-Vieille-chanson.jpg","datePublished":"2016-09-07T15:27:21+00:00","dateModified":"2025-01-21T08:58:43+00:00","breadcrumb":{"@id":"https:\/\/www.iemj.org\/de\/produit\/fernand-halphen-vieille-chanson-printed-score\/#breadcrumb"},"inLanguage":"de","potentialAction":[{"@type":"ReadAction","target":["https:\/\/www.iemj.org\/de\/produit\/fernand-halphen-vieille-chanson-printed-score\/"]}]},{"@type":"ImageObject","inLanguage":"de","@id":"https:\/\/www.iemj.org\/de\/produit\/fernand-halphen-vieille-chanson-printed-score\/#primaryimage","url":"https:\/\/www.iemj.org\/wp-content\/uploads\/2016\/09\/354-thickbox_default-Fernand-Halphen-Vieille-chanson.jpg","contentUrl":"https:\/\/www.iemj.org\/wp-content\/uploads\/2016\/09\/354-thickbox_default-Fernand-Halphen-Vieille-chanson.jpg","width":700,"height":700},{"@type":"BreadcrumbList","@id":"https:\/\/www.iemj.org\/de\/produit\/fernand-halphen-vieille-chanson-printed-score\/#breadcrumb","itemListElement":[{"@type":"ListItem","position":1,"name":"Accueil","item":"https:\/\/www.iemj.org\/de\/"},{"@type":"ListItem","position":2,"name":"Onlineshop","item":"https:\/\/www.iemj.org\/de\/onlineshop\/"},{"@type":"ListItem","position":3,"name":"Halphen &#8211; Vieille chanson"}]},{"@type":"WebSite","@id":"https:\/\/www.iemj.org\/de\/#website","url":"https:\/\/www.iemj.org\/de\/","name":"Institut Européen des Musiques Juives","description":"Des traditions musicales à la portée de tous","publisher":{"@id":"https:\/\/www.iemj.org\/de\/#organization"},"potentialAction":[{"@type":"SearchAction","target":{"@type":"EntryPoint","urlTemplate":"https:\/\/www.iemj.org\/de\/?s={search_term_string}"},"query-input":{"@type":"PropertyValueSpecification","valueRequired":true,"valueName":"search_term_string"}}],"inLanguage":"de"},{"@type":"Organization","@id":"https:\/\/www.iemj.org\/de\/#organization","name":"Institut Européen des Musiques Juives","url":"https:\/\/www.iemj.org\/de\/","logo":{"@type":"ImageObject","inLanguage":"de","@id":"https:\/\/www.iemj.org\/de\/#\/schema\/logo\/image\/","url":"https:\/\/www.iemj.org\/wp-content\/uploads\/2021\/09\/Logo-IEMJ-Paypal.jpg","contentUrl":"https:\/\/www.iemj.org\/wp-content\/uploads\/2021\/09\/Logo-IEMJ-Paypal.jpg","width":150,"height":50,"caption":"Institut Européen des Musiques Juives"},"image":{"@id":"https:\/\/www.iemj.org\/de\/#\/schema\/logo\/image\/"},"sameAs":["https:\/\/www.facebook.com\/MusiquesJuives\/","https:\/\/www.instagram.com\/musiquesjuives\/","https:\/\/www.youtube.com\/user\/musiquesjuives"]}]}</script>
<!-- / Yoast SEO plugin. -->

Halphen - Vieille chanson - Institut Européen des Musiques Juives

Institut Européen des Musiques Juives

Des traditions musicales à la portée de tous
