{"id":60371,"date":"2015-02-05T16:15:05","date_gmt":"2021-02-08T15:15:05","guid":{"rendered":"https:\/\/www.iemj.org\/produit\/nora-bisele-la-boite-a-souvenirs\/"},"modified":"2021-09-14T12:59:37","modified_gmt":"2021-09-14T10:59:37","slug":"nora-bisele-la-boite-a-souvenirs","status":"publish","type":"product","link":"https:\/\/www.iemj.org\/de\/produit\/nora-bisele-la-boite-a-souvenirs\/","title":{"rendered":"Nora Bisele, La bo\u00eete \u00e0 souvenirs"},"content":{"rendered":"<p>When we were young children, when someone was singing us a song, a nursery rhyme, and it was ending, we were always asking&#8230; Please, a little more!<\/p>\n<p>My own grandmother, invariably answered me before she started singing again: Nokh a bisele? And me, I always wondered who this Nora was? I used to imagine her appearing in the songs, twirling in the music, mischievous with the notes. Nora Bisele was always there, making her way from my grandmother&#8217;s lips to my ears, whenever I would ask &#8222;Just a little more&#8220;&#8230;<\/p>\n<p>Today it is <strong>Elsa Signorile<\/strong> (vocals, accordion and guitar) and <strong>Rapha\u00eble Merdrignac<\/strong> (clarinet, bass clarinet and choir) who sing the stories of Nora Bisele. From French to Yiddish, from Yiddish to French, these are stories of tenderness, nostalgia, joys, revolts, and love&#8230; They are stories of life!<\/p>\n<p>So&#8230; A little more? Nokh a bisele?<\/p>\n<pre id=\"tw-target-text\" class=\"tw-data-text tw-text-large XcVN5d tw-ta\" dir=\"ltr\"><\/pre>\n","protected":false},"excerpt":{"rendered":"<p id=\"tw-target-text\" class=\"tw-data-text tw-ta tw-text-small\" dir=\"ltr\" style=\"text-align: left; height: 120px;\">First album of the group <strong>Nora Bisele<\/strong><em>. <\/em>From French to Yiddish, from Yiddish to French, these are stories of tenderness, nostalgia, joys, revolts, and love&#8230;<\/p>\n","protected":false},"featured_media":62996,"comment_status":"closed","ping_status":"closed","template":"","meta":{"_acf_changed":false},"product_brand":[],"product_cat":[2294,1994],"product_tag":[],"class_list":{"0":"post-60371","1":"product","2":"type-product","3":"status-publish","4":"has-post-thumbnail","6":"product_cat-andere-verlage-de","7":"product_cat-cd-de","9":"first","10":"instock","11":"shipping-taxable","12":"purchasable","13":"product-type-simple"},"acf":[],"yoast_head":"<!-- This site is optimized with the Yoast SEO plugin v27.3 - https:\/\/yoast.com\/product\/yoast-seo-wordpress\/ -->\n<title>Nora Bisele, La bo\u00eete \u00e0 souvenirs - Institut Europ\u00e9en des Musiques Juives<\/title>\n<meta name=\"robots\" content=\"index, follow, max-snippet:-1, max-image-preview:large, max-video-preview:-1\" \/>\n<link rel=\"canonical\" href=\"https:\/\/www.iemj.org\/de\/produit\/nora-bisele-la-boite-a-souvenirs\/\" \/>\n<meta property=\"og:locale\" content=\"de_DE\" \/>\n<meta property=\"og:type\" content=\"article\" \/>\n<meta property=\"og:title\" content=\"Nora Bisele, La bo\u00eete \u00e0 souvenirs - Institut Europ\u00e9en des Musiques Juives\" \/>\n<meta property=\"og:description\" content=\"First album of the group Nora Bisele. From French to Yiddish, from Yiddish to French, these are stories of tenderness, nostalgia, joys, revolts, and love...\" \/>\n<meta property=\"og:url\" content=\"https:\/\/www.iemj.org\/de\/produit\/nora-bisele-la-boite-a-souvenirs\/\" \/>\n<meta property=\"og:site_name\" content=\"Institut Europ\u00e9en des Musiques Juives\" \/>\n<meta property=\"article:publisher\" content=\"https:\/\/www.facebook.com\/MusiquesJuives\/\" \/>\n<meta property=\"article:modified_time\" content=\"2021-09-14T10:59:37+00:00\" \/>\n<meta property=\"og:image\" content=\"https:\/\/www.iemj.org\/wp-content\/uploads\/2021\/02\/Couverture-Nora-Bisele-3.jpg\" \/>\n\t<meta property=\"og:image:width\" content=\"350\" \/>\n\t<meta property=\"og:image:height\" content=\"313\" \/>\n\t<meta property=\"og:image:type\" content=\"image\/jpeg\" \/>\n<meta name=\"twitter:card\" content=\"summary_large_image\" \/>\n<meta name=\"twitter:label1\" content=\"Gesch\u00e4tzte Lesezeit\" \/>\n\t<meta name=\"twitter:data1\" content=\"1\u00a0Minute\" \/>\n<script type=\"application\/ld+json\" class=\"yoast-schema-graph\">{\"@context\":\"https:\\\/\\\/schema.org\",\"@graph\":[{\"@type\":\"WebPage\",\"@id\":\"https:\\\/\\\/www.iemj.org\\\/de\\\/produit\\\/nora-bisele-la-boite-a-souvenirs\\\/\",\"url\":\"https:\\\/\\\/www.iemj.org\\\/de\\\/produit\\\/nora-bisele-la-boite-a-souvenirs\\\/\",\"name\":\"Nora Bisele, La bo\u00eete \u00e0 souvenirs - Institut Europ\u00e9en des Musiques Juives\",\"isPartOf\":{\"@id\":\"https:\\\/\\\/www.iemj.org\\\/de\\\/#website\"},\"primaryImageOfPage\":{\"@id\":\"https:\\\/\\\/www.iemj.org\\\/de\\\/produit\\\/nora-bisele-la-boite-a-souvenirs\\\/#primaryimage\"},\"image\":{\"@id\":\"https:\\\/\\\/www.iemj.org\\\/de\\\/produit\\\/nora-bisele-la-boite-a-souvenirs\\\/#primaryimage\"},\"thumbnailUrl\":\"https:\\\/\\\/www.iemj.org\\\/wp-content\\\/uploads\\\/2021\\\/02\\\/Couverture-Nora-Bisele-3.jpg\",\"datePublished\":\"2021-02-08T15:15:05+00:00\",\"dateModified\":\"2021-09-14T10:59:37+00:00\",\"breadcrumb\":{\"@id\":\"https:\\\/\\\/www.iemj.org\\\/de\\\/produit\\\/nora-bisele-la-boite-a-souvenirs\\\/#breadcrumb\"},\"inLanguage\":\"de\",\"potentialAction\":[{\"@type\":\"ReadAction\",\"target\":[\"https:\\\/\\\/www.iemj.org\\\/de\\\/produit\\\/nora-bisele-la-boite-a-souvenirs\\\/\"]}]},{\"@type\":\"ImageObject\",\"inLanguage\":\"de\",\"@id\":\"https:\\\/\\\/www.iemj.org\\\/de\\\/produit\\\/nora-bisele-la-boite-a-souvenirs\\\/#primaryimage\",\"url\":\"https:\\\/\\\/www.iemj.org\\\/wp-content\\\/uploads\\\/2021\\\/02\\\/Couverture-Nora-Bisele-3.jpg\",\"contentUrl\":\"https:\\\/\\\/www.iemj.org\\\/wp-content\\\/uploads\\\/2021\\\/02\\\/Couverture-Nora-Bisele-3.jpg\",\"width\":350,\"height\":313},{\"@type\":\"BreadcrumbList\",\"@id\":\"https:\\\/\\\/www.iemj.org\\\/de\\\/produit\\\/nora-bisele-la-boite-a-souvenirs\\\/#breadcrumb\",\"itemListElement\":[{\"@type\":\"ListItem\",\"position\":1,\"name\":\"Accueil\",\"item\":\"https:\\\/\\\/www.iemj.org\\\/de\\\/\"},{\"@type\":\"ListItem\",\"position\":2,\"name\":\"Onlineshop\",\"item\":\"https:\\\/\\\/www.iemj.org\\\/de\\\/onlineshop\\\/\"},{\"@type\":\"ListItem\",\"position\":3,\"name\":\"Nora Bisele, La bo\u00eete \u00e0 souvenirs\"}]},{\"@type\":\"WebSite\",\"@id\":\"https:\\\/\\\/www.iemj.org\\\/de\\\/#website\",\"url\":\"https:\\\/\\\/www.iemj.org\\\/de\\\/\",\"name\":\"Institut Europ\u00e9en des Musiques Juives\",\"description\":\"Des traditions musicales \u00e0 la port\u00e9e de tous\",\"publisher\":{\"@id\":\"https:\\\/\\\/www.iemj.org\\\/de\\\/#organization\"},\"potentialAction\":[{\"@type\":\"SearchAction\",\"target\":{\"@type\":\"EntryPoint\",\"urlTemplate\":\"https:\\\/\\\/www.iemj.org\\\/de\\\/?s={search_term_string}\"},\"query-input\":{\"@type\":\"PropertyValueSpecification\",\"valueRequired\":true,\"valueName\":\"search_term_string\"}}],\"inLanguage\":\"de\"},{\"@type\":\"Organization\",\"@id\":\"https:\\\/\\\/www.iemj.org\\\/de\\\/#organization\",\"name\":\"Institut Europ\u00e9en des Musiques Juives\",\"url\":\"https:\\\/\\\/www.iemj.org\\\/de\\\/\",\"logo\":{\"@type\":\"ImageObject\",\"inLanguage\":\"de\",\"@id\":\"https:\\\/\\\/www.iemj.org\\\/de\\\/#\\\/schema\\\/logo\\\/image\\\/\",\"url\":\"https:\\\/\\\/www.iemj.org\\\/wp-content\\\/uploads\\\/2021\\\/09\\\/Logo-IEMJ-Paypal.jpg\",\"contentUrl\":\"https:\\\/\\\/www.iemj.org\\\/wp-content\\\/uploads\\\/2021\\\/09\\\/Logo-IEMJ-Paypal.jpg\",\"width\":150,\"height\":50,\"caption\":\"Institut Europ\u00e9en des Musiques Juives\"},\"image\":{\"@id\":\"https:\\\/\\\/www.iemj.org\\\/de\\\/#\\\/schema\\\/logo\\\/image\\\/\"},\"sameAs\":[\"https:\\\/\\\/www.facebook.com\\\/MusiquesJuives\\\/\",\"https:\\\/\\\/www.instagram.com\\\/musiquesjuives\\\/\",\"https:\\\/\\\/www.youtube.com\\\/user\\\/musiquesjuives\"]}]}<\/script>\n<!-- \/ Yoast SEO plugin. -->","yoast_head_json":{"title":"Nora Bisele, La bo\u00eete \u00e0 souvenirs - Institut Europ\u00e9en des Musiques Juives","robots":{"index":"index","follow":"follow","max-snippet":"max-snippet:-1","max-image-preview":"max-image-preview:large","max-video-preview":"max-video-preview:-1"},"canonical":"https:\/\/www.iemj.org\/de\/produit\/nora-bisele-la-boite-a-souvenirs\/","og_locale":"de_DE","og_type":"article","og_title":"Nora Bisele, La bo\u00eete \u00e0 souvenirs - Institut Europ\u00e9en des Musiques Juives","og_description":"First album of the group Nora Bisele. From French to Yiddish, from Yiddish to French, these are stories of tenderness, nostalgia, joys, revolts, and love...","og_url":"https:\/\/www.iemj.org\/de\/produit\/nora-bisele-la-boite-a-souvenirs\/","og_site_name":"Institut Europ\u00e9en des Musiques Juives","article_publisher":"https:\/\/www.facebook.com\/MusiquesJuives\/","article_modified_time":"2021-09-14T10:59:37+00:00","og_image":[{"width":350,"height":313,"url":"https:\/\/www.iemj.org\/wp-content\/uploads\/2021\/02\/Couverture-Nora-Bisele-3.jpg","type":"image\/jpeg"}],"twitter_card":"summary_large_image","twitter_misc":{"Gesch\u00e4tzte Lesezeit":"1\u00a0Minute"},"schema":{"@context":"https:\/\/schema.org","@graph":[{"@type":"WebPage","@id":"https:\/\/www.iemj.org\/de\/produit\/nora-bisele-la-boite-a-souvenirs\/","url":"https:\/\/www.iemj.org\/de\/produit\/nora-bisele-la-boite-a-souvenirs\/","name":"Nora Bisele, La bo\u00eete \u00e0 souvenirs - Institut Europ\u00e9en des Musiques Juives","isPartOf":{"@id":"https:\/\/www.iemj.org\/de\/#website"},"primaryImageOfPage":{"@id":"https:\/\/www.iemj.org\/de\/produit\/nora-bisele-la-boite-a-souvenirs\/#primaryimage"},"image":{"@id":"https:\/\/www.iemj.org\/de\/produit\/nora-bisele-la-boite-a-souvenirs\/#primaryimage"},"thumbnailUrl":"https:\/\/www.iemj.org\/wp-content\/uploads\/2021\/02\/Couverture-Nora-Bisele-3.jpg","datePublished":"2021-02-08T15:15:05+00:00","dateModified":"2021-09-14T10:59:37+00:00","breadcrumb":{"@id":"https:\/\/www.iemj.org\/de\/produit\/nora-bisele-la-boite-a-souvenirs\/#breadcrumb"},"inLanguage":"de","potentialAction":[{"@type":"ReadAction","target":["https:\/\/www.iemj.org\/de\/produit\/nora-bisele-la-boite-a-souvenirs\/"]}]},{"@type":"ImageObject","inLanguage":"de","@id":"https:\/\/www.iemj.org\/de\/produit\/nora-bisele-la-boite-a-souvenirs\/#primaryimage","url":"https:\/\/www.iemj.org\/wp-content\/uploads\/2021\/02\/Couverture-Nora-Bisele-3.jpg","contentUrl":"https:\/\/www.iemj.org\/wp-content\/uploads\/2021\/02\/Couverture-Nora-Bisele-3.jpg","width":350,"height":313},{"@type":"BreadcrumbList","@id":"https:\/\/www.iemj.org\/de\/produit\/nora-bisele-la-boite-a-souvenirs\/#breadcrumb","itemListElement":[{"@type":"ListItem","position":1,"name":"Accueil","item":"https:\/\/www.iemj.org\/de\/"},{"@type":"ListItem","position":2,"name":"Onlineshop","item":"https:\/\/www.iemj.org\/de\/onlineshop\/"},{"@type":"ListItem","position":3,"name":"Nora Bisele, La bo\u00eete \u00e0 souvenirs"}]},{"@type":"WebSite","@id":"https:\/\/www.iemj.org\/de\/#website","url":"https:\/\/www.iemj.org\/de\/","name":"Institut Europ\u00e9en des Musiques Juives","description":"Des traditions musicales \u00e0 la port\u00e9e de tous","publisher":{"@id":"https:\/\/www.iemj.org\/de\/#organization"},"potentialAction":[{"@type":"SearchAction","target":{"@type":"EntryPoint","urlTemplate":"https:\/\/www.iemj.org\/de\/?s={search_term_string}"},"query-input":{"@type":"PropertyValueSpecification","valueRequired":true,"valueName":"search_term_string"}}],"inLanguage":"de"},{"@type":"Organization","@id":"https:\/\/www.iemj.org\/de\/#organization","name":"Institut Europ\u00e9en des Musiques Juives","url":"https:\/\/www.iemj.org\/de\/","logo":{"@type":"ImageObject","inLanguage":"de","@id":"https:\/\/www.iemj.org\/de\/#\/schema\/logo\/image\/","url":"https:\/\/www.iemj.org\/wp-content\/uploads\/2021\/09\/Logo-IEMJ-Paypal.jpg","contentUrl":"https:\/\/www.iemj.org\/wp-content\/uploads\/2021\/09\/Logo-IEMJ-Paypal.jpg","width":150,"height":50,"caption":"Institut Europ\u00e9en des Musiques Juives"},"image":{"@id":"https:\/\/www.iemj.org\/de\/#\/schema\/logo\/image\/"},"sameAs":["https:\/\/www.facebook.com\/MusiquesJuives\/","https:\/\/www.instagram.com\/musiquesjuives\/","https:\/\/www.youtube.com\/user\/musiquesjuives"]}]}},"_links":{"self":[{"href":"https:\/\/www.iemj.org\/de\/wp-json\/wp\/v2\/product\/60371","targetHints":{"allow":["GET"]}}],"collection":[{"href":"https:\/\/www.iemj.org\/de\/wp-json\/wp\/v2\/product"}],"about":[{"href":"https:\/\/www.iemj.org\/de\/wp-json\/wp\/v2\/types\/product"}],"replies":[{"embeddable":true,"href":"https:\/\/www.iemj.org\/de\/wp-json\/wp\/v2\/comments?post=60371"}],"wp:featuredmedia":[{"embeddable":true,"href":"https:\/\/www.iemj.org\/de\/wp-json\/wp\/v2\/media\/62996"}],"wp:attachment":[{"href":"https:\/\/www.iemj.org\/de\/wp-json\/wp\/v2\/media?parent=60371"}],"wp:term":[{"taxonomy":"product_brand","embeddable":true,"href":"https:\/\/www.iemj.org\/de\/wp-json\/wp\/v2\/product_brand?post=60371"},{"taxonomy":"product_cat","embeddable":true,"href":"https:\/\/www.iemj.org\/de\/wp-json\/wp\/v2\/product_cat?post=60371"},{"taxonomy":"product_tag","embeddable":true,"href":"https:\/\/www.iemj.org\/de\/wp-json\/wp\/v2\/product_tag?post=60371"}],"curies":[{"name":"wp","href":"https:\/\/api.w.org\/{rel}","templated":true}]}}

Nora Bisele, La boîte à souvenirs

<p>When we were young children, when someone was singing us a song, a nursery rhyme, and it was ending, we were always asking&#8230; Please, a little more!</p>
<p>My own grandmother, invariably answered me before she started singing again: Nokh a bisele? And me, I always wondered who this Nora was? I used to imagine her appearing in the songs, twirling in the music, mischievous with the notes. Nora Bisele was always there, making her way from my grandmother&#8217;s lips to my ears, whenever I would ask &#8222;Just a little more&#8220;&#8230;</p>
<p>Today it is <strong>Elsa Signorile</strong> (vocals, accordion and guitar) and <strong>Raphaële Merdrignac</strong> (clarinet, bass clarinet and choir) who sing the stories of Nora Bisele. From French to Yiddish, from Yiddish to French, these are stories of tenderness, nostalgia, joys, revolts, and love&#8230; They are stories of life!</p>
<p>So&#8230; A little more? Nokh a bisele?</p>
<pre id="tw-target-text" class="tw-data-text tw-text-large XcVN5d tw-ta" dir="ltr"></pre>

<!-- This site is optimized with the Yoast SEO plugin v27.3 - https://yoast.com/product/yoast-seo-wordpress/ -->
<title>Nora Bisele, La boîte à souvenirs - Institut Européen des Musiques Juives</title>
<meta name="robots" content="index, follow, max-snippet:-1, max-image-preview:large, max-video-preview:-1" />
<link rel="canonical" href="https://www.iemj.org/de/produit/nora-bisele-la-boite-a-souvenirs/" />
<meta property="og:locale" content="de_DE" />
<meta property="og:type" content="article" />
<meta property="og:title" content="Nora Bisele, La boîte à souvenirs - Institut Européen des Musiques Juives" />
<meta property="og:description" content="First album of the group Nora Bisele. From French to Yiddish, from Yiddish to French, these are stories of tenderness, nostalgia, joys, revolts, and love..." />
<meta property="og:url" content="https://www.iemj.org/de/produit/nora-bisele-la-boite-a-souvenirs/" />
<meta property="og:site_name" content="Institut Européen des Musiques Juives" />
<meta property="article:publisher" content="https://www.facebook.com/MusiquesJuives/" />
<meta property="article:modified_time" content="2021-09-14T10:59:37+00:00" />
<meta property="og:image" content="https://www.iemj.org/wp-content/uploads/2021/02/Couverture-Nora-Bisele-3.jpg" />
	<meta property="og:image:width" content="350" />
	<meta property="og:image:height" content="313" />
	<meta property="og:image:type" content="image/jpeg" />
<meta name="twitter:card" content="summary_large_image" />
<meta name="twitter:label1" content="Geschätzte Lesezeit" />
	<meta name="twitter:data1" content="1 Minute" />
<script type="application/ld+json" class="yoast-schema-graph">{"@context":"https:\/\/schema.org","@graph":[{"@type":"WebPage","@id":"https:\/\/www.iemj.org\/de\/produit\/nora-bisele-la-boite-a-souvenirs\/","url":"https:\/\/www.iemj.org\/de\/produit\/nora-bisele-la-boite-a-souvenirs\/","name":"Nora Bisele, La boîte à souvenirs - Institut Européen des Musiques Juives","isPartOf":{"@id":"https:\/\/www.iemj.org\/de\/#website"},"primaryImageOfPage":{"@id":"https:\/\/www.iemj.org\/de\/produit\/nora-bisele-la-boite-a-souvenirs\/#primaryimage"},"image":{"@id":"https:\/\/www.iemj.org\/de\/produit\/nora-bisele-la-boite-a-souvenirs\/#primaryimage"},"thumbnailUrl":"https:\/\/www.iemj.org\/wp-content\/uploads\/2021\/02\/Couverture-Nora-Bisele-3.jpg","datePublished":"2021-02-08T15:15:05+00:00","dateModified":"2021-09-14T10:59:37+00:00","breadcrumb":{"@id":"https:\/\/www.iemj.org\/de\/produit\/nora-bisele-la-boite-a-souvenirs\/#breadcrumb"},"inLanguage":"de","potentialAction":[{"@type":"ReadAction","target":["https:\/\/www.iemj.org\/de\/produit\/nora-bisele-la-boite-a-souvenirs\/"]}]},{"@type":"ImageObject","inLanguage":"de","@id":"https:\/\/www.iemj.org\/de\/produit\/nora-bisele-la-boite-a-souvenirs\/#primaryimage","url":"https:\/\/www.iemj.org\/wp-content\/uploads\/2021\/02\/Couverture-Nora-Bisele-3.jpg","contentUrl":"https:\/\/www.iemj.org\/wp-content\/uploads\/2021\/02\/Couverture-Nora-Bisele-3.jpg","width":350,"height":313},{"@type":"BreadcrumbList","@id":"https:\/\/www.iemj.org\/de\/produit\/nora-bisele-la-boite-a-souvenirs\/#breadcrumb","itemListElement":[{"@type":"ListItem","position":1,"name":"Accueil","item":"https:\/\/www.iemj.org\/de\/"},{"@type":"ListItem","position":2,"name":"Onlineshop","item":"https:\/\/www.iemj.org\/de\/onlineshop\/"},{"@type":"ListItem","position":3,"name":"Nora Bisele, La boîte à souvenirs"}]},{"@type":"WebSite","@id":"https:\/\/www.iemj.org\/de\/#website","url":"https:\/\/www.iemj.org\/de\/","name":"Institut Européen des Musiques Juives","description":"Des traditions musicales à la portée de tous","publisher":{"@id":"https:\/\/www.iemj.org\/de\/#organization"},"potentialAction":[{"@type":"SearchAction","target":{"@type":"EntryPoint","urlTemplate":"https:\/\/www.iemj.org\/de\/?s={search_term_string}"},"query-input":{"@type":"PropertyValueSpecification","valueRequired":true,"valueName":"search_term_string"}}],"inLanguage":"de"},{"@type":"Organization","@id":"https:\/\/www.iemj.org\/de\/#organization","name":"Institut Européen des Musiques Juives","url":"https:\/\/www.iemj.org\/de\/","logo":{"@type":"ImageObject","inLanguage":"de","@id":"https:\/\/www.iemj.org\/de\/#\/schema\/logo\/image\/","url":"https:\/\/www.iemj.org\/wp-content\/uploads\/2021\/09\/Logo-IEMJ-Paypal.jpg","contentUrl":"https:\/\/www.iemj.org\/wp-content\/uploads\/2021\/09\/Logo-IEMJ-Paypal.jpg","width":150,"height":50,"caption":"Institut Européen des Musiques Juives"},"image":{"@id":"https:\/\/www.iemj.org\/de\/#\/schema\/logo\/image\/"},"sameAs":["https:\/\/www.facebook.com\/MusiquesJuives\/","https:\/\/www.instagram.com\/musiquesjuives\/","https:\/\/www.youtube.com\/user\/musiquesjuives"]}]}</script>
<!-- / Yoast SEO plugin. -->

Nora Bisele, La boîte à souvenirs - Institut Européen des Musiques Juives

Institut Européen des Musiques Juives

Des traditions musicales à la portée de tous
