{"id":62036,"date":"2021-09-08T16:32:09","date_gmt":"2021-09-08T14:32:09","guid":{"rendered":"https:\/\/www.iemj.org\/evenement\/concert-requiem-xix\/"},"modified":"2021-09-08T16:53:39","modified_gmt":"2021-09-08T14:53:39","slug":"concert-requiem-xix","status":"publish","type":"tribe_events","link":"https:\/\/www.iemj.org\/de\/veranstaltungen\/concert-requiem-xix\/","title":{"rendered":"Concert REQUIEM XIX"},"content":{"rendered":"<p>Eine gute Gelegenheit, das Ende von Jom Kippur gemeinsam zu feiern.<\/p>\n<p><img fetchpriority=\"high\" decoding=\"async\" class=\" wp-image-62027 alignright\" src=\"https:\/\/www.iemj.org\/wp-content\/uploads\/2021\/09\/Concert-REQUIEM-XIX-texte-237x300.jpg\" alt=\"\" width=\"282\" height=\"355\" \/>Ein au\u00dfergew\u00f6hnliches Werk f\u00fcr Wiedergeburt und Frieden, das zum ersten Mal in drei Sprachen gesungen wird (Latein, Hebr\u00e4isch und literarisches Arabisch), inspiriert durch das Thema des Turmbaus zu Babel. Die Welt nach dem Gesang von 50 Chors\u00e4ngern, Sopransolisten und Instrumentalensembles in einer Originalkreation des Komponisten Laurent Couson.<\/p>\n<p>Angesichts des Erfolgs der Weltpremiere in Anwesenheit des B\u00fcrgermeisters, der Botschafter des Libanon und Israels, der Vertreter der drei Kulturen, insbesondere Philippe Haddad, Rabbiner, Hassen Chalghoumi, Imam von Drancy, Thierry Vernet, Beauftragter des Erzbischofs f\u00fcr die Beziehungen zum Judentum, Marek Halter&#8230; Diese Pers\u00f6nlichkeiten haben ihren Wunsch bekr\u00e4ftigt, vor dem Konzert in der Synagoge von Copernic noch einmal zu sprechen.<\/p>\n<p>Mit :<\/p>\n<ul>\n<li>Melody Louledjian, Sopranistin<br \/>\nDie Ch\u00f6re Pro Homine und Al Fin Voce<br \/>\nCl\u00e9ment Rataud, Klavier<\/li>\n<\/ul>\n<p><a href=\"https:\/\/www.requiemxix.fr\/\" target=\"_blank\" rel=\"noopener\">Informationen und Fahrkartenverkauf<\/a><\/p>\n","protected":false},"excerpt":{"rendered":"<p>Eine gute Gelegenheit, das Ende von Jom Kippur gemeinsam zu feiern. Ein au\u00dfergew\u00f6hnliches Werk f\u00fcr Wiedergeburt und Frieden, das zum ersten Mal in drei Sprachen gesungen wird (Latein, Hebr\u00e4isch und<\/p>\n","protected":false},"author":5,"featured_media":62003,"template":"","meta":{"_acf_changed":false,"_tribe_events_status":"","_tribe_events_status_reason":"","_tribe_events_is_hybrid":"","_tribe_events_is_virtual":"","_tribe_events_virtual_video_source":"","_tribe_events_virtual_embed_video":"","_tribe_events_virtual_linked_button_text":"","_tribe_events_virtual_linked_button":"","_tribe_events_virtual_show_embed_at":"","_tribe_events_virtual_show_embed_to":[],"_tribe_events_virtual_show_on_event":"","_tribe_events_virtual_show_on_views":"","_tribe_events_virtual_url":"","footnotes":""},"tags":[],"tribe_events_cat":[],"class_list":["post-62036","tribe_events","type-tribe_events","status-publish","has-post-thumbnail","hentry"],"acf":[],"yoast_head":"<!-- This site is optimized with the Yoast SEO plugin v27.3 - https:\/\/yoast.com\/product\/yoast-seo-wordpress\/ -->\n<title>Concert REQUIEM XIX - Institut Europ\u00e9en des Musiques Juives<\/title>\n<meta name=\"robots\" content=\"index, follow, max-snippet:-1, max-image-preview:large, max-video-preview:-1\" \/>\n<link rel=\"canonical\" href=\"https:\/\/www.iemj.org\/de\/veranstaltungen\/concert-requiem-xix\/\" \/>\n<meta property=\"og:locale\" content=\"de_DE\" \/>\n<meta property=\"og:type\" content=\"article\" \/>\n<meta property=\"og:title\" content=\"Concert REQUIEM XIX - Institut Europ\u00e9en des Musiques Juives\" \/>\n<meta property=\"og:description\" content=\"Eine gute Gelegenheit, das Ende von Jom Kippur gemeinsam zu feiern. Ein au\u00dfergew\u00f6hnliches Werk f\u00fcr Wiedergeburt und Frieden, das zum ersten Mal in drei Sprachen gesungen wird (Latein, Hebr\u00e4isch und\" \/>\n<meta property=\"og:url\" content=\"https:\/\/www.iemj.org\/de\/veranstaltungen\/concert-requiem-xix\/\" \/>\n<meta property=\"og:site_name\" content=\"Institut Europ\u00e9en des Musiques Juives\" \/>\n<meta property=\"article:publisher\" content=\"https:\/\/www.facebook.com\/MusiquesJuives\/\" \/>\n<meta property=\"article:modified_time\" content=\"2021-09-08T14:53:39+00:00\" \/>\n<meta property=\"og:image\" content=\"https:\/\/www.iemj.org\/wp-content\/uploads\/2021\/09\/Concert-REQUIEM-XIX.jpg\" \/>\n\t<meta property=\"og:image:width\" content=\"659\" \/>\n\t<meta property=\"og:image:height\" content=\"269\" \/>\n\t<meta property=\"og:image:type\" content=\"image\/jpeg\" \/>\n<meta name=\"twitter:card\" content=\"summary_large_image\" \/>\n<meta name=\"twitter:label1\" content=\"Gesch\u00e4tzte Lesezeit\" \/>\n\t<meta name=\"twitter:data1\" content=\"1\u00a0Minute\" \/>\n<script type=\"application\/ld+json\" class=\"yoast-schema-graph\">{\"@context\":\"https:\\\/\\\/schema.org\",\"@graph\":[{\"@type\":\"WebPage\",\"@id\":\"https:\\\/\\\/www.iemj.org\\\/de\\\/veranstaltungen\\\/concert-requiem-xix\\\/\",\"url\":\"https:\\\/\\\/www.iemj.org\\\/de\\\/veranstaltungen\\\/concert-requiem-xix\\\/\",\"name\":\"Concert REQUIEM XIX - Institut Europ\u00e9en des Musiques Juives\",\"isPartOf\":{\"@id\":\"https:\\\/\\\/www.iemj.org\\\/de\\\/#website\"},\"primaryImageOfPage\":{\"@id\":\"https:\\\/\\\/www.iemj.org\\\/de\\\/veranstaltungen\\\/concert-requiem-xix\\\/#primaryimage\"},\"image\":{\"@id\":\"https:\\\/\\\/www.iemj.org\\\/de\\\/veranstaltungen\\\/concert-requiem-xix\\\/#primaryimage\"},\"thumbnailUrl\":\"https:\\\/\\\/www.iemj.org\\\/wp-content\\\/uploads\\\/2021\\\/09\\\/Concert-REQUIEM-XIX.jpg\",\"datePublished\":\"2021-09-08T14:32:09+00:00\",\"dateModified\":\"2021-09-08T14:53:39+00:00\",\"breadcrumb\":{\"@id\":\"https:\\\/\\\/www.iemj.org\\\/de\\\/veranstaltungen\\\/concert-requiem-xix\\\/#breadcrumb\"},\"inLanguage\":\"de\",\"potentialAction\":[{\"@type\":\"ReadAction\",\"target\":[\"https:\\\/\\\/www.iemj.org\\\/de\\\/veranstaltungen\\\/concert-requiem-xix\\\/\"]}]},{\"@type\":\"ImageObject\",\"inLanguage\":\"de\",\"@id\":\"https:\\\/\\\/www.iemj.org\\\/de\\\/veranstaltungen\\\/concert-requiem-xix\\\/#primaryimage\",\"url\":\"https:\\\/\\\/www.iemj.org\\\/wp-content\\\/uploads\\\/2021\\\/09\\\/Concert-REQUIEM-XIX.jpg\",\"contentUrl\":\"https:\\\/\\\/www.iemj.org\\\/wp-content\\\/uploads\\\/2021\\\/09\\\/Concert-REQUIEM-XIX.jpg\",\"width\":659,\"height\":269},{\"@type\":\"BreadcrumbList\",\"@id\":\"https:\\\/\\\/www.iemj.org\\\/de\\\/veranstaltungen\\\/concert-requiem-xix\\\/#breadcrumb\",\"itemListElement\":[{\"@type\":\"ListItem\",\"position\":1,\"name\":\"Accueil\",\"item\":\"https:\\\/\\\/www.iemj.org\\\/de\\\/\"},{\"@type\":\"ListItem\",\"position\":2,\"name\":\"Veranstaltungen\",\"item\":\"https:\\\/\\\/www.iemj.org\\\/de\\\/events\\\/\"},{\"@type\":\"ListItem\",\"position\":3,\"name\":\"Concert REQUIEM XIX\"}]},{\"@type\":\"WebSite\",\"@id\":\"https:\\\/\\\/www.iemj.org\\\/de\\\/#website\",\"url\":\"https:\\\/\\\/www.iemj.org\\\/de\\\/\",\"name\":\"Institut Europ\u00e9en des Musiques Juives\",\"description\":\"Des traditions musicales \u00e0 la port\u00e9e de tous\",\"publisher\":{\"@id\":\"https:\\\/\\\/www.iemj.org\\\/de\\\/#organization\"},\"potentialAction\":[{\"@type\":\"SearchAction\",\"target\":{\"@type\":\"EntryPoint\",\"urlTemplate\":\"https:\\\/\\\/www.iemj.org\\\/de\\\/?s={search_term_string}\"},\"query-input\":{\"@type\":\"PropertyValueSpecification\",\"valueRequired\":true,\"valueName\":\"search_term_string\"}}],\"inLanguage\":\"de\"},{\"@type\":\"Organization\",\"@id\":\"https:\\\/\\\/www.iemj.org\\\/de\\\/#organization\",\"name\":\"Institut Europ\u00e9en des Musiques Juives\",\"url\":\"https:\\\/\\\/www.iemj.org\\\/de\\\/\",\"logo\":{\"@type\":\"ImageObject\",\"inLanguage\":\"de\",\"@id\":\"https:\\\/\\\/www.iemj.org\\\/de\\\/#\\\/schema\\\/logo\\\/image\\\/\",\"url\":\"https:\\\/\\\/www.iemj.org\\\/wp-content\\\/uploads\\\/2021\\\/09\\\/Logo-IEMJ-Paypal.jpg\",\"contentUrl\":\"https:\\\/\\\/www.iemj.org\\\/wp-content\\\/uploads\\\/2021\\\/09\\\/Logo-IEMJ-Paypal.jpg\",\"width\":150,\"height\":50,\"caption\":\"Institut Europ\u00e9en des Musiques Juives\"},\"image\":{\"@id\":\"https:\\\/\\\/www.iemj.org\\\/de\\\/#\\\/schema\\\/logo\\\/image\\\/\"},\"sameAs\":[\"https:\\\/\\\/www.facebook.com\\\/MusiquesJuives\\\/\",\"https:\\\/\\\/www.instagram.com\\\/musiquesjuives\\\/\",\"https:\\\/\\\/www.youtube.com\\\/user\\\/musiquesjuives\"]}]}<\/script>\n<!-- \/ Yoast SEO plugin. -->","yoast_head_json":{"title":"Concert REQUIEM XIX - Institut Europ\u00e9en des Musiques Juives","robots":{"index":"index","follow":"follow","max-snippet":"max-snippet:-1","max-image-preview":"max-image-preview:large","max-video-preview":"max-video-preview:-1"},"canonical":"https:\/\/www.iemj.org\/de\/veranstaltungen\/concert-requiem-xix\/","og_locale":"de_DE","og_type":"article","og_title":"Concert REQUIEM XIX - Institut Europ\u00e9en des Musiques Juives","og_description":"Eine gute Gelegenheit, das Ende von Jom Kippur gemeinsam zu feiern. Ein au\u00dfergew\u00f6hnliches Werk f\u00fcr Wiedergeburt und Frieden, das zum ersten Mal in drei Sprachen gesungen wird (Latein, Hebr\u00e4isch und","og_url":"https:\/\/www.iemj.org\/de\/veranstaltungen\/concert-requiem-xix\/","og_site_name":"Institut Europ\u00e9en des Musiques Juives","article_publisher":"https:\/\/www.facebook.com\/MusiquesJuives\/","article_modified_time":"2021-09-08T14:53:39+00:00","og_image":[{"width":659,"height":269,"url":"https:\/\/www.iemj.org\/wp-content\/uploads\/2021\/09\/Concert-REQUIEM-XIX.jpg","type":"image\/jpeg"}],"twitter_card":"summary_large_image","twitter_misc":{"Gesch\u00e4tzte Lesezeit":"1\u00a0Minute"},"schema":{"@context":"https:\/\/schema.org","@graph":[{"@type":"WebPage","@id":"https:\/\/www.iemj.org\/de\/veranstaltungen\/concert-requiem-xix\/","url":"https:\/\/www.iemj.org\/de\/veranstaltungen\/concert-requiem-xix\/","name":"Concert REQUIEM XIX - Institut Europ\u00e9en des Musiques Juives","isPartOf":{"@id":"https:\/\/www.iemj.org\/de\/#website"},"primaryImageOfPage":{"@id":"https:\/\/www.iemj.org\/de\/veranstaltungen\/concert-requiem-xix\/#primaryimage"},"image":{"@id":"https:\/\/www.iemj.org\/de\/veranstaltungen\/concert-requiem-xix\/#primaryimage"},"thumbnailUrl":"https:\/\/www.iemj.org\/wp-content\/uploads\/2021\/09\/Concert-REQUIEM-XIX.jpg","datePublished":"2021-09-08T14:32:09+00:00","dateModified":"2021-09-08T14:53:39+00:00","breadcrumb":{"@id":"https:\/\/www.iemj.org\/de\/veranstaltungen\/concert-requiem-xix\/#breadcrumb"},"inLanguage":"de","potentialAction":[{"@type":"ReadAction","target":["https:\/\/www.iemj.org\/de\/veranstaltungen\/concert-requiem-xix\/"]}]},{"@type":"ImageObject","inLanguage":"de","@id":"https:\/\/www.iemj.org\/de\/veranstaltungen\/concert-requiem-xix\/#primaryimage","url":"https:\/\/www.iemj.org\/wp-content\/uploads\/2021\/09\/Concert-REQUIEM-XIX.jpg","contentUrl":"https:\/\/www.iemj.org\/wp-content\/uploads\/2021\/09\/Concert-REQUIEM-XIX.jpg","width":659,"height":269},{"@type":"BreadcrumbList","@id":"https:\/\/www.iemj.org\/de\/veranstaltungen\/concert-requiem-xix\/#breadcrumb","itemListElement":[{"@type":"ListItem","position":1,"name":"Accueil","item":"https:\/\/www.iemj.org\/de\/"},{"@type":"ListItem","position":2,"name":"Veranstaltungen","item":"https:\/\/www.iemj.org\/de\/events\/"},{"@type":"ListItem","position":3,"name":"Concert REQUIEM XIX"}]},{"@type":"WebSite","@id":"https:\/\/www.iemj.org\/de\/#website","url":"https:\/\/www.iemj.org\/de\/","name":"Institut Europ\u00e9en des Musiques Juives","description":"Des traditions musicales \u00e0 la port\u00e9e de tous","publisher":{"@id":"https:\/\/www.iemj.org\/de\/#organization"},"potentialAction":[{"@type":"SearchAction","target":{"@type":"EntryPoint","urlTemplate":"https:\/\/www.iemj.org\/de\/?s={search_term_string}"},"query-input":{"@type":"PropertyValueSpecification","valueRequired":true,"valueName":"search_term_string"}}],"inLanguage":"de"},{"@type":"Organization","@id":"https:\/\/www.iemj.org\/de\/#organization","name":"Institut Europ\u00e9en des Musiques Juives","url":"https:\/\/www.iemj.org\/de\/","logo":{"@type":"ImageObject","inLanguage":"de","@id":"https:\/\/www.iemj.org\/de\/#\/schema\/logo\/image\/","url":"https:\/\/www.iemj.org\/wp-content\/uploads\/2021\/09\/Logo-IEMJ-Paypal.jpg","contentUrl":"https:\/\/www.iemj.org\/wp-content\/uploads\/2021\/09\/Logo-IEMJ-Paypal.jpg","width":150,"height":50,"caption":"Institut Europ\u00e9en des Musiques Juives"},"image":{"@id":"https:\/\/www.iemj.org\/de\/#\/schema\/logo\/image\/"},"sameAs":["https:\/\/www.facebook.com\/MusiquesJuives\/","https:\/\/www.instagram.com\/musiquesjuives\/","https:\/\/www.youtube.com\/user\/musiquesjuives"]}]}},"_links":{"self":[{"href":"https:\/\/www.iemj.org\/de\/wp-json\/wp\/v2\/tribe_events\/62036","targetHints":{"allow":["GET"]}}],"collection":[{"href":"https:\/\/www.iemj.org\/de\/wp-json\/wp\/v2\/tribe_events"}],"about":[{"href":"https:\/\/www.iemj.org\/de\/wp-json\/wp\/v2\/types\/tribe_events"}],"author":[{"embeddable":true,"href":"https:\/\/www.iemj.org\/de\/wp-json\/wp\/v2\/users\/5"}],"version-history":[{"count":0,"href":"https:\/\/www.iemj.org\/de\/wp-json\/wp\/v2\/tribe_events\/62036\/revisions"}],"wp:featuredmedia":[{"embeddable":true,"href":"https:\/\/www.iemj.org\/de\/wp-json\/wp\/v2\/media\/62003"}],"wp:attachment":[{"href":"https:\/\/www.iemj.org\/de\/wp-json\/wp\/v2\/media?parent=62036"}],"wp:term":[{"taxonomy":"post_tag","embeddable":true,"href":"https:\/\/www.iemj.org\/de\/wp-json\/wp\/v2\/tags?post=62036"},{"taxonomy":"tribe_events_cat","embeddable":true,"href":"https:\/\/www.iemj.org\/de\/wp-json\/wp\/v2\/tribe_events_cat?post=62036"}],"curies":[{"name":"wp","href":"https:\/\/api.w.org\/{rel}","templated":true}]}}

<p>Eine gute Gelegenheit, das Ende von Jom Kippur gemeinsam zu feiern.</p>
<p><img fetchpriority="high" decoding="async" class=" wp-image-62027 alignright" src="https://www.iemj.org/wp-content/uploads/2021/09/Concert-REQUIEM-XIX-texte-237x300.jpg" alt="" width="282" height="355" />Ein außergewöhnliches Werk für Wiedergeburt und Frieden, das zum ersten Mal in drei Sprachen gesungen wird (Latein, Hebräisch und literarisches Arabisch), inspiriert durch das Thema des Turmbaus zu Babel. Die Welt nach dem Gesang von 50 Chorsängern, Sopransolisten und Instrumentalensembles in einer Originalkreation des Komponisten Laurent Couson.</p>
<p>Angesichts des Erfolgs der Weltpremiere in Anwesenheit des Bürgermeisters, der Botschafter des Libanon und Israels, der Vertreter der drei Kulturen, insbesondere Philippe Haddad, Rabbiner, Hassen Chalghoumi, Imam von Drancy, Thierry Vernet, Beauftragter des Erzbischofs für die Beziehungen zum Judentum, Marek Halter&#8230; Diese Persönlichkeiten haben ihren Wunsch bekräftigt, vor dem Konzert in der Synagoge von Copernic noch einmal zu sprechen.</p>
<p>Mit :</p>
<ul>
<li>Melody Louledjian, Sopranistin<br />
Die Chöre Pro Homine und Al Fin Voce<br />
Clément Rataud, Klavier</li>
</ul>
<p><a href="https://www.requiemxix.fr/" target="_blank" rel="noopener">Informationen und Fahrkartenverkauf</a></p>

<p>Eine gute Gelegenheit, das Ende von Jom Kippur gemeinsam zu feiern. Ein außergewöhnliches Werk für Wiedergeburt und Frieden, das zum ersten Mal in drei Sprachen gesungen wird (Latein, Hebräisch und</p>

<!-- This site is optimized with the Yoast SEO plugin v27.3 - https://yoast.com/product/yoast-seo-wordpress/ -->
<title>Concert REQUIEM XIX - Institut Européen des Musiques Juives</title>
<meta name="robots" content="index, follow, max-snippet:-1, max-image-preview:large, max-video-preview:-1" />
<link rel="canonical" href="https://www.iemj.org/de/veranstaltungen/concert-requiem-xix/" />
<meta property="og:locale" content="de_DE" />
<meta property="og:type" content="article" />
<meta property="og:title" content="Concert REQUIEM XIX - Institut Européen des Musiques Juives" />
<meta property="og:description" content="Eine gute Gelegenheit, das Ende von Jom Kippur gemeinsam zu feiern. Ein außergewöhnliches Werk für Wiedergeburt und Frieden, das zum ersten Mal in drei Sprachen gesungen wird (Latein, Hebräisch und" />
<meta property="og:url" content="https://www.iemj.org/de/veranstaltungen/concert-requiem-xix/" />
<meta property="og:site_name" content="Institut Européen des Musiques Juives" />
<meta property="article:publisher" content="https://www.facebook.com/MusiquesJuives/" />
<meta property="article:modified_time" content="2021-09-08T14:53:39+00:00" />
<meta property="og:image" content="https://www.iemj.org/wp-content/uploads/2021/09/Concert-REQUIEM-XIX.jpg" />
	<meta property="og:image:width" content="659" />
	<meta property="og:image:height" content="269" />
	<meta property="og:image:type" content="image/jpeg" />
<meta name="twitter:card" content="summary_large_image" />
<meta name="twitter:label1" content="Geschätzte Lesezeit" />
	<meta name="twitter:data1" content="1 Minute" />
<script type="application/ld+json" class="yoast-schema-graph">{"@context":"https:\/\/schema.org","@graph":[{"@type":"WebPage","@id":"https:\/\/www.iemj.org\/de\/veranstaltungen\/concert-requiem-xix\/","url":"https:\/\/www.iemj.org\/de\/veranstaltungen\/concert-requiem-xix\/","name":"Concert REQUIEM XIX - Institut Européen des Musiques Juives","isPartOf":{"@id":"https:\/\/www.iemj.org\/de\/#website"},"primaryImageOfPage":{"@id":"https:\/\/www.iemj.org\/de\/veranstaltungen\/concert-requiem-xix\/#primaryimage"},"image":{"@id":"https:\/\/www.iemj.org\/de\/veranstaltungen\/concert-requiem-xix\/#primaryimage"},"thumbnailUrl":"https:\/\/www.iemj.org\/wp-content\/uploads\/2021\/09\/Concert-REQUIEM-XIX.jpg","datePublished":"2021-09-08T14:32:09+00:00","dateModified":"2021-09-08T14:53:39+00:00","breadcrumb":{"@id":"https:\/\/www.iemj.org\/de\/veranstaltungen\/concert-requiem-xix\/#breadcrumb"},"inLanguage":"de","potentialAction":[{"@type":"ReadAction","target":["https:\/\/www.iemj.org\/de\/veranstaltungen\/concert-requiem-xix\/"]}]},{"@type":"ImageObject","inLanguage":"de","@id":"https:\/\/www.iemj.org\/de\/veranstaltungen\/concert-requiem-xix\/#primaryimage","url":"https:\/\/www.iemj.org\/wp-content\/uploads\/2021\/09\/Concert-REQUIEM-XIX.jpg","contentUrl":"https:\/\/www.iemj.org\/wp-content\/uploads\/2021\/09\/Concert-REQUIEM-XIX.jpg","width":659,"height":269},{"@type":"BreadcrumbList","@id":"https:\/\/www.iemj.org\/de\/veranstaltungen\/concert-requiem-xix\/#breadcrumb","itemListElement":[{"@type":"ListItem","position":1,"name":"Accueil","item":"https:\/\/www.iemj.org\/de\/"},{"@type":"ListItem","position":2,"name":"Veranstaltungen","item":"https:\/\/www.iemj.org\/de\/events\/"},{"@type":"ListItem","position":3,"name":"Concert REQUIEM XIX"}]},{"@type":"WebSite","@id":"https:\/\/www.iemj.org\/de\/#website","url":"https:\/\/www.iemj.org\/de\/","name":"Institut Européen des Musiques Juives","description":"Des traditions musicales à la portée de tous","publisher":{"@id":"https:\/\/www.iemj.org\/de\/#organization"},"potentialAction":[{"@type":"SearchAction","target":{"@type":"EntryPoint","urlTemplate":"https:\/\/www.iemj.org\/de\/?s={search_term_string}"},"query-input":{"@type":"PropertyValueSpecification","valueRequired":true,"valueName":"search_term_string"}}],"inLanguage":"de"},{"@type":"Organization","@id":"https:\/\/www.iemj.org\/de\/#organization","name":"Institut Européen des Musiques Juives","url":"https:\/\/www.iemj.org\/de\/","logo":{"@type":"ImageObject","inLanguage":"de","@id":"https:\/\/www.iemj.org\/de\/#\/schema\/logo\/image\/","url":"https:\/\/www.iemj.org\/wp-content\/uploads\/2021\/09\/Logo-IEMJ-Paypal.jpg","contentUrl":"https:\/\/www.iemj.org\/wp-content\/uploads\/2021\/09\/Logo-IEMJ-Paypal.jpg","width":150,"height":50,"caption":"Institut Européen des Musiques Juives"},"image":{"@id":"https:\/\/www.iemj.org\/de\/#\/schema\/logo\/image\/"},"sameAs":["https:\/\/www.facebook.com\/MusiquesJuives\/","https:\/\/www.instagram.com\/musiquesjuives\/","https:\/\/www.youtube.com\/user\/musiquesjuives"]}]}</script>
<!-- / Yoast SEO plugin. -->

Concert REQUIEM XIX - Institut Européen des Musiques Juives

Eine gute Gelegenheit, das Ende von Jom Kippur gemeinsam zu feiern. Ein außergewöhnliches Werk für Wiedergeburt und Frieden, das zum ersten Mal in drei Sprachen gesungen wird (Latein, Hebräisch und

Institut Européen des Musiques Juives

Des traditions musicales à la portée de tous
