{"id":1130,"date":"2017-04-21T15:50:07","date_gmt":"2017-04-21T13:50:07","guid":{"rendered":"https:\/\/www.iemj.org\/produit\/du-salon-au-front-fernand-halphen-1872-1917\/"},"modified":"2023-12-28T16:00:26","modified_gmt":"2023-12-28T15:00:26","slug":"du-salon-au-front-fernand-halphen-1872-1917","status":"publish","type":"product","link":"https:\/\/www.iemj.org\/en\/product\/du-salon-au-front-fernand-halphen-1872-1917\/","title":{"rendered":"Du salon au front, Fernand Halphen (1872-1917)"},"content":{"rendered":"<p>100 years ago, <a class=\"spip_out\" href=\"https:\/\/www.iemj.org\/en\/onlinecontent\/biographies\/fernand-halphen-1872-1917.html?lang=en\" target=\"_blank\" rel=\"noopener noreferrer\">Fernand Halphen<\/a> died of an illness that he caught at the military front. No one could have guessed that this son of a rich Parisian Jewish family would create and lead for two and one-half years the official orchestra of the North armies. The melodies and the chamber music that he wrote reflect the refined atmosphere of the salons of the 3rd Republic, the golden age of the French melody.<\/p>\n<p><br class=\"autobr\" \/>The rich archive holdings that he gathered help us to know with precision the path of a French composer in a time in which Wagner and the Dreyfus Affair prevailed. Close to G. Faur\u00e9 and a student in the conservatory, where he knew R. Hahn, H. B\u00fcsser, A. Cortot, Ch. Koechlin and E. Risler, Halphen before being awarded the 2nd place in the Rome Prize, financially helped musicians throughout his life and even more, provided an important legacy for the students of the Conservatory, one that was supported by his widow Alice.<\/p>\n","protected":false},"excerpt":{"rendered":"<p>Fernand Halphen, composer, patron and director of military music<\/p>\n","protected":false},"featured_media":1126,"comment_status":"open","ping_status":"closed","template":"","meta":{"_acf_changed":false},"product_brand":[],"product_cat":[36],"product_tag":[],"class_list":{"0":"post-1130","1":"product","2":"type-product","3":"status-publish","4":"has-post-thumbnail","6":"product_cat-books-en","8":"first","9":"instock","10":"sale","11":"shipping-taxable","12":"purchasable","13":"product-type-simple"},"acf":[],"yoast_head":"<!-- This site is optimized with the Yoast SEO plugin v27.3 - https:\/\/yoast.com\/product\/yoast-seo-wordpress\/ -->\n<title>Du salon au front, Fernand Halphen (1872-1917) - Institut Europ\u00e9en des Musiques Juives<\/title>\n<meta name=\"robots\" content=\"index, follow, max-snippet:-1, max-image-preview:large, max-video-preview:-1\" \/>\n<link rel=\"canonical\" href=\"https:\/\/www.iemj.org\/en\/product\/du-salon-au-front-fernand-halphen-1872-1917\/\" \/>\n<meta property=\"og:locale\" content=\"en_US\" \/>\n<meta property=\"og:type\" content=\"article\" \/>\n<meta property=\"og:title\" content=\"Du salon au front, Fernand Halphen (1872-1917) - Institut Europ\u00e9en des Musiques Juives\" \/>\n<meta property=\"og:description\" content=\"Fernand Halphen, composer, patron and director of military music\" \/>\n<meta property=\"og:url\" content=\"https:\/\/www.iemj.org\/en\/product\/du-salon-au-front-fernand-halphen-1872-1917\/\" \/>\n<meta property=\"og:site_name\" content=\"Institut Europ\u00e9en des Musiques Juives\" \/>\n<meta property=\"article:publisher\" content=\"https:\/\/www.facebook.com\/MusiquesJuives\/\" \/>\n<meta property=\"article:modified_time\" content=\"2023-12-28T15:00:26+00:00\" \/>\n<meta property=\"og:image\" content=\"https:\/\/www.iemj.org\/wp-content\/uploads\/2017\/04\/444-thickbox_default-Du-salon-au-front-Fernand-Halphen-1872-1917.jpg\" \/>\n\t<meta property=\"og:image:width\" content=\"700\" \/>\n\t<meta property=\"og:image:height\" content=\"700\" \/>\n\t<meta property=\"og:image:type\" content=\"image\/jpeg\" \/>\n<meta name=\"twitter:card\" content=\"summary_large_image\" \/>\n<meta name=\"twitter:label1\" content=\"Est. reading time\" \/>\n\t<meta name=\"twitter:data1\" content=\"2 minutes\" \/>\n<script type=\"application\/ld+json\" class=\"yoast-schema-graph\">{\"@context\":\"https:\\\/\\\/schema.org\",\"@graph\":[{\"@type\":\"WebPage\",\"@id\":\"https:\\\/\\\/www.iemj.org\\\/en\\\/product\\\/du-salon-au-front-fernand-halphen-1872-1917\\\/\",\"url\":\"https:\\\/\\\/www.iemj.org\\\/en\\\/product\\\/du-salon-au-front-fernand-halphen-1872-1917\\\/\",\"name\":\"Du salon au front, Fernand Halphen (1872-1917) - Institut Europ\u00e9en des Musiques Juives\",\"isPartOf\":{\"@id\":\"https:\\\/\\\/www.iemj.org\\\/en\\\/#website\"},\"primaryImageOfPage\":{\"@id\":\"https:\\\/\\\/www.iemj.org\\\/en\\\/product\\\/du-salon-au-front-fernand-halphen-1872-1917\\\/#primaryimage\"},\"image\":{\"@id\":\"https:\\\/\\\/www.iemj.org\\\/en\\\/product\\\/du-salon-au-front-fernand-halphen-1872-1917\\\/#primaryimage\"},\"thumbnailUrl\":\"https:\\\/\\\/www.iemj.org\\\/wp-content\\\/uploads\\\/2017\\\/04\\\/444-thickbox_default-Du-salon-au-front-Fernand-Halphen-1872-1917.jpg\",\"datePublished\":\"2017-04-21T13:50:07+00:00\",\"dateModified\":\"2023-12-28T15:00:26+00:00\",\"breadcrumb\":{\"@id\":\"https:\\\/\\\/www.iemj.org\\\/en\\\/product\\\/du-salon-au-front-fernand-halphen-1872-1917\\\/#breadcrumb\"},\"inLanguage\":\"en-US\",\"potentialAction\":[{\"@type\":\"ReadAction\",\"target\":[\"https:\\\/\\\/www.iemj.org\\\/en\\\/product\\\/du-salon-au-front-fernand-halphen-1872-1917\\\/\"]}]},{\"@type\":\"ImageObject\",\"inLanguage\":\"en-US\",\"@id\":\"https:\\\/\\\/www.iemj.org\\\/en\\\/product\\\/du-salon-au-front-fernand-halphen-1872-1917\\\/#primaryimage\",\"url\":\"https:\\\/\\\/www.iemj.org\\\/wp-content\\\/uploads\\\/2017\\\/04\\\/444-thickbox_default-Du-salon-au-front-Fernand-Halphen-1872-1917.jpg\",\"contentUrl\":\"https:\\\/\\\/www.iemj.org\\\/wp-content\\\/uploads\\\/2017\\\/04\\\/444-thickbox_default-Du-salon-au-front-Fernand-Halphen-1872-1917.jpg\",\"width\":700,\"height\":700},{\"@type\":\"BreadcrumbList\",\"@id\":\"https:\\\/\\\/www.iemj.org\\\/en\\\/product\\\/du-salon-au-front-fernand-halphen-1872-1917\\\/#breadcrumb\",\"itemListElement\":[{\"@type\":\"ListItem\",\"position\":1,\"name\":\"Accueil\",\"item\":\"https:\\\/\\\/www.iemj.org\\\/en\\\/\"},{\"@type\":\"ListItem\",\"position\":2,\"name\":\"Shop\",\"item\":\"https:\\\/\\\/www.iemj.org\\\/en\\\/shop\\\/\"},{\"@type\":\"ListItem\",\"position\":3,\"name\":\"Du salon au front, Fernand Halphen (1872-1917)\"}]},{\"@type\":\"WebSite\",\"@id\":\"https:\\\/\\\/www.iemj.org\\\/en\\\/#website\",\"url\":\"https:\\\/\\\/www.iemj.org\\\/en\\\/\",\"name\":\"Institut Europ\u00e9en des Musiques Juives\",\"description\":\"Des traditions musicales \u00e0 la port\u00e9e de tous\",\"publisher\":{\"@id\":\"https:\\\/\\\/www.iemj.org\\\/en\\\/#organization\"},\"potentialAction\":[{\"@type\":\"SearchAction\",\"target\":{\"@type\":\"EntryPoint\",\"urlTemplate\":\"https:\\\/\\\/www.iemj.org\\\/en\\\/?s={search_term_string}\"},\"query-input\":{\"@type\":\"PropertyValueSpecification\",\"valueRequired\":true,\"valueName\":\"search_term_string\"}}],\"inLanguage\":\"en-US\"},{\"@type\":\"Organization\",\"@id\":\"https:\\\/\\\/www.iemj.org\\\/en\\\/#organization\",\"name\":\"Institut Europ\u00e9en des Musiques Juives\",\"url\":\"https:\\\/\\\/www.iemj.org\\\/en\\\/\",\"logo\":{\"@type\":\"ImageObject\",\"inLanguage\":\"en-US\",\"@id\":\"https:\\\/\\\/www.iemj.org\\\/en\\\/#\\\/schema\\\/logo\\\/image\\\/\",\"url\":\"https:\\\/\\\/www.iemj.org\\\/wp-content\\\/uploads\\\/2021\\\/09\\\/Logo-IEMJ-Paypal.jpg\",\"contentUrl\":\"https:\\\/\\\/www.iemj.org\\\/wp-content\\\/uploads\\\/2021\\\/09\\\/Logo-IEMJ-Paypal.jpg\",\"width\":150,\"height\":50,\"caption\":\"Institut Europ\u00e9en des Musiques Juives\"},\"image\":{\"@id\":\"https:\\\/\\\/www.iemj.org\\\/en\\\/#\\\/schema\\\/logo\\\/image\\\/\"},\"sameAs\":[\"https:\\\/\\\/www.facebook.com\\\/MusiquesJuives\\\/\",\"https:\\\/\\\/www.instagram.com\\\/musiquesjuives\\\/\",\"https:\\\/\\\/www.youtube.com\\\/user\\\/musiquesjuives\"]}]}<\/script>\n<!-- \/ Yoast SEO plugin. -->","yoast_head_json":{"title":"Du salon au front, Fernand Halphen (1872-1917) - Institut Europ\u00e9en des Musiques Juives","robots":{"index":"index","follow":"follow","max-snippet":"max-snippet:-1","max-image-preview":"max-image-preview:large","max-video-preview":"max-video-preview:-1"},"canonical":"https:\/\/www.iemj.org\/en\/product\/du-salon-au-front-fernand-halphen-1872-1917\/","og_locale":"en_US","og_type":"article","og_title":"Du salon au front, Fernand Halphen (1872-1917) - Institut Europ\u00e9en des Musiques Juives","og_description":"Fernand Halphen, composer, patron and director of military music","og_url":"https:\/\/www.iemj.org\/en\/product\/du-salon-au-front-fernand-halphen-1872-1917\/","og_site_name":"Institut Europ\u00e9en des Musiques Juives","article_publisher":"https:\/\/www.facebook.com\/MusiquesJuives\/","article_modified_time":"2023-12-28T15:00:26+00:00","og_image":[{"width":700,"height":700,"url":"https:\/\/www.iemj.org\/wp-content\/uploads\/2017\/04\/444-thickbox_default-Du-salon-au-front-Fernand-Halphen-1872-1917.jpg","type":"image\/jpeg"}],"twitter_card":"summary_large_image","twitter_misc":{"Est. reading time":"2 minutes"},"schema":{"@context":"https:\/\/schema.org","@graph":[{"@type":"WebPage","@id":"https:\/\/www.iemj.org\/en\/product\/du-salon-au-front-fernand-halphen-1872-1917\/","url":"https:\/\/www.iemj.org\/en\/product\/du-salon-au-front-fernand-halphen-1872-1917\/","name":"Du salon au front, Fernand Halphen (1872-1917) - Institut Europ\u00e9en des Musiques Juives","isPartOf":{"@id":"https:\/\/www.iemj.org\/en\/#website"},"primaryImageOfPage":{"@id":"https:\/\/www.iemj.org\/en\/product\/du-salon-au-front-fernand-halphen-1872-1917\/#primaryimage"},"image":{"@id":"https:\/\/www.iemj.org\/en\/product\/du-salon-au-front-fernand-halphen-1872-1917\/#primaryimage"},"thumbnailUrl":"https:\/\/www.iemj.org\/wp-content\/uploads\/2017\/04\/444-thickbox_default-Du-salon-au-front-Fernand-Halphen-1872-1917.jpg","datePublished":"2017-04-21T13:50:07+00:00","dateModified":"2023-12-28T15:00:26+00:00","breadcrumb":{"@id":"https:\/\/www.iemj.org\/en\/product\/du-salon-au-front-fernand-halphen-1872-1917\/#breadcrumb"},"inLanguage":"en-US","potentialAction":[{"@type":"ReadAction","target":["https:\/\/www.iemj.org\/en\/product\/du-salon-au-front-fernand-halphen-1872-1917\/"]}]},{"@type":"ImageObject","inLanguage":"en-US","@id":"https:\/\/www.iemj.org\/en\/product\/du-salon-au-front-fernand-halphen-1872-1917\/#primaryimage","url":"https:\/\/www.iemj.org\/wp-content\/uploads\/2017\/04\/444-thickbox_default-Du-salon-au-front-Fernand-Halphen-1872-1917.jpg","contentUrl":"https:\/\/www.iemj.org\/wp-content\/uploads\/2017\/04\/444-thickbox_default-Du-salon-au-front-Fernand-Halphen-1872-1917.jpg","width":700,"height":700},{"@type":"BreadcrumbList","@id":"https:\/\/www.iemj.org\/en\/product\/du-salon-au-front-fernand-halphen-1872-1917\/#breadcrumb","itemListElement":[{"@type":"ListItem","position":1,"name":"Accueil","item":"https:\/\/www.iemj.org\/en\/"},{"@type":"ListItem","position":2,"name":"Shop","item":"https:\/\/www.iemj.org\/en\/shop\/"},{"@type":"ListItem","position":3,"name":"Du salon au front, Fernand Halphen (1872-1917)"}]},{"@type":"WebSite","@id":"https:\/\/www.iemj.org\/en\/#website","url":"https:\/\/www.iemj.org\/en\/","name":"Institut Europ\u00e9en des Musiques Juives","description":"Des traditions musicales \u00e0 la port\u00e9e de tous","publisher":{"@id":"https:\/\/www.iemj.org\/en\/#organization"},"potentialAction":[{"@type":"SearchAction","target":{"@type":"EntryPoint","urlTemplate":"https:\/\/www.iemj.org\/en\/?s={search_term_string}"},"query-input":{"@type":"PropertyValueSpecification","valueRequired":true,"valueName":"search_term_string"}}],"inLanguage":"en-US"},{"@type":"Organization","@id":"https:\/\/www.iemj.org\/en\/#organization","name":"Institut Europ\u00e9en des Musiques Juives","url":"https:\/\/www.iemj.org\/en\/","logo":{"@type":"ImageObject","inLanguage":"en-US","@id":"https:\/\/www.iemj.org\/en\/#\/schema\/logo\/image\/","url":"https:\/\/www.iemj.org\/wp-content\/uploads\/2021\/09\/Logo-IEMJ-Paypal.jpg","contentUrl":"https:\/\/www.iemj.org\/wp-content\/uploads\/2021\/09\/Logo-IEMJ-Paypal.jpg","width":150,"height":50,"caption":"Institut Europ\u00e9en des Musiques Juives"},"image":{"@id":"https:\/\/www.iemj.org\/en\/#\/schema\/logo\/image\/"},"sameAs":["https:\/\/www.facebook.com\/MusiquesJuives\/","https:\/\/www.instagram.com\/musiquesjuives\/","https:\/\/www.youtube.com\/user\/musiquesjuives"]}]}},"_links":{"self":[{"href":"https:\/\/www.iemj.org\/en\/wp-json\/wp\/v2\/product\/1130","targetHints":{"allow":["GET"]}}],"collection":[{"href":"https:\/\/www.iemj.org\/en\/wp-json\/wp\/v2\/product"}],"about":[{"href":"https:\/\/www.iemj.org\/en\/wp-json\/wp\/v2\/types\/product"}],"replies":[{"embeddable":true,"href":"https:\/\/www.iemj.org\/en\/wp-json\/wp\/v2\/comments?post=1130"}],"wp:featuredmedia":[{"embeddable":true,"href":"https:\/\/www.iemj.org\/en\/wp-json\/wp\/v2\/media\/1126"}],"wp:attachment":[{"href":"https:\/\/www.iemj.org\/en\/wp-json\/wp\/v2\/media?parent=1130"}],"wp:term":[{"taxonomy":"product_brand","embeddable":true,"href":"https:\/\/www.iemj.org\/en\/wp-json\/wp\/v2\/product_brand?post=1130"},{"taxonomy":"product_cat","embeddable":true,"href":"https:\/\/www.iemj.org\/en\/wp-json\/wp\/v2\/product_cat?post=1130"},{"taxonomy":"product_tag","embeddable":true,"href":"https:\/\/www.iemj.org\/en\/wp-json\/wp\/v2\/product_tag?post=1130"}],"curies":[{"name":"wp","href":"https:\/\/api.w.org\/{rel}","templated":true}]}}

<p>100 years ago, <a class="spip_out" href="https://www.iemj.org/en/onlinecontent/biographies/fernand-halphen-1872-1917.html?lang=en" target="_blank" rel="noopener noreferrer">Fernand Halphen</a> died of an illness that he caught at the military front. No one could have guessed that this son of a rich Parisian Jewish family would create and lead for two and one-half years the official orchestra of the North armies. The melodies and the chamber music that he wrote reflect the refined atmosphere of the salons of the 3rd Republic, the golden age of the French melody.</p>
<p><br class="autobr" />The rich archive holdings that he gathered help us to know with precision the path of a French composer in a time in which Wagner and the Dreyfus Affair prevailed. Close to G. Fauré and a student in the conservatory, where he knew R. Hahn, H. Büsser, A. Cortot, Ch. Koechlin and E. Risler, Halphen before being awarded the 2nd place in the Rome Prize, financially helped musicians throughout his life and even more, provided an important legacy for the students of the Conservatory, one that was supported by his widow Alice.</p>

<!-- This site is optimized with the Yoast SEO plugin v27.3 - https://yoast.com/product/yoast-seo-wordpress/ -->
<title>Du salon au front, Fernand Halphen (1872-1917) - Institut Européen des Musiques Juives</title>
<meta name="robots" content="index, follow, max-snippet:-1, max-image-preview:large, max-video-preview:-1" />
<link rel="canonical" href="https://www.iemj.org/en/product/du-salon-au-front-fernand-halphen-1872-1917/" />
<meta property="og:locale" content="en_US" />
<meta property="og:type" content="article" />
<meta property="og:title" content="Du salon au front, Fernand Halphen (1872-1917) - Institut Européen des Musiques Juives" />
<meta property="og:description" content="Fernand Halphen, composer, patron and director of military music" />
<meta property="og:url" content="https://www.iemj.org/en/product/du-salon-au-front-fernand-halphen-1872-1917/" />
<meta property="og:site_name" content="Institut Européen des Musiques Juives" />
<meta property="article:publisher" content="https://www.facebook.com/MusiquesJuives/" />
<meta property="article:modified_time" content="2023-12-28T15:00:26+00:00" />
<meta property="og:image" content="https://www.iemj.org/wp-content/uploads/2017/04/444-thickbox_default-Du-salon-au-front-Fernand-Halphen-1872-1917.jpg" />
	<meta property="og:image:width" content="700" />
	<meta property="og:image:height" content="700" />
	<meta property="og:image:type" content="image/jpeg" />
<meta name="twitter:card" content="summary_large_image" />
<meta name="twitter:label1" content="Est. reading time" />
	<meta name="twitter:data1" content="2 minutes" />
<script type="application/ld+json" class="yoast-schema-graph">{"@context":"https:\/\/schema.org","@graph":[{"@type":"WebPage","@id":"https:\/\/www.iemj.org\/en\/product\/du-salon-au-front-fernand-halphen-1872-1917\/","url":"https:\/\/www.iemj.org\/en\/product\/du-salon-au-front-fernand-halphen-1872-1917\/","name":"Du salon au front, Fernand Halphen (1872-1917) - Institut Européen des Musiques Juives","isPartOf":{"@id":"https:\/\/www.iemj.org\/en\/#website"},"primaryImageOfPage":{"@id":"https:\/\/www.iemj.org\/en\/product\/du-salon-au-front-fernand-halphen-1872-1917\/#primaryimage"},"image":{"@id":"https:\/\/www.iemj.org\/en\/product\/du-salon-au-front-fernand-halphen-1872-1917\/#primaryimage"},"thumbnailUrl":"https:\/\/www.iemj.org\/wp-content\/uploads\/2017\/04\/444-thickbox_default-Du-salon-au-front-Fernand-Halphen-1872-1917.jpg","datePublished":"2017-04-21T13:50:07+00:00","dateModified":"2023-12-28T15:00:26+00:00","breadcrumb":{"@id":"https:\/\/www.iemj.org\/en\/product\/du-salon-au-front-fernand-halphen-1872-1917\/#breadcrumb"},"inLanguage":"en-US","potentialAction":[{"@type":"ReadAction","target":["https:\/\/www.iemj.org\/en\/product\/du-salon-au-front-fernand-halphen-1872-1917\/"]}]},{"@type":"ImageObject","inLanguage":"en-US","@id":"https:\/\/www.iemj.org\/en\/product\/du-salon-au-front-fernand-halphen-1872-1917\/#primaryimage","url":"https:\/\/www.iemj.org\/wp-content\/uploads\/2017\/04\/444-thickbox_default-Du-salon-au-front-Fernand-Halphen-1872-1917.jpg","contentUrl":"https:\/\/www.iemj.org\/wp-content\/uploads\/2017\/04\/444-thickbox_default-Du-salon-au-front-Fernand-Halphen-1872-1917.jpg","width":700,"height":700},{"@type":"BreadcrumbList","@id":"https:\/\/www.iemj.org\/en\/product\/du-salon-au-front-fernand-halphen-1872-1917\/#breadcrumb","itemListElement":[{"@type":"ListItem","position":1,"name":"Accueil","item":"https:\/\/www.iemj.org\/en\/"},{"@type":"ListItem","position":2,"name":"Shop","item":"https:\/\/www.iemj.org\/en\/shop\/"},{"@type":"ListItem","position":3,"name":"Du salon au front, Fernand Halphen (1872-1917)"}]},{"@type":"WebSite","@id":"https:\/\/www.iemj.org\/en\/#website","url":"https:\/\/www.iemj.org\/en\/","name":"Institut Européen des Musiques Juives","description":"Des traditions musicales à la portée de tous","publisher":{"@id":"https:\/\/www.iemj.org\/en\/#organization"},"potentialAction":[{"@type":"SearchAction","target":{"@type":"EntryPoint","urlTemplate":"https:\/\/www.iemj.org\/en\/?s={search_term_string}"},"query-input":{"@type":"PropertyValueSpecification","valueRequired":true,"valueName":"search_term_string"}}],"inLanguage":"en-US"},{"@type":"Organization","@id":"https:\/\/www.iemj.org\/en\/#organization","name":"Institut Européen des Musiques Juives","url":"https:\/\/www.iemj.org\/en\/","logo":{"@type":"ImageObject","inLanguage":"en-US","@id":"https:\/\/www.iemj.org\/en\/#\/schema\/logo\/image\/","url":"https:\/\/www.iemj.org\/wp-content\/uploads\/2021\/09\/Logo-IEMJ-Paypal.jpg","contentUrl":"https:\/\/www.iemj.org\/wp-content\/uploads\/2021\/09\/Logo-IEMJ-Paypal.jpg","width":150,"height":50,"caption":"Institut Européen des Musiques Juives"},"image":{"@id":"https:\/\/www.iemj.org\/en\/#\/schema\/logo\/image\/"},"sameAs":["https:\/\/www.facebook.com\/MusiquesJuives\/","https:\/\/www.instagram.com\/musiquesjuives\/","https:\/\/www.youtube.com\/user\/musiquesjuives"]}]}</script>
<!-- / Yoast SEO plugin. -->

Du salon au front, Fernand Halphen (1872-1917) - Institut Européen des Musiques Juives

Institut Européen des Musiques Juives

Des traditions musicales à la portée de tous
