{"id":357,"date":"2015-03-19T09:39:28","date_gmt":"2015-03-19T08:39:28","guid":{"rendered":"https:\/\/www.iemj.org\/produit\/coplas-sefardies-2nd-serie\/"},"modified":"2025-06-15T19:03:46","modified_gmt":"2025-06-15T17:03:46","slug":"coplas-sefardies-2nd-serie","status":"publish","type":"product","link":"https:\/\/www.iemj.org\/en\/product\/coplas-sefardies-2nd-serie\/","title":{"rendered":"Hemsi &#8211; Coplas Sefardies (2nd serie)"},"content":{"rendered":"<p>Second\u00a0booklet of\u00a0Coplas Sefardies by\u00a0Alberto Hemsi<\/p>\n<p>Lyrics and music scores of\u00a0:<\/p>\n<p>7 &#8211; Como la rosa en la guerta &#8230;<\/p>\n<p>8 &#8211; El rey por muncha madruga &#8230;<\/p>\n<p>9 &#8211; Tres hijas tiene el buen rey &#8230;<\/p>\n<p>10 &#8211;\u00a0Ah, el novio no quere dinero !<\/p>\n<p>11 &#8211; Vengax en buen&#8217;hora. Sinora coshuegra.<\/p>\n<p>12 &#8211; Estavase la mora en su bel estar &#8230;<\/p>\n","protected":false},"excerpt":{"rendered":"<p>Hemsi &#8211; Coplas Sefardies (2nd serie)<\/p>\n<p>Original edition of the 2nd booklet of Coplas Sefardies printed in 1932 in Alexandria, composed by Alberto Hemsi<\/p>\n","protected":false},"featured_media":352,"comment_status":"open","ping_status":"closed","template":"","meta":{"_acf_changed":false},"product_brand":[],"product_cat":[74,50,72,56,46,34,84],"product_tag":[],"class_list":{"0":"post-357","1":"product","2":"type-product","3":"status-publish","4":"has-post-thumbnail","6":"product_cat-classical-en","7":"product_cat-duet-en","8":"product_cat-hemsi-alberto-en-2","9":"product_cat-ladino-en","10":"product_cat-printed-scores-en","11":"product_cat-sheet-music-en","12":"product_cat-voice-en","14":"first","15":"instock","16":"shipping-taxable","17":"purchasable","18":"product-type-simple"},"acf":[],"yoast_head":"<!-- This site is optimized with the Yoast SEO plugin v27.3 - https:\/\/yoast.com\/product\/yoast-seo-wordpress\/ -->\n<title>Hemsi - Coplas Sefardies (2nd serie) - Institut Europ\u00e9en des Musiques Juives<\/title>\n<meta name=\"robots\" content=\"index, follow, max-snippet:-1, max-image-preview:large, max-video-preview:-1\" \/>\n<link rel=\"canonical\" href=\"https:\/\/www.iemj.org\/en\/product\/coplas-sefardies-2nd-serie\/\" \/>\n<meta property=\"og:locale\" content=\"en_US\" \/>\n<meta property=\"og:type\" content=\"article\" \/>\n<meta property=\"og:title\" content=\"Hemsi - Coplas Sefardies (2nd serie) - Institut Europ\u00e9en des Musiques Juives\" \/>\n<meta property=\"og:description\" content=\"Hemsi - Coplas Sefardies (2nd serie) Original edition of the 2nd booklet of Coplas Sefardies printed in 1932 in Alexandria, composed by Alberto Hemsi\" \/>\n<meta property=\"og:url\" content=\"https:\/\/www.iemj.org\/en\/product\/coplas-sefardies-2nd-serie\/\" \/>\n<meta property=\"og:site_name\" content=\"Institut Europ\u00e9en des Musiques Juives\" \/>\n<meta property=\"article:publisher\" content=\"https:\/\/www.facebook.com\/MusiquesJuives\/\" \/>\n<meta property=\"article:modified_time\" content=\"2025-06-15T17:03:46+00:00\" \/>\n<meta property=\"og:image\" content=\"https:\/\/www.iemj.org\/wp-content\/uploads\/2015\/03\/163-thickbox_default-Coplas-Sefardies-2eme-serie.jpg\" \/>\n\t<meta property=\"og:image:width\" content=\"700\" \/>\n\t<meta property=\"og:image:height\" content=\"700\" \/>\n\t<meta property=\"og:image:type\" content=\"image\/jpeg\" \/>\n<meta name=\"twitter:card\" content=\"summary_large_image\" \/>\n<script type=\"application\/ld+json\" class=\"yoast-schema-graph\">{\"@context\":\"https:\\\/\\\/schema.org\",\"@graph\":[{\"@type\":\"WebPage\",\"@id\":\"https:\\\/\\\/www.iemj.org\\\/en\\\/product\\\/coplas-sefardies-2nd-serie\\\/\",\"url\":\"https:\\\/\\\/www.iemj.org\\\/en\\\/product\\\/coplas-sefardies-2nd-serie\\\/\",\"name\":\"Hemsi - Coplas Sefardies (2nd serie) - Institut Europ\u00e9en des Musiques Juives\",\"isPartOf\":{\"@id\":\"https:\\\/\\\/www.iemj.org\\\/en\\\/#website\"},\"primaryImageOfPage\":{\"@id\":\"https:\\\/\\\/www.iemj.org\\\/en\\\/product\\\/coplas-sefardies-2nd-serie\\\/#primaryimage\"},\"image\":{\"@id\":\"https:\\\/\\\/www.iemj.org\\\/en\\\/product\\\/coplas-sefardies-2nd-serie\\\/#primaryimage\"},\"thumbnailUrl\":\"https:\\\/\\\/www.iemj.org\\\/wp-content\\\/uploads\\\/2015\\\/03\\\/163-thickbox_default-Coplas-Sefardies-2eme-serie.jpg\",\"datePublished\":\"2015-03-19T08:39:28+00:00\",\"dateModified\":\"2025-06-15T17:03:46+00:00\",\"breadcrumb\":{\"@id\":\"https:\\\/\\\/www.iemj.org\\\/en\\\/product\\\/coplas-sefardies-2nd-serie\\\/#breadcrumb\"},\"inLanguage\":\"en-US\",\"potentialAction\":[{\"@type\":\"ReadAction\",\"target\":[\"https:\\\/\\\/www.iemj.org\\\/en\\\/product\\\/coplas-sefardies-2nd-serie\\\/\"]}]},{\"@type\":\"ImageObject\",\"inLanguage\":\"en-US\",\"@id\":\"https:\\\/\\\/www.iemj.org\\\/en\\\/product\\\/coplas-sefardies-2nd-serie\\\/#primaryimage\",\"url\":\"https:\\\/\\\/www.iemj.org\\\/wp-content\\\/uploads\\\/2015\\\/03\\\/163-thickbox_default-Coplas-Sefardies-2eme-serie.jpg\",\"contentUrl\":\"https:\\\/\\\/www.iemj.org\\\/wp-content\\\/uploads\\\/2015\\\/03\\\/163-thickbox_default-Coplas-Sefardies-2eme-serie.jpg\",\"width\":700,\"height\":700},{\"@type\":\"BreadcrumbList\",\"@id\":\"https:\\\/\\\/www.iemj.org\\\/en\\\/product\\\/coplas-sefardies-2nd-serie\\\/#breadcrumb\",\"itemListElement\":[{\"@type\":\"ListItem\",\"position\":1,\"name\":\"Accueil\",\"item\":\"https:\\\/\\\/www.iemj.org\\\/en\\\/\"},{\"@type\":\"ListItem\",\"position\":2,\"name\":\"Shop\",\"item\":\"https:\\\/\\\/www.iemj.org\\\/en\\\/shop\\\/\"},{\"@type\":\"ListItem\",\"position\":3,\"name\":\"Hemsi &#8211; Coplas Sefardies (2nd serie)\"}]},{\"@type\":\"WebSite\",\"@id\":\"https:\\\/\\\/www.iemj.org\\\/en\\\/#website\",\"url\":\"https:\\\/\\\/www.iemj.org\\\/en\\\/\",\"name\":\"Institut Europ\u00e9en des Musiques Juives\",\"description\":\"Des traditions musicales \u00e0 la port\u00e9e de tous\",\"publisher\":{\"@id\":\"https:\\\/\\\/www.iemj.org\\\/en\\\/#organization\"},\"potentialAction\":[{\"@type\":\"SearchAction\",\"target\":{\"@type\":\"EntryPoint\",\"urlTemplate\":\"https:\\\/\\\/www.iemj.org\\\/en\\\/?s={search_term_string}\"},\"query-input\":{\"@type\":\"PropertyValueSpecification\",\"valueRequired\":true,\"valueName\":\"search_term_string\"}}],\"inLanguage\":\"en-US\"},{\"@type\":\"Organization\",\"@id\":\"https:\\\/\\\/www.iemj.org\\\/en\\\/#organization\",\"name\":\"Institut Europ\u00e9en des Musiques Juives\",\"url\":\"https:\\\/\\\/www.iemj.org\\\/en\\\/\",\"logo\":{\"@type\":\"ImageObject\",\"inLanguage\":\"en-US\",\"@id\":\"https:\\\/\\\/www.iemj.org\\\/en\\\/#\\\/schema\\\/logo\\\/image\\\/\",\"url\":\"https:\\\/\\\/www.iemj.org\\\/wp-content\\\/uploads\\\/2021\\\/09\\\/Logo-IEMJ-Paypal.jpg\",\"contentUrl\":\"https:\\\/\\\/www.iemj.org\\\/wp-content\\\/uploads\\\/2021\\\/09\\\/Logo-IEMJ-Paypal.jpg\",\"width\":150,\"height\":50,\"caption\":\"Institut Europ\u00e9en des Musiques Juives\"},\"image\":{\"@id\":\"https:\\\/\\\/www.iemj.org\\\/en\\\/#\\\/schema\\\/logo\\\/image\\\/\"},\"sameAs\":[\"https:\\\/\\\/www.facebook.com\\\/MusiquesJuives\\\/\",\"https:\\\/\\\/www.instagram.com\\\/musiquesjuives\\\/\",\"https:\\\/\\\/www.youtube.com\\\/user\\\/musiquesjuives\"]}]}<\/script>\n<!-- \/ Yoast SEO plugin. -->","yoast_head_json":{"title":"Hemsi - Coplas Sefardies (2nd serie) - Institut Europ\u00e9en des Musiques Juives","robots":{"index":"index","follow":"follow","max-snippet":"max-snippet:-1","max-image-preview":"max-image-preview:large","max-video-preview":"max-video-preview:-1"},"canonical":"https:\/\/www.iemj.org\/en\/product\/coplas-sefardies-2nd-serie\/","og_locale":"en_US","og_type":"article","og_title":"Hemsi - Coplas Sefardies (2nd serie) - Institut Europ\u00e9en des Musiques Juives","og_description":"Hemsi - Coplas Sefardies (2nd serie) Original edition of the 2nd booklet of Coplas Sefardies printed in 1932 in Alexandria, composed by Alberto Hemsi","og_url":"https:\/\/www.iemj.org\/en\/product\/coplas-sefardies-2nd-serie\/","og_site_name":"Institut Europ\u00e9en des Musiques Juives","article_publisher":"https:\/\/www.facebook.com\/MusiquesJuives\/","article_modified_time":"2025-06-15T17:03:46+00:00","og_image":[{"width":700,"height":700,"url":"https:\/\/www.iemj.org\/wp-content\/uploads\/2015\/03\/163-thickbox_default-Coplas-Sefardies-2eme-serie.jpg","type":"image\/jpeg"}],"twitter_card":"summary_large_image","schema":{"@context":"https:\/\/schema.org","@graph":[{"@type":"WebPage","@id":"https:\/\/www.iemj.org\/en\/product\/coplas-sefardies-2nd-serie\/","url":"https:\/\/www.iemj.org\/en\/product\/coplas-sefardies-2nd-serie\/","name":"Hemsi - Coplas Sefardies (2nd serie) - Institut Europ\u00e9en des Musiques Juives","isPartOf":{"@id":"https:\/\/www.iemj.org\/en\/#website"},"primaryImageOfPage":{"@id":"https:\/\/www.iemj.org\/en\/product\/coplas-sefardies-2nd-serie\/#primaryimage"},"image":{"@id":"https:\/\/www.iemj.org\/en\/product\/coplas-sefardies-2nd-serie\/#primaryimage"},"thumbnailUrl":"https:\/\/www.iemj.org\/wp-content\/uploads\/2015\/03\/163-thickbox_default-Coplas-Sefardies-2eme-serie.jpg","datePublished":"2015-03-19T08:39:28+00:00","dateModified":"2025-06-15T17:03:46+00:00","breadcrumb":{"@id":"https:\/\/www.iemj.org\/en\/product\/coplas-sefardies-2nd-serie\/#breadcrumb"},"inLanguage":"en-US","potentialAction":[{"@type":"ReadAction","target":["https:\/\/www.iemj.org\/en\/product\/coplas-sefardies-2nd-serie\/"]}]},{"@type":"ImageObject","inLanguage":"en-US","@id":"https:\/\/www.iemj.org\/en\/product\/coplas-sefardies-2nd-serie\/#primaryimage","url":"https:\/\/www.iemj.org\/wp-content\/uploads\/2015\/03\/163-thickbox_default-Coplas-Sefardies-2eme-serie.jpg","contentUrl":"https:\/\/www.iemj.org\/wp-content\/uploads\/2015\/03\/163-thickbox_default-Coplas-Sefardies-2eme-serie.jpg","width":700,"height":700},{"@type":"BreadcrumbList","@id":"https:\/\/www.iemj.org\/en\/product\/coplas-sefardies-2nd-serie\/#breadcrumb","itemListElement":[{"@type":"ListItem","position":1,"name":"Accueil","item":"https:\/\/www.iemj.org\/en\/"},{"@type":"ListItem","position":2,"name":"Shop","item":"https:\/\/www.iemj.org\/en\/shop\/"},{"@type":"ListItem","position":3,"name":"Hemsi &#8211; Coplas Sefardies (2nd serie)"}]},{"@type":"WebSite","@id":"https:\/\/www.iemj.org\/en\/#website","url":"https:\/\/www.iemj.org\/en\/","name":"Institut Europ\u00e9en des Musiques Juives","description":"Des traditions musicales \u00e0 la port\u00e9e de tous","publisher":{"@id":"https:\/\/www.iemj.org\/en\/#organization"},"potentialAction":[{"@type":"SearchAction","target":{"@type":"EntryPoint","urlTemplate":"https:\/\/www.iemj.org\/en\/?s={search_term_string}"},"query-input":{"@type":"PropertyValueSpecification","valueRequired":true,"valueName":"search_term_string"}}],"inLanguage":"en-US"},{"@type":"Organization","@id":"https:\/\/www.iemj.org\/en\/#organization","name":"Institut Europ\u00e9en des Musiques Juives","url":"https:\/\/www.iemj.org\/en\/","logo":{"@type":"ImageObject","inLanguage":"en-US","@id":"https:\/\/www.iemj.org\/en\/#\/schema\/logo\/image\/","url":"https:\/\/www.iemj.org\/wp-content\/uploads\/2021\/09\/Logo-IEMJ-Paypal.jpg","contentUrl":"https:\/\/www.iemj.org\/wp-content\/uploads\/2021\/09\/Logo-IEMJ-Paypal.jpg","width":150,"height":50,"caption":"Institut Europ\u00e9en des Musiques Juives"},"image":{"@id":"https:\/\/www.iemj.org\/en\/#\/schema\/logo\/image\/"},"sameAs":["https:\/\/www.facebook.com\/MusiquesJuives\/","https:\/\/www.instagram.com\/musiquesjuives\/","https:\/\/www.youtube.com\/user\/musiquesjuives"]}]}},"_links":{"self":[{"href":"https:\/\/www.iemj.org\/en\/wp-json\/wp\/v2\/product\/357","targetHints":{"allow":["GET"]}}],"collection":[{"href":"https:\/\/www.iemj.org\/en\/wp-json\/wp\/v2\/product"}],"about":[{"href":"https:\/\/www.iemj.org\/en\/wp-json\/wp\/v2\/types\/product"}],"replies":[{"embeddable":true,"href":"https:\/\/www.iemj.org\/en\/wp-json\/wp\/v2\/comments?post=357"}],"wp:featuredmedia":[{"embeddable":true,"href":"https:\/\/www.iemj.org\/en\/wp-json\/wp\/v2\/media\/352"}],"wp:attachment":[{"href":"https:\/\/www.iemj.org\/en\/wp-json\/wp\/v2\/media?parent=357"}],"wp:term":[{"taxonomy":"product_brand","embeddable":true,"href":"https:\/\/www.iemj.org\/en\/wp-json\/wp\/v2\/product_brand?post=357"},{"taxonomy":"product_cat","embeddable":true,"href":"https:\/\/www.iemj.org\/en\/wp-json\/wp\/v2\/product_cat?post=357"},{"taxonomy":"product_tag","embeddable":true,"href":"https:\/\/www.iemj.org\/en\/wp-json\/wp\/v2\/product_tag?post=357"}],"curies":[{"name":"wp","href":"https:\/\/api.w.org\/{rel}","templated":true}]}}

<!-- This site is optimized with the Yoast SEO plugin v27.3 - https://yoast.com/product/yoast-seo-wordpress/ -->
<title>Hemsi - Coplas Sefardies (2nd serie) - Institut Européen des Musiques Juives</title>
<meta name="robots" content="index, follow, max-snippet:-1, max-image-preview:large, max-video-preview:-1" />
<link rel="canonical" href="https://www.iemj.org/en/product/coplas-sefardies-2nd-serie/" />
<meta property="og:locale" content="en_US" />
<meta property="og:type" content="article" />
<meta property="og:title" content="Hemsi - Coplas Sefardies (2nd serie) - Institut Européen des Musiques Juives" />
<meta property="og:description" content="Hemsi - Coplas Sefardies (2nd serie) Original edition of the 2nd booklet of Coplas Sefardies printed in 1932 in Alexandria, composed by Alberto Hemsi" />
<meta property="og:url" content="https://www.iemj.org/en/product/coplas-sefardies-2nd-serie/" />
<meta property="og:site_name" content="Institut Européen des Musiques Juives" />
<meta property="article:publisher" content="https://www.facebook.com/MusiquesJuives/" />
<meta property="article:modified_time" content="2025-06-15T17:03:46+00:00" />
<meta property="og:image" content="https://www.iemj.org/wp-content/uploads/2015/03/163-thickbox_default-Coplas-Sefardies-2eme-serie.jpg" />
	<meta property="og:image:width" content="700" />
	<meta property="og:image:height" content="700" />
	<meta property="og:image:type" content="image/jpeg" />
<meta name="twitter:card" content="summary_large_image" />
<script type="application/ld+json" class="yoast-schema-graph">{"@context":"https:\/\/schema.org","@graph":[{"@type":"WebPage","@id":"https:\/\/www.iemj.org\/en\/product\/coplas-sefardies-2nd-serie\/","url":"https:\/\/www.iemj.org\/en\/product\/coplas-sefardies-2nd-serie\/","name":"Hemsi - Coplas Sefardies (2nd serie) - Institut Européen des Musiques Juives","isPartOf":{"@id":"https:\/\/www.iemj.org\/en\/#website"},"primaryImageOfPage":{"@id":"https:\/\/www.iemj.org\/en\/product\/coplas-sefardies-2nd-serie\/#primaryimage"},"image":{"@id":"https:\/\/www.iemj.org\/en\/product\/coplas-sefardies-2nd-serie\/#primaryimage"},"thumbnailUrl":"https:\/\/www.iemj.org\/wp-content\/uploads\/2015\/03\/163-thickbox_default-Coplas-Sefardies-2eme-serie.jpg","datePublished":"2015-03-19T08:39:28+00:00","dateModified":"2025-06-15T17:03:46+00:00","breadcrumb":{"@id":"https:\/\/www.iemj.org\/en\/product\/coplas-sefardies-2nd-serie\/#breadcrumb"},"inLanguage":"en-US","potentialAction":[{"@type":"ReadAction","target":["https:\/\/www.iemj.org\/en\/product\/coplas-sefardies-2nd-serie\/"]}]},{"@type":"ImageObject","inLanguage":"en-US","@id":"https:\/\/www.iemj.org\/en\/product\/coplas-sefardies-2nd-serie\/#primaryimage","url":"https:\/\/www.iemj.org\/wp-content\/uploads\/2015\/03\/163-thickbox_default-Coplas-Sefardies-2eme-serie.jpg","contentUrl":"https:\/\/www.iemj.org\/wp-content\/uploads\/2015\/03\/163-thickbox_default-Coplas-Sefardies-2eme-serie.jpg","width":700,"height":700},{"@type":"BreadcrumbList","@id":"https:\/\/www.iemj.org\/en\/product\/coplas-sefardies-2nd-serie\/#breadcrumb","itemListElement":[{"@type":"ListItem","position":1,"name":"Accueil","item":"https:\/\/www.iemj.org\/en\/"},{"@type":"ListItem","position":2,"name":"Shop","item":"https:\/\/www.iemj.org\/en\/shop\/"},{"@type":"ListItem","position":3,"name":"Hemsi &#8211; Coplas Sefardies (2nd serie)"}]},{"@type":"WebSite","@id":"https:\/\/www.iemj.org\/en\/#website","url":"https:\/\/www.iemj.org\/en\/","name":"Institut Européen des Musiques Juives","description":"Des traditions musicales à la portée de tous","publisher":{"@id":"https:\/\/www.iemj.org\/en\/#organization"},"potentialAction":[{"@type":"SearchAction","target":{"@type":"EntryPoint","urlTemplate":"https:\/\/www.iemj.org\/en\/?s={search_term_string}"},"query-input":{"@type":"PropertyValueSpecification","valueRequired":true,"valueName":"search_term_string"}}],"inLanguage":"en-US"},{"@type":"Organization","@id":"https:\/\/www.iemj.org\/en\/#organization","name":"Institut Européen des Musiques Juives","url":"https:\/\/www.iemj.org\/en\/","logo":{"@type":"ImageObject","inLanguage":"en-US","@id":"https:\/\/www.iemj.org\/en\/#\/schema\/logo\/image\/","url":"https:\/\/www.iemj.org\/wp-content\/uploads\/2021\/09\/Logo-IEMJ-Paypal.jpg","contentUrl":"https:\/\/www.iemj.org\/wp-content\/uploads\/2021\/09\/Logo-IEMJ-Paypal.jpg","width":150,"height":50,"caption":"Institut Européen des Musiques Juives"},"image":{"@id":"https:\/\/www.iemj.org\/en\/#\/schema\/logo\/image\/"},"sameAs":["https:\/\/www.facebook.com\/MusiquesJuives\/","https:\/\/www.instagram.com\/musiquesjuives\/","https:\/\/www.youtube.com\/user\/musiquesjuives"]}]}</script>
<!-- / Yoast SEO plugin. -->

Hemsi - Coplas Sefardies (2nd serie) - Institut Européen des Musiques Juives

Institut Européen des Musiques Juives

Des traditions musicales à la portée de tous
