{"id":62035,"date":"2021-09-08T16:32:09","date_gmt":"2021-09-08T14:32:09","guid":{"rendered":"https:\/\/www.iemj.org\/evenement\/concert-requiem-xix\/"},"modified":"2021-09-08T16:55:04","modified_gmt":"2021-09-08T14:55:04","slug":"concert-requiem-xix","status":"publish","type":"tribe_events","link":"https:\/\/www.iemj.org\/en\/event\/concert-requiem-xix\/","title":{"rendered":"Concert REQUIEM XIX"},"content":{"rendered":"<p>A great opportunity to celebrate the end of Yom Kippur together.<\/p>\n<p><img fetchpriority=\"high\" decoding=\"async\" class=\"size-medium wp-image-62026 alignright\" src=\"https:\/\/www.iemj.org\/wp-content\/uploads\/2021\/09\/Concert-REQUIEM-XIX-texte-237x300.jpg\" alt=\"\" width=\"237\" height=\"300\" srcset=\"https:\/\/www.iemj.org\/wp-content\/uploads\/2021\/09\/Concert-REQUIEM-XIX-texte-237x300.jpg 237w, https:\/\/www.iemj.org\/wp-content\/uploads\/2021\/09\/Concert-REQUIEM-XIX-texte.jpg 448w\" sizes=\"(max-width: 237px) 100vw, 237px\" \/>An exceptional work for rebirth and peace sung for the first time in three languages (Latin, Hebrew and literary Arabic) inspired by the theme of the Tower of Babel. The world after sung by 50 choristers, solo soprano and instrumental ensemble in an original creation by composer Laurent Couson.<\/p>\n<p>In view of the success of the world premiere in the presence of the Mayor, the Ambassadors of Lebanon and Israel, representatives of the three cultures, including Philippe Haddad, Rabbi, Hassen Chalghoumi, Imam of Drancy, Thierry Vernet, delegate of the Archbishop for relations with Judaism, Marek Halter &#8230; These same personalities have confirmed their desire to speak again in advance of the concert event at the synagogue Copernic.<\/p>\n<p>With :<\/p>\n<p>Melody Louledjian, Soprano<br \/>\nThe Pro Homine and Al Fin Voce choirs<br \/>\nCl\u00e9ment Rataud, piano<\/p>\n<p><a href=\"https:\/\/www.requiemxix.fr\/\" target=\"_blank\" rel=\"noopener\">Information and ticketing<\/a><\/p>\n","protected":false},"excerpt":{"rendered":"<p>A great opportunity to celebrate the end of Yom Kippur together. An exceptional work for rebirth and peace sung for the first time in three languages (Latin, Hebrew and literary<\/p>\n","protected":false},"author":5,"featured_media":62002,"template":"","meta":{"_acf_changed":false,"_tribe_events_status":"","_tribe_events_status_reason":"","_tribe_events_is_hybrid":"","_tribe_events_is_virtual":"","_tribe_events_virtual_video_source":"","_tribe_events_virtual_embed_video":"","_tribe_events_virtual_linked_button_text":"","_tribe_events_virtual_linked_button":"","_tribe_events_virtual_show_embed_at":"","_tribe_events_virtual_show_embed_to":[],"_tribe_events_virtual_show_on_event":"","_tribe_events_virtual_show_on_views":"","_tribe_events_virtual_url":"","footnotes":""},"tags":[],"tribe_events_cat":[],"class_list":["post-62035","tribe_events","type-tribe_events","status-publish","has-post-thumbnail","hentry"],"acf":[],"yoast_head":"<!-- This site is optimized with the Yoast SEO plugin v27.3 - https:\/\/yoast.com\/product\/yoast-seo-wordpress\/ -->\n<title>Concert REQUIEM XIX - Institut Europ\u00e9en des Musiques Juives<\/title>\n<meta name=\"robots\" content=\"index, follow, max-snippet:-1, max-image-preview:large, max-video-preview:-1\" \/>\n<link rel=\"canonical\" href=\"https:\/\/www.iemj.org\/en\/event\/concert-requiem-xix\/\" \/>\n<meta property=\"og:locale\" content=\"en_US\" \/>\n<meta property=\"og:type\" content=\"article\" \/>\n<meta property=\"og:title\" content=\"Concert REQUIEM XIX - Institut Europ\u00e9en des Musiques Juives\" \/>\n<meta property=\"og:description\" content=\"A great opportunity to celebrate the end of Yom Kippur together. An exceptional work for rebirth and peace sung for the first time in three languages (Latin, Hebrew and literary\" \/>\n<meta property=\"og:url\" content=\"https:\/\/www.iemj.org\/en\/event\/concert-requiem-xix\/\" \/>\n<meta property=\"og:site_name\" content=\"Institut Europ\u00e9en des Musiques Juives\" \/>\n<meta property=\"article:publisher\" content=\"https:\/\/www.facebook.com\/MusiquesJuives\/\" \/>\n<meta property=\"article:modified_time\" content=\"2021-09-08T14:55:04+00:00\" \/>\n<meta property=\"og:image\" content=\"https:\/\/www.iemj.org\/wp-content\/uploads\/2021\/09\/Concert-REQUIEM-XIX.jpg\" \/>\n\t<meta property=\"og:image:width\" content=\"659\" \/>\n\t<meta property=\"og:image:height\" content=\"269\" \/>\n\t<meta property=\"og:image:type\" content=\"image\/jpeg\" \/>\n<meta name=\"twitter:card\" content=\"summary_large_image\" \/>\n<meta name=\"twitter:label1\" content=\"Est. reading time\" \/>\n\t<meta name=\"twitter:data1\" content=\"1 minute\" \/>\n<script type=\"application\/ld+json\" class=\"yoast-schema-graph\">{\"@context\":\"https:\\\/\\\/schema.org\",\"@graph\":[{\"@type\":\"WebPage\",\"@id\":\"https:\\\/\\\/www.iemj.org\\\/en\\\/event\\\/concert-requiem-xix\\\/\",\"url\":\"https:\\\/\\\/www.iemj.org\\\/en\\\/event\\\/concert-requiem-xix\\\/\",\"name\":\"Concert REQUIEM XIX - Institut Europ\u00e9en des Musiques Juives\",\"isPartOf\":{\"@id\":\"https:\\\/\\\/www.iemj.org\\\/en\\\/#website\"},\"primaryImageOfPage\":{\"@id\":\"https:\\\/\\\/www.iemj.org\\\/en\\\/event\\\/concert-requiem-xix\\\/#primaryimage\"},\"image\":{\"@id\":\"https:\\\/\\\/www.iemj.org\\\/en\\\/event\\\/concert-requiem-xix\\\/#primaryimage\"},\"thumbnailUrl\":\"https:\\\/\\\/www.iemj.org\\\/wp-content\\\/uploads\\\/2021\\\/09\\\/Concert-REQUIEM-XIX.jpg\",\"datePublished\":\"2021-09-08T14:32:09+00:00\",\"dateModified\":\"2021-09-08T14:55:04+00:00\",\"breadcrumb\":{\"@id\":\"https:\\\/\\\/www.iemj.org\\\/en\\\/event\\\/concert-requiem-xix\\\/#breadcrumb\"},\"inLanguage\":\"en-US\",\"potentialAction\":[{\"@type\":\"ReadAction\",\"target\":[\"https:\\\/\\\/www.iemj.org\\\/en\\\/event\\\/concert-requiem-xix\\\/\"]}]},{\"@type\":\"ImageObject\",\"inLanguage\":\"en-US\",\"@id\":\"https:\\\/\\\/www.iemj.org\\\/en\\\/event\\\/concert-requiem-xix\\\/#primaryimage\",\"url\":\"https:\\\/\\\/www.iemj.org\\\/wp-content\\\/uploads\\\/2021\\\/09\\\/Concert-REQUIEM-XIX.jpg\",\"contentUrl\":\"https:\\\/\\\/www.iemj.org\\\/wp-content\\\/uploads\\\/2021\\\/09\\\/Concert-REQUIEM-XIX.jpg\",\"width\":659,\"height\":269},{\"@type\":\"BreadcrumbList\",\"@id\":\"https:\\\/\\\/www.iemj.org\\\/en\\\/event\\\/concert-requiem-xix\\\/#breadcrumb\",\"itemListElement\":[{\"@type\":\"ListItem\",\"position\":1,\"name\":\"Accueil\",\"item\":\"https:\\\/\\\/www.iemj.org\\\/en\\\/\"},{\"@type\":\"ListItem\",\"position\":2,\"name\":\"Events\",\"item\":\"https:\\\/\\\/www.iemj.org\\\/en\\\/events\\\/\"},{\"@type\":\"ListItem\",\"position\":3,\"name\":\"Concert REQUIEM XIX\"}]},{\"@type\":\"WebSite\",\"@id\":\"https:\\\/\\\/www.iemj.org\\\/en\\\/#website\",\"url\":\"https:\\\/\\\/www.iemj.org\\\/en\\\/\",\"name\":\"Institut Europ\u00e9en des Musiques Juives\",\"description\":\"Des traditions musicales \u00e0 la port\u00e9e de tous\",\"publisher\":{\"@id\":\"https:\\\/\\\/www.iemj.org\\\/en\\\/#organization\"},\"potentialAction\":[{\"@type\":\"SearchAction\",\"target\":{\"@type\":\"EntryPoint\",\"urlTemplate\":\"https:\\\/\\\/www.iemj.org\\\/en\\\/?s={search_term_string}\"},\"query-input\":{\"@type\":\"PropertyValueSpecification\",\"valueRequired\":true,\"valueName\":\"search_term_string\"}}],\"inLanguage\":\"en-US\"},{\"@type\":\"Organization\",\"@id\":\"https:\\\/\\\/www.iemj.org\\\/en\\\/#organization\",\"name\":\"Institut Europ\u00e9en des Musiques Juives\",\"url\":\"https:\\\/\\\/www.iemj.org\\\/en\\\/\",\"logo\":{\"@type\":\"ImageObject\",\"inLanguage\":\"en-US\",\"@id\":\"https:\\\/\\\/www.iemj.org\\\/en\\\/#\\\/schema\\\/logo\\\/image\\\/\",\"url\":\"https:\\\/\\\/www.iemj.org\\\/wp-content\\\/uploads\\\/2021\\\/09\\\/Logo-IEMJ-Paypal.jpg\",\"contentUrl\":\"https:\\\/\\\/www.iemj.org\\\/wp-content\\\/uploads\\\/2021\\\/09\\\/Logo-IEMJ-Paypal.jpg\",\"width\":150,\"height\":50,\"caption\":\"Institut Europ\u00e9en des Musiques Juives\"},\"image\":{\"@id\":\"https:\\\/\\\/www.iemj.org\\\/en\\\/#\\\/schema\\\/logo\\\/image\\\/\"},\"sameAs\":[\"https:\\\/\\\/www.facebook.com\\\/MusiquesJuives\\\/\",\"https:\\\/\\\/www.instagram.com\\\/musiquesjuives\\\/\",\"https:\\\/\\\/www.youtube.com\\\/user\\\/musiquesjuives\"]}]}<\/script>\n<!-- \/ Yoast SEO plugin. -->","yoast_head_json":{"title":"Concert REQUIEM XIX - Institut Europ\u00e9en des Musiques Juives","robots":{"index":"index","follow":"follow","max-snippet":"max-snippet:-1","max-image-preview":"max-image-preview:large","max-video-preview":"max-video-preview:-1"},"canonical":"https:\/\/www.iemj.org\/en\/event\/concert-requiem-xix\/","og_locale":"en_US","og_type":"article","og_title":"Concert REQUIEM XIX - Institut Europ\u00e9en des Musiques Juives","og_description":"A great opportunity to celebrate the end of Yom Kippur together. An exceptional work for rebirth and peace sung for the first time in three languages (Latin, Hebrew and literary","og_url":"https:\/\/www.iemj.org\/en\/event\/concert-requiem-xix\/","og_site_name":"Institut Europ\u00e9en des Musiques Juives","article_publisher":"https:\/\/www.facebook.com\/MusiquesJuives\/","article_modified_time":"2021-09-08T14:55:04+00:00","og_image":[{"width":659,"height":269,"url":"https:\/\/www.iemj.org\/wp-content\/uploads\/2021\/09\/Concert-REQUIEM-XIX.jpg","type":"image\/jpeg"}],"twitter_card":"summary_large_image","twitter_misc":{"Est. reading time":"1 minute"},"schema":{"@context":"https:\/\/schema.org","@graph":[{"@type":"WebPage","@id":"https:\/\/www.iemj.org\/en\/event\/concert-requiem-xix\/","url":"https:\/\/www.iemj.org\/en\/event\/concert-requiem-xix\/","name":"Concert REQUIEM XIX - Institut Europ\u00e9en des Musiques Juives","isPartOf":{"@id":"https:\/\/www.iemj.org\/en\/#website"},"primaryImageOfPage":{"@id":"https:\/\/www.iemj.org\/en\/event\/concert-requiem-xix\/#primaryimage"},"image":{"@id":"https:\/\/www.iemj.org\/en\/event\/concert-requiem-xix\/#primaryimage"},"thumbnailUrl":"https:\/\/www.iemj.org\/wp-content\/uploads\/2021\/09\/Concert-REQUIEM-XIX.jpg","datePublished":"2021-09-08T14:32:09+00:00","dateModified":"2021-09-08T14:55:04+00:00","breadcrumb":{"@id":"https:\/\/www.iemj.org\/en\/event\/concert-requiem-xix\/#breadcrumb"},"inLanguage":"en-US","potentialAction":[{"@type":"ReadAction","target":["https:\/\/www.iemj.org\/en\/event\/concert-requiem-xix\/"]}]},{"@type":"ImageObject","inLanguage":"en-US","@id":"https:\/\/www.iemj.org\/en\/event\/concert-requiem-xix\/#primaryimage","url":"https:\/\/www.iemj.org\/wp-content\/uploads\/2021\/09\/Concert-REQUIEM-XIX.jpg","contentUrl":"https:\/\/www.iemj.org\/wp-content\/uploads\/2021\/09\/Concert-REQUIEM-XIX.jpg","width":659,"height":269},{"@type":"BreadcrumbList","@id":"https:\/\/www.iemj.org\/en\/event\/concert-requiem-xix\/#breadcrumb","itemListElement":[{"@type":"ListItem","position":1,"name":"Accueil","item":"https:\/\/www.iemj.org\/en\/"},{"@type":"ListItem","position":2,"name":"Events","item":"https:\/\/www.iemj.org\/en\/events\/"},{"@type":"ListItem","position":3,"name":"Concert REQUIEM XIX"}]},{"@type":"WebSite","@id":"https:\/\/www.iemj.org\/en\/#website","url":"https:\/\/www.iemj.org\/en\/","name":"Institut Europ\u00e9en des Musiques Juives","description":"Des traditions musicales \u00e0 la port\u00e9e de tous","publisher":{"@id":"https:\/\/www.iemj.org\/en\/#organization"},"potentialAction":[{"@type":"SearchAction","target":{"@type":"EntryPoint","urlTemplate":"https:\/\/www.iemj.org\/en\/?s={search_term_string}"},"query-input":{"@type":"PropertyValueSpecification","valueRequired":true,"valueName":"search_term_string"}}],"inLanguage":"en-US"},{"@type":"Organization","@id":"https:\/\/www.iemj.org\/en\/#organization","name":"Institut Europ\u00e9en des Musiques Juives","url":"https:\/\/www.iemj.org\/en\/","logo":{"@type":"ImageObject","inLanguage":"en-US","@id":"https:\/\/www.iemj.org\/en\/#\/schema\/logo\/image\/","url":"https:\/\/www.iemj.org\/wp-content\/uploads\/2021\/09\/Logo-IEMJ-Paypal.jpg","contentUrl":"https:\/\/www.iemj.org\/wp-content\/uploads\/2021\/09\/Logo-IEMJ-Paypal.jpg","width":150,"height":50,"caption":"Institut Europ\u00e9en des Musiques Juives"},"image":{"@id":"https:\/\/www.iemj.org\/en\/#\/schema\/logo\/image\/"},"sameAs":["https:\/\/www.facebook.com\/MusiquesJuives\/","https:\/\/www.instagram.com\/musiquesjuives\/","https:\/\/www.youtube.com\/user\/musiquesjuives"]}]}},"_links":{"self":[{"href":"https:\/\/www.iemj.org\/en\/wp-json\/wp\/v2\/tribe_events\/62035","targetHints":{"allow":["GET"]}}],"collection":[{"href":"https:\/\/www.iemj.org\/en\/wp-json\/wp\/v2\/tribe_events"}],"about":[{"href":"https:\/\/www.iemj.org\/en\/wp-json\/wp\/v2\/types\/tribe_events"}],"author":[{"embeddable":true,"href":"https:\/\/www.iemj.org\/en\/wp-json\/wp\/v2\/users\/5"}],"version-history":[{"count":0,"href":"https:\/\/www.iemj.org\/en\/wp-json\/wp\/v2\/tribe_events\/62035\/revisions"}],"wp:featuredmedia":[{"embeddable":true,"href":"https:\/\/www.iemj.org\/en\/wp-json\/wp\/v2\/media\/62002"}],"wp:attachment":[{"href":"https:\/\/www.iemj.org\/en\/wp-json\/wp\/v2\/media?parent=62035"}],"wp:term":[{"taxonomy":"post_tag","embeddable":true,"href":"https:\/\/www.iemj.org\/en\/wp-json\/wp\/v2\/tags?post=62035"},{"taxonomy":"tribe_events_cat","embeddable":true,"href":"https:\/\/www.iemj.org\/en\/wp-json\/wp\/v2\/tribe_events_cat?post=62035"}],"curies":[{"name":"wp","href":"https:\/\/api.w.org\/{rel}","templated":true}]}}

<p>A great opportunity to celebrate the end of Yom Kippur together.</p>
<p><img fetchpriority="high" decoding="async" class="size-medium wp-image-62026 alignright" src="https://www.iemj.org/wp-content/uploads/2021/09/Concert-REQUIEM-XIX-texte-237x300.jpg" alt="" width="237" height="300" srcset="https://www.iemj.org/wp-content/uploads/2021/09/Concert-REQUIEM-XIX-texte-237x300.jpg 237w, https://www.iemj.org/wp-content/uploads/2021/09/Concert-REQUIEM-XIX-texte.jpg 448w" sizes="(max-width: 237px) 100vw, 237px" />An exceptional work for rebirth and peace sung for the first time in three languages (Latin, Hebrew and literary Arabic) inspired by the theme of the Tower of Babel. The world after sung by 50 choristers, solo soprano and instrumental ensemble in an original creation by composer Laurent Couson.</p>
<p>In view of the success of the world premiere in the presence of the Mayor, the Ambassadors of Lebanon and Israel, representatives of the three cultures, including Philippe Haddad, Rabbi, Hassen Chalghoumi, Imam of Drancy, Thierry Vernet, delegate of the Archbishop for relations with Judaism, Marek Halter &#8230; These same personalities have confirmed their desire to speak again in advance of the concert event at the synagogue Copernic.</p>
<p>With :</p>
<p>Melody Louledjian, Soprano<br />
The Pro Homine and Al Fin Voce choirs<br />
Clément Rataud, piano</p>
<p><a href="https://www.requiemxix.fr/" target="_blank" rel="noopener">Information and ticketing</a></p>

<!-- This site is optimized with the Yoast SEO plugin v27.3 - https://yoast.com/product/yoast-seo-wordpress/ -->
<title>Concert REQUIEM XIX - Institut Européen des Musiques Juives</title>
<meta name="robots" content="index, follow, max-snippet:-1, max-image-preview:large, max-video-preview:-1" />
<link rel="canonical" href="https://www.iemj.org/en/event/concert-requiem-xix/" />
<meta property="og:locale" content="en_US" />
<meta property="og:type" content="article" />
<meta property="og:title" content="Concert REQUIEM XIX - Institut Européen des Musiques Juives" />
<meta property="og:description" content="A great opportunity to celebrate the end of Yom Kippur together. An exceptional work for rebirth and peace sung for the first time in three languages (Latin, Hebrew and literary" />
<meta property="og:url" content="https://www.iemj.org/en/event/concert-requiem-xix/" />
<meta property="og:site_name" content="Institut Européen des Musiques Juives" />
<meta property="article:publisher" content="https://www.facebook.com/MusiquesJuives/" />
<meta property="article:modified_time" content="2021-09-08T14:55:04+00:00" />
<meta property="og:image" content="https://www.iemj.org/wp-content/uploads/2021/09/Concert-REQUIEM-XIX.jpg" />
	<meta property="og:image:width" content="659" />
	<meta property="og:image:height" content="269" />
	<meta property="og:image:type" content="image/jpeg" />
<meta name="twitter:card" content="summary_large_image" />
<meta name="twitter:label1" content="Est. reading time" />
	<meta name="twitter:data1" content="1 minute" />
<script type="application/ld+json" class="yoast-schema-graph">{"@context":"https:\/\/schema.org","@graph":[{"@type":"WebPage","@id":"https:\/\/www.iemj.org\/en\/event\/concert-requiem-xix\/","url":"https:\/\/www.iemj.org\/en\/event\/concert-requiem-xix\/","name":"Concert REQUIEM XIX - Institut Européen des Musiques Juives","isPartOf":{"@id":"https:\/\/www.iemj.org\/en\/#website"},"primaryImageOfPage":{"@id":"https:\/\/www.iemj.org\/en\/event\/concert-requiem-xix\/#primaryimage"},"image":{"@id":"https:\/\/www.iemj.org\/en\/event\/concert-requiem-xix\/#primaryimage"},"thumbnailUrl":"https:\/\/www.iemj.org\/wp-content\/uploads\/2021\/09\/Concert-REQUIEM-XIX.jpg","datePublished":"2021-09-08T14:32:09+00:00","dateModified":"2021-09-08T14:55:04+00:00","breadcrumb":{"@id":"https:\/\/www.iemj.org\/en\/event\/concert-requiem-xix\/#breadcrumb"},"inLanguage":"en-US","potentialAction":[{"@type":"ReadAction","target":["https:\/\/www.iemj.org\/en\/event\/concert-requiem-xix\/"]}]},{"@type":"ImageObject","inLanguage":"en-US","@id":"https:\/\/www.iemj.org\/en\/event\/concert-requiem-xix\/#primaryimage","url":"https:\/\/www.iemj.org\/wp-content\/uploads\/2021\/09\/Concert-REQUIEM-XIX.jpg","contentUrl":"https:\/\/www.iemj.org\/wp-content\/uploads\/2021\/09\/Concert-REQUIEM-XIX.jpg","width":659,"height":269},{"@type":"BreadcrumbList","@id":"https:\/\/www.iemj.org\/en\/event\/concert-requiem-xix\/#breadcrumb","itemListElement":[{"@type":"ListItem","position":1,"name":"Accueil","item":"https:\/\/www.iemj.org\/en\/"},{"@type":"ListItem","position":2,"name":"Events","item":"https:\/\/www.iemj.org\/en\/events\/"},{"@type":"ListItem","position":3,"name":"Concert REQUIEM XIX"}]},{"@type":"WebSite","@id":"https:\/\/www.iemj.org\/en\/#website","url":"https:\/\/www.iemj.org\/en\/","name":"Institut Européen des Musiques Juives","description":"Des traditions musicales à la portée de tous","publisher":{"@id":"https:\/\/www.iemj.org\/en\/#organization"},"potentialAction":[{"@type":"SearchAction","target":{"@type":"EntryPoint","urlTemplate":"https:\/\/www.iemj.org\/en\/?s={search_term_string}"},"query-input":{"@type":"PropertyValueSpecification","valueRequired":true,"valueName":"search_term_string"}}],"inLanguage":"en-US"},{"@type":"Organization","@id":"https:\/\/www.iemj.org\/en\/#organization","name":"Institut Européen des Musiques Juives","url":"https:\/\/www.iemj.org\/en\/","logo":{"@type":"ImageObject","inLanguage":"en-US","@id":"https:\/\/www.iemj.org\/en\/#\/schema\/logo\/image\/","url":"https:\/\/www.iemj.org\/wp-content\/uploads\/2021\/09\/Logo-IEMJ-Paypal.jpg","contentUrl":"https:\/\/www.iemj.org\/wp-content\/uploads\/2021\/09\/Logo-IEMJ-Paypal.jpg","width":150,"height":50,"caption":"Institut Européen des Musiques Juives"},"image":{"@id":"https:\/\/www.iemj.org\/en\/#\/schema\/logo\/image\/"},"sameAs":["https:\/\/www.facebook.com\/MusiquesJuives\/","https:\/\/www.instagram.com\/musiquesjuives\/","https:\/\/www.youtube.com\/user\/musiquesjuives"]}]}</script>
<!-- / Yoast SEO plugin. -->

Concert REQUIEM XIX - Institut Européen des Musiques Juives

Institut Européen des Musiques Juives

Des traditions musicales à la portée de tous
