{"id":57440,"date":"2018-11-22T17:06:34","date_gmt":"2018-11-22T16:06:34","guid":{"rendered":"https:\/\/www.iemj.org\/produit\/francoise-atlan-double-cd-sephardic-songs\/"},"modified":"2021-07-21T15:32:36","modified_gmt":"2021-07-21T13:32:36","slug":"francoise-atlan-double-cd-sephardic-songs","status":"publish","type":"product","link":"https:\/\/www.iemj.org\/es\/produit\/francoise-atlan-double-cd-sephardic-songs\/","title":{"rendered":"Fran\u00e7oise Atlan &#8211; Fran\u00e7oise Atlan &#8211; Double CD  &#8211; Sephardic songs"},"content":{"rendered":"<p><span id=\"result_box\" lang=\"en\" xml:lang=\"en\"><em>To celebrate Fran\u00e7oise Atlan\u2019s 25-year career, Buda Musique is rereleasing her three previous albums, gathered together on two CDs<\/em> <em>in the \u00abEssentiels\u00bb <em>series.<\/em><\/em><\/span><\/p>\n","protected":false},"excerpt":{"rendered":"<p><em><span id=\"result_box\" lang=\"en\" xml:lang=\"en\"><em>Fran\u00e7oise Atlan\u2019s 25-year career <span lang=\"en\" xml:lang=\"en\"><em>gathered together on two CDs<\/em><\/span><br \/>\n<\/em><\/span><\/em><\/p>\n","protected":false},"featured_media":57633,"comment_status":"open","ping_status":"closed","template":"","meta":{"_acf_changed":false},"product_brand":[],"product_cat":[1993,2317,2300],"product_tag":[],"class_list":{"0":"post-57440","1":"product","2":"type-product","3":"status-publish","4":"has-post-thumbnail","6":"product_cat-cd-es","7":"product_cat-judeo-espanol","8":"product_cat-otros-editores-es","10":"first","11":"instock","12":"shipping-taxable","13":"purchasable","14":"product-type-simple"},"acf":[],"yoast_head":"<!-- This site is optimized with the Yoast SEO plugin v27.3 - https:\/\/yoast.com\/product\/yoast-seo-wordpress\/ -->\n<title>Fran\u00e7oise Atlan - Fran\u00e7oise Atlan - Double CD - Sephardic songs - Institut Europ\u00e9en des Musiques Juives<\/title>\n<meta name=\"robots\" content=\"index, follow, max-snippet:-1, max-image-preview:large, max-video-preview:-1\" \/>\n<link rel=\"canonical\" href=\"https:\/\/www.iemj.org\/es\/produit\/francoise-atlan-double-cd-sephardic-songs\/\" \/>\n<meta property=\"og:locale\" content=\"es_ES\" \/>\n<meta property=\"og:type\" content=\"article\" \/>\n<meta property=\"og:title\" content=\"Fran\u00e7oise Atlan - Fran\u00e7oise Atlan - Double CD - Sephardic songs - Institut Europ\u00e9en des Musiques Juives\" \/>\n<meta property=\"og:description\" content=\"Fran\u00e7oise Atlan\u2019s 25-year career gathered together on two CDs\" \/>\n<meta property=\"og:url\" content=\"https:\/\/www.iemj.org\/es\/produit\/francoise-atlan-double-cd-sephardic-songs\/\" \/>\n<meta property=\"og:site_name\" content=\"Institut Europ\u00e9en des Musiques Juives\" \/>\n<meta property=\"article:publisher\" content=\"https:\/\/www.facebook.com\/MusiquesJuives\/\" \/>\n<meta property=\"article:modified_time\" content=\"2021-07-21T13:32:36+00:00\" \/>\n<meta property=\"og:image\" content=\"https:\/\/www.iemj.org\/wp-content\/uploads\/2018\/11\/COUV-CD-Francoise-Atlan-Romances-Sefardies.jpg\" \/>\n\t<meta property=\"og:image:width\" content=\"350\" \/>\n\t<meta property=\"og:image:height\" content=\"314\" \/>\n\t<meta property=\"og:image:type\" content=\"image\/jpeg\" \/>\n<meta name=\"twitter:card\" content=\"summary_large_image\" \/>\n<script type=\"application\/ld+json\" class=\"yoast-schema-graph\">{\"@context\":\"https:\\\/\\\/schema.org\",\"@graph\":[{\"@type\":\"WebPage\",\"@id\":\"https:\\\/\\\/www.iemj.org\\\/es\\\/produit\\\/francoise-atlan-double-cd-sephardic-songs\\\/\",\"url\":\"https:\\\/\\\/www.iemj.org\\\/es\\\/produit\\\/francoise-atlan-double-cd-sephardic-songs\\\/\",\"name\":\"Fran\u00e7oise Atlan - Fran\u00e7oise Atlan - Double CD - Sephardic songs - Institut Europ\u00e9en des Musiques Juives\",\"isPartOf\":{\"@id\":\"https:\\\/\\\/www.iemj.org\\\/es\\\/#website\"},\"primaryImageOfPage\":{\"@id\":\"https:\\\/\\\/www.iemj.org\\\/es\\\/produit\\\/francoise-atlan-double-cd-sephardic-songs\\\/#primaryimage\"},\"image\":{\"@id\":\"https:\\\/\\\/www.iemj.org\\\/es\\\/produit\\\/francoise-atlan-double-cd-sephardic-songs\\\/#primaryimage\"},\"thumbnailUrl\":\"https:\\\/\\\/www.iemj.org\\\/wp-content\\\/uploads\\\/2018\\\/11\\\/COUV-CD-Francoise-Atlan-Romances-Sefardies.jpg\",\"datePublished\":\"2018-11-22T16:06:34+00:00\",\"dateModified\":\"2021-07-21T13:32:36+00:00\",\"breadcrumb\":{\"@id\":\"https:\\\/\\\/www.iemj.org\\\/es\\\/produit\\\/francoise-atlan-double-cd-sephardic-songs\\\/#breadcrumb\"},\"inLanguage\":\"es\",\"potentialAction\":[{\"@type\":\"ReadAction\",\"target\":[\"https:\\\/\\\/www.iemj.org\\\/es\\\/produit\\\/francoise-atlan-double-cd-sephardic-songs\\\/\"]}]},{\"@type\":\"ImageObject\",\"inLanguage\":\"es\",\"@id\":\"https:\\\/\\\/www.iemj.org\\\/es\\\/produit\\\/francoise-atlan-double-cd-sephardic-songs\\\/#primaryimage\",\"url\":\"https:\\\/\\\/www.iemj.org\\\/wp-content\\\/uploads\\\/2018\\\/11\\\/COUV-CD-Francoise-Atlan-Romances-Sefardies.jpg\",\"contentUrl\":\"https:\\\/\\\/www.iemj.org\\\/wp-content\\\/uploads\\\/2018\\\/11\\\/COUV-CD-Francoise-Atlan-Romances-Sefardies.jpg\",\"width\":350,\"height\":314,\"caption\":\"COUV CD Fran\u00e7oise Atlan-Romances Sefardies\"},{\"@type\":\"BreadcrumbList\",\"@id\":\"https:\\\/\\\/www.iemj.org\\\/es\\\/produit\\\/francoise-atlan-double-cd-sephardic-songs\\\/#breadcrumb\",\"itemListElement\":[{\"@type\":\"ListItem\",\"position\":1,\"name\":\"Accueil\",\"item\":\"https:\\\/\\\/www.iemj.org\\\/es\\\/\"},{\"@type\":\"ListItem\",\"position\":2,\"name\":\"Tienda\",\"item\":\"https:\\\/\\\/www.iemj.org\\\/es\\\/tienda\\\/\"},{\"@type\":\"ListItem\",\"position\":3,\"name\":\"Fran\u00e7oise Atlan &#8211; Fran\u00e7oise Atlan &#8211; Double CD &#8211; Sephardic songs\"}]},{\"@type\":\"WebSite\",\"@id\":\"https:\\\/\\\/www.iemj.org\\\/es\\\/#website\",\"url\":\"https:\\\/\\\/www.iemj.org\\\/es\\\/\",\"name\":\"Institut Europ\u00e9en des Musiques Juives\",\"description\":\"Des traditions musicales \u00e0 la port\u00e9e de tous\",\"publisher\":{\"@id\":\"https:\\\/\\\/www.iemj.org\\\/es\\\/#organization\"},\"potentialAction\":[{\"@type\":\"SearchAction\",\"target\":{\"@type\":\"EntryPoint\",\"urlTemplate\":\"https:\\\/\\\/www.iemj.org\\\/es\\\/?s={search_term_string}\"},\"query-input\":{\"@type\":\"PropertyValueSpecification\",\"valueRequired\":true,\"valueName\":\"search_term_string\"}}],\"inLanguage\":\"es\"},{\"@type\":\"Organization\",\"@id\":\"https:\\\/\\\/www.iemj.org\\\/es\\\/#organization\",\"name\":\"Institut Europ\u00e9en des Musiques Juives\",\"url\":\"https:\\\/\\\/www.iemj.org\\\/es\\\/\",\"logo\":{\"@type\":\"ImageObject\",\"inLanguage\":\"es\",\"@id\":\"https:\\\/\\\/www.iemj.org\\\/es\\\/#\\\/schema\\\/logo\\\/image\\\/\",\"url\":\"https:\\\/\\\/www.iemj.org\\\/wp-content\\\/uploads\\\/2021\\\/09\\\/Logo-IEMJ-Paypal.jpg\",\"contentUrl\":\"https:\\\/\\\/www.iemj.org\\\/wp-content\\\/uploads\\\/2021\\\/09\\\/Logo-IEMJ-Paypal.jpg\",\"width\":150,\"height\":50,\"caption\":\"Institut Europ\u00e9en des Musiques Juives\"},\"image\":{\"@id\":\"https:\\\/\\\/www.iemj.org\\\/es\\\/#\\\/schema\\\/logo\\\/image\\\/\"},\"sameAs\":[\"https:\\\/\\\/www.facebook.com\\\/MusiquesJuives\\\/\",\"https:\\\/\\\/www.instagram.com\\\/musiquesjuives\\\/\",\"https:\\\/\\\/www.youtube.com\\\/user\\\/musiquesjuives\"]}]}<\/script>\n<!-- \/ Yoast SEO plugin. -->","yoast_head_json":{"title":"Fran\u00e7oise Atlan - Fran\u00e7oise Atlan - Double CD - Sephardic songs - Institut Europ\u00e9en des Musiques Juives","robots":{"index":"index","follow":"follow","max-snippet":"max-snippet:-1","max-image-preview":"max-image-preview:large","max-video-preview":"max-video-preview:-1"},"canonical":"https:\/\/www.iemj.org\/es\/produit\/francoise-atlan-double-cd-sephardic-songs\/","og_locale":"es_ES","og_type":"article","og_title":"Fran\u00e7oise Atlan - Fran\u00e7oise Atlan - Double CD - Sephardic songs - Institut Europ\u00e9en des Musiques Juives","og_description":"Fran\u00e7oise Atlan\u2019s 25-year career gathered together on two CDs","og_url":"https:\/\/www.iemj.org\/es\/produit\/francoise-atlan-double-cd-sephardic-songs\/","og_site_name":"Institut Europ\u00e9en des Musiques Juives","article_publisher":"https:\/\/www.facebook.com\/MusiquesJuives\/","article_modified_time":"2021-07-21T13:32:36+00:00","og_image":[{"width":350,"height":314,"url":"https:\/\/www.iemj.org\/wp-content\/uploads\/2018\/11\/COUV-CD-Francoise-Atlan-Romances-Sefardies.jpg","type":"image\/jpeg"}],"twitter_card":"summary_large_image","schema":{"@context":"https:\/\/schema.org","@graph":[{"@type":"WebPage","@id":"https:\/\/www.iemj.org\/es\/produit\/francoise-atlan-double-cd-sephardic-songs\/","url":"https:\/\/www.iemj.org\/es\/produit\/francoise-atlan-double-cd-sephardic-songs\/","name":"Fran\u00e7oise Atlan - Fran\u00e7oise Atlan - Double CD - Sephardic songs - Institut Europ\u00e9en des Musiques Juives","isPartOf":{"@id":"https:\/\/www.iemj.org\/es\/#website"},"primaryImageOfPage":{"@id":"https:\/\/www.iemj.org\/es\/produit\/francoise-atlan-double-cd-sephardic-songs\/#primaryimage"},"image":{"@id":"https:\/\/www.iemj.org\/es\/produit\/francoise-atlan-double-cd-sephardic-songs\/#primaryimage"},"thumbnailUrl":"https:\/\/www.iemj.org\/wp-content\/uploads\/2018\/11\/COUV-CD-Francoise-Atlan-Romances-Sefardies.jpg","datePublished":"2018-11-22T16:06:34+00:00","dateModified":"2021-07-21T13:32:36+00:00","breadcrumb":{"@id":"https:\/\/www.iemj.org\/es\/produit\/francoise-atlan-double-cd-sephardic-songs\/#breadcrumb"},"inLanguage":"es","potentialAction":[{"@type":"ReadAction","target":["https:\/\/www.iemj.org\/es\/produit\/francoise-atlan-double-cd-sephardic-songs\/"]}]},{"@type":"ImageObject","inLanguage":"es","@id":"https:\/\/www.iemj.org\/es\/produit\/francoise-atlan-double-cd-sephardic-songs\/#primaryimage","url":"https:\/\/www.iemj.org\/wp-content\/uploads\/2018\/11\/COUV-CD-Francoise-Atlan-Romances-Sefardies.jpg","contentUrl":"https:\/\/www.iemj.org\/wp-content\/uploads\/2018\/11\/COUV-CD-Francoise-Atlan-Romances-Sefardies.jpg","width":350,"height":314,"caption":"COUV CD Fran\u00e7oise Atlan-Romances Sefardies"},{"@type":"BreadcrumbList","@id":"https:\/\/www.iemj.org\/es\/produit\/francoise-atlan-double-cd-sephardic-songs\/#breadcrumb","itemListElement":[{"@type":"ListItem","position":1,"name":"Accueil","item":"https:\/\/www.iemj.org\/es\/"},{"@type":"ListItem","position":2,"name":"Tienda","item":"https:\/\/www.iemj.org\/es\/tienda\/"},{"@type":"ListItem","position":3,"name":"Fran\u00e7oise Atlan &#8211; Fran\u00e7oise Atlan &#8211; Double CD &#8211; Sephardic songs"}]},{"@type":"WebSite","@id":"https:\/\/www.iemj.org\/es\/#website","url":"https:\/\/www.iemj.org\/es\/","name":"Institut Europ\u00e9en des Musiques Juives","description":"Des traditions musicales \u00e0 la port\u00e9e de tous","publisher":{"@id":"https:\/\/www.iemj.org\/es\/#organization"},"potentialAction":[{"@type":"SearchAction","target":{"@type":"EntryPoint","urlTemplate":"https:\/\/www.iemj.org\/es\/?s={search_term_string}"},"query-input":{"@type":"PropertyValueSpecification","valueRequired":true,"valueName":"search_term_string"}}],"inLanguage":"es"},{"@type":"Organization","@id":"https:\/\/www.iemj.org\/es\/#organization","name":"Institut Europ\u00e9en des Musiques Juives","url":"https:\/\/www.iemj.org\/es\/","logo":{"@type":"ImageObject","inLanguage":"es","@id":"https:\/\/www.iemj.org\/es\/#\/schema\/logo\/image\/","url":"https:\/\/www.iemj.org\/wp-content\/uploads\/2021\/09\/Logo-IEMJ-Paypal.jpg","contentUrl":"https:\/\/www.iemj.org\/wp-content\/uploads\/2021\/09\/Logo-IEMJ-Paypal.jpg","width":150,"height":50,"caption":"Institut Europ\u00e9en des Musiques Juives"},"image":{"@id":"https:\/\/www.iemj.org\/es\/#\/schema\/logo\/image\/"},"sameAs":["https:\/\/www.facebook.com\/MusiquesJuives\/","https:\/\/www.instagram.com\/musiquesjuives\/","https:\/\/www.youtube.com\/user\/musiquesjuives"]}]}},"_links":{"self":[{"href":"https:\/\/www.iemj.org\/es\/wp-json\/wp\/v2\/product\/57440","targetHints":{"allow":["GET"]}}],"collection":[{"href":"https:\/\/www.iemj.org\/es\/wp-json\/wp\/v2\/product"}],"about":[{"href":"https:\/\/www.iemj.org\/es\/wp-json\/wp\/v2\/types\/product"}],"replies":[{"embeddable":true,"href":"https:\/\/www.iemj.org\/es\/wp-json\/wp\/v2\/comments?post=57440"}],"wp:featuredmedia":[{"embeddable":true,"href":"https:\/\/www.iemj.org\/es\/wp-json\/wp\/v2\/media\/57633"}],"wp:attachment":[{"href":"https:\/\/www.iemj.org\/es\/wp-json\/wp\/v2\/media?parent=57440"}],"wp:term":[{"taxonomy":"product_brand","embeddable":true,"href":"https:\/\/www.iemj.org\/es\/wp-json\/wp\/v2\/product_brand?post=57440"},{"taxonomy":"product_cat","embeddable":true,"href":"https:\/\/www.iemj.org\/es\/wp-json\/wp\/v2\/product_cat?post=57440"},{"taxonomy":"product_tag","embeddable":true,"href":"https:\/\/www.iemj.org\/es\/wp-json\/wp\/v2\/product_tag?post=57440"}],"curies":[{"name":"wp","href":"https:\/\/api.w.org\/{rel}","templated":true}]}}

Françoise Atlan &#8211; Françoise Atlan &#8211; Double CD  &#8211; Sephardic songs

<p><span id="result_box" lang="en" xml:lang="en"><em>To celebrate Françoise Atlan’s 25-year career, Buda Musique is rereleasing her three previous albums, gathered together on two CDs</em> <em>in the «Essentiels» <em>series.</em></em></span></p>

<p><em><span id="result_box" lang="en" xml:lang="en"><em>Françoise Atlan’s 25-year career <span lang="en" xml:lang="en"><em>gathered together on two CDs</em></span><br />
</em></span></em></p>

<!-- This site is optimized with the Yoast SEO plugin v27.3 - https://yoast.com/product/yoast-seo-wordpress/ -->
<title>Françoise Atlan - Françoise Atlan - Double CD - Sephardic songs - Institut Européen des Musiques Juives</title>
<meta name="robots" content="index, follow, max-snippet:-1, max-image-preview:large, max-video-preview:-1" />
<link rel="canonical" href="https://www.iemj.org/es/produit/francoise-atlan-double-cd-sephardic-songs/" />
<meta property="og:locale" content="es_ES" />
<meta property="og:type" content="article" />
<meta property="og:title" content="Françoise Atlan - Françoise Atlan - Double CD - Sephardic songs - Institut Européen des Musiques Juives" />
<meta property="og:description" content="Françoise Atlan’s 25-year career gathered together on two CDs" />
<meta property="og:url" content="https://www.iemj.org/es/produit/francoise-atlan-double-cd-sephardic-songs/" />
<meta property="og:site_name" content="Institut Européen des Musiques Juives" />
<meta property="article:publisher" content="https://www.facebook.com/MusiquesJuives/" />
<meta property="article:modified_time" content="2021-07-21T13:32:36+00:00" />
<meta property="og:image" content="https://www.iemj.org/wp-content/uploads/2018/11/COUV-CD-Francoise-Atlan-Romances-Sefardies.jpg" />
	<meta property="og:image:width" content="350" />
	<meta property="og:image:height" content="314" />
	<meta property="og:image:type" content="image/jpeg" />
<meta name="twitter:card" content="summary_large_image" />
<script type="application/ld+json" class="yoast-schema-graph">{"@context":"https:\/\/schema.org","@graph":[{"@type":"WebPage","@id":"https:\/\/www.iemj.org\/es\/produit\/francoise-atlan-double-cd-sephardic-songs\/","url":"https:\/\/www.iemj.org\/es\/produit\/francoise-atlan-double-cd-sephardic-songs\/","name":"Françoise Atlan - Françoise Atlan - Double CD - Sephardic songs - Institut Européen des Musiques Juives","isPartOf":{"@id":"https:\/\/www.iemj.org\/es\/#website"},"primaryImageOfPage":{"@id":"https:\/\/www.iemj.org\/es\/produit\/francoise-atlan-double-cd-sephardic-songs\/#primaryimage"},"image":{"@id":"https:\/\/www.iemj.org\/es\/produit\/francoise-atlan-double-cd-sephardic-songs\/#primaryimage"},"thumbnailUrl":"https:\/\/www.iemj.org\/wp-content\/uploads\/2018\/11\/COUV-CD-Francoise-Atlan-Romances-Sefardies.jpg","datePublished":"2018-11-22T16:06:34+00:00","dateModified":"2021-07-21T13:32:36+00:00","breadcrumb":{"@id":"https:\/\/www.iemj.org\/es\/produit\/francoise-atlan-double-cd-sephardic-songs\/#breadcrumb"},"inLanguage":"es","potentialAction":[{"@type":"ReadAction","target":["https:\/\/www.iemj.org\/es\/produit\/francoise-atlan-double-cd-sephardic-songs\/"]}]},{"@type":"ImageObject","inLanguage":"es","@id":"https:\/\/www.iemj.org\/es\/produit\/francoise-atlan-double-cd-sephardic-songs\/#primaryimage","url":"https:\/\/www.iemj.org\/wp-content\/uploads\/2018\/11\/COUV-CD-Francoise-Atlan-Romances-Sefardies.jpg","contentUrl":"https:\/\/www.iemj.org\/wp-content\/uploads\/2018\/11\/COUV-CD-Francoise-Atlan-Romances-Sefardies.jpg","width":350,"height":314,"caption":"COUV CD Françoise Atlan-Romances Sefardies"},{"@type":"BreadcrumbList","@id":"https:\/\/www.iemj.org\/es\/produit\/francoise-atlan-double-cd-sephardic-songs\/#breadcrumb","itemListElement":[{"@type":"ListItem","position":1,"name":"Accueil","item":"https:\/\/www.iemj.org\/es\/"},{"@type":"ListItem","position":2,"name":"Tienda","item":"https:\/\/www.iemj.org\/es\/tienda\/"},{"@type":"ListItem","position":3,"name":"Françoise Atlan &#8211; Françoise Atlan &#8211; Double CD &#8211; Sephardic songs"}]},{"@type":"WebSite","@id":"https:\/\/www.iemj.org\/es\/#website","url":"https:\/\/www.iemj.org\/es\/","name":"Institut Européen des Musiques Juives","description":"Des traditions musicales à la portée de tous","publisher":{"@id":"https:\/\/www.iemj.org\/es\/#organization"},"potentialAction":[{"@type":"SearchAction","target":{"@type":"EntryPoint","urlTemplate":"https:\/\/www.iemj.org\/es\/?s={search_term_string}"},"query-input":{"@type":"PropertyValueSpecification","valueRequired":true,"valueName":"search_term_string"}}],"inLanguage":"es"},{"@type":"Organization","@id":"https:\/\/www.iemj.org\/es\/#organization","name":"Institut Européen des Musiques Juives","url":"https:\/\/www.iemj.org\/es\/","logo":{"@type":"ImageObject","inLanguage":"es","@id":"https:\/\/www.iemj.org\/es\/#\/schema\/logo\/image\/","url":"https:\/\/www.iemj.org\/wp-content\/uploads\/2021\/09\/Logo-IEMJ-Paypal.jpg","contentUrl":"https:\/\/www.iemj.org\/wp-content\/uploads\/2021\/09\/Logo-IEMJ-Paypal.jpg","width":150,"height":50,"caption":"Institut Européen des Musiques Juives"},"image":{"@id":"https:\/\/www.iemj.org\/es\/#\/schema\/logo\/image\/"},"sameAs":["https:\/\/www.facebook.com\/MusiquesJuives\/","https:\/\/www.instagram.com\/musiquesjuives\/","https:\/\/www.youtube.com\/user\/musiquesjuives"]}]}</script>
<!-- / Yoast SEO plugin. -->

Françoise Atlan - Françoise Atlan - Double CD - Sephardic songs - Institut Européen des Musiques Juives

Françoise Atlan’s 25-year career gathered together on two CDs

Institut Européen des Musiques Juives

COUV CD Françoise Atlan-Romances Sefardies

Françoise Atlan &#8211; Françoise Atlan &#8211; Double CD &#8211; Sephardic songs

Des traditions musicales à la portée de tous
