{"id":62038,"date":"2021-09-08T16:32:09","date_gmt":"2021-09-08T14:32:09","guid":{"rendered":"https:\/\/www.iemj.org\/evenement\/concert-requiem-xix\/"},"modified":"2021-09-08T16:51:53","modified_gmt":"2021-09-08T14:51:53","slug":"concert-requiem-xix","status":"publish","type":"tribe_events","link":"https:\/\/www.iemj.org\/es\/eventos\/concert-requiem-xix\/","title":{"rendered":"Concert REQUIEM XIX"},"content":{"rendered":"<p>Una gran oportunidad para celebrar juntos el final del Yom Kippur.<\/p>\n<p><img fetchpriority=\"high\" decoding=\"async\" class=\" wp-image-62029 alignright\" src=\"https:\/\/www.iemj.org\/wp-content\/uploads\/2021\/09\/Concert-REQUIEM-XIX-texte-237x300.jpg\" alt=\"\" width=\"282\" height=\"355\" \/>Una obra excepcional para el renacimiento y la paz cantada por primera vez en tres idiomas (lat\u00edn, hebreo y \u00e1rabe literario) inspirada en el tema de la Torre de Babel. El mundo despu\u00e9s cantado por 50 coristas, soprano solista y conjunto instrumental en una creaci\u00f3n original del compositor Laurent Couson.<\/p>\n<p>Ante el \u00e9xito del estreno mundial en presencia del alcalde, los embajadores del L\u00edbano y de Israel, representantes de las tres culturas, en particular Philippe Haddad, rabino, Hassen Chalghoumi, im\u00e1n de Drancy, Thierry Vernet, delegado del Arzobispado para las relaciones con el juda\u00edsmo, Marek Halter&#8230; Estas mismas personalidades han confirmado su deseo de volver a intervenir antes del evento del concierto en la sinagoga de Cop\u00e9rnico.<\/p>\n<p>Con:<\/p>\n<ul>\n<li>Melody Louledjian, soprano<br \/>\nLos coros Pro Homine y Al Fin Voce<br \/>\nCl\u00e9ment Rataud, piano<\/li>\n<\/ul>\n<p><a href=\"https:\/\/www.requiemxix.fr\/\" target=\"_blank\" rel=\"noopener\">Informaci\u00f3n y venta de entradas<\/a><\/p>\n","protected":false},"excerpt":{"rendered":"<p>Una gran oportunidad para celebrar juntos el final del Yom Kippur. Una obra excepcional para el renacimiento y la paz cantada por primera vez en tres idiomas (lat\u00edn, hebreo y<\/p>\n","protected":false},"author":5,"featured_media":62005,"template":"","meta":{"_acf_changed":false,"_tribe_events_status":"","_tribe_events_status_reason":"","_tribe_events_is_hybrid":"","_tribe_events_is_virtual":"","_tribe_events_virtual_video_source":"","_tribe_events_virtual_embed_video":"","_tribe_events_virtual_linked_button_text":"","_tribe_events_virtual_linked_button":"","_tribe_events_virtual_show_embed_at":"","_tribe_events_virtual_show_embed_to":[],"_tribe_events_virtual_show_on_event":"","_tribe_events_virtual_show_on_views":"","_tribe_events_virtual_url":"","footnotes":""},"tags":[],"tribe_events_cat":[],"class_list":["post-62038","tribe_events","type-tribe_events","status-publish","has-post-thumbnail","hentry"],"acf":[],"yoast_head":"<!-- This site is optimized with the Yoast SEO plugin v27.3 - https:\/\/yoast.com\/product\/yoast-seo-wordpress\/ -->\n<title>Concert REQUIEM XIX - Institut Europ\u00e9en des Musiques Juives<\/title>\n<meta name=\"robots\" content=\"index, follow, max-snippet:-1, max-image-preview:large, max-video-preview:-1\" \/>\n<link rel=\"canonical\" href=\"https:\/\/www.iemj.org\/es\/eventos\/concert-requiem-xix\/\" \/>\n<meta property=\"og:locale\" content=\"es_ES\" \/>\n<meta property=\"og:type\" content=\"article\" \/>\n<meta property=\"og:title\" content=\"Concert REQUIEM XIX - Institut Europ\u00e9en des Musiques Juives\" \/>\n<meta property=\"og:description\" content=\"Una gran oportunidad para celebrar juntos el final del Yom Kippur. Una obra excepcional para el renacimiento y la paz cantada por primera vez en tres idiomas (lat\u00edn, hebreo y\" \/>\n<meta property=\"og:url\" content=\"https:\/\/www.iemj.org\/es\/eventos\/concert-requiem-xix\/\" \/>\n<meta property=\"og:site_name\" content=\"Institut Europ\u00e9en des Musiques Juives\" \/>\n<meta property=\"article:publisher\" content=\"https:\/\/www.facebook.com\/MusiquesJuives\/\" \/>\n<meta property=\"article:modified_time\" content=\"2021-09-08T14:51:53+00:00\" \/>\n<meta property=\"og:image\" content=\"https:\/\/www.iemj.org\/wp-content\/uploads\/2021\/09\/Concert-REQUIEM-XIX.jpg\" \/>\n\t<meta property=\"og:image:width\" content=\"659\" \/>\n\t<meta property=\"og:image:height\" content=\"269\" \/>\n\t<meta property=\"og:image:type\" content=\"image\/jpeg\" \/>\n<meta name=\"twitter:card\" content=\"summary_large_image\" \/>\n<meta name=\"twitter:label1\" content=\"Tiempo de lectura\" \/>\n\t<meta name=\"twitter:data1\" content=\"1 minuto\" \/>\n<script type=\"application\/ld+json\" class=\"yoast-schema-graph\">{\"@context\":\"https:\\\/\\\/schema.org\",\"@graph\":[{\"@type\":\"WebPage\",\"@id\":\"https:\\\/\\\/www.iemj.org\\\/es\\\/eventos\\\/concert-requiem-xix\\\/\",\"url\":\"https:\\\/\\\/www.iemj.org\\\/es\\\/eventos\\\/concert-requiem-xix\\\/\",\"name\":\"Concert REQUIEM XIX - Institut Europ\u00e9en des Musiques Juives\",\"isPartOf\":{\"@id\":\"https:\\\/\\\/www.iemj.org\\\/es\\\/#website\"},\"primaryImageOfPage\":{\"@id\":\"https:\\\/\\\/www.iemj.org\\\/es\\\/eventos\\\/concert-requiem-xix\\\/#primaryimage\"},\"image\":{\"@id\":\"https:\\\/\\\/www.iemj.org\\\/es\\\/eventos\\\/concert-requiem-xix\\\/#primaryimage\"},\"thumbnailUrl\":\"https:\\\/\\\/www.iemj.org\\\/wp-content\\\/uploads\\\/2021\\\/09\\\/Concert-REQUIEM-XIX.jpg\",\"datePublished\":\"2021-09-08T14:32:09+00:00\",\"dateModified\":\"2021-09-08T14:51:53+00:00\",\"breadcrumb\":{\"@id\":\"https:\\\/\\\/www.iemj.org\\\/es\\\/eventos\\\/concert-requiem-xix\\\/#breadcrumb\"},\"inLanguage\":\"es\",\"potentialAction\":[{\"@type\":\"ReadAction\",\"target\":[\"https:\\\/\\\/www.iemj.org\\\/es\\\/eventos\\\/concert-requiem-xix\\\/\"]}]},{\"@type\":\"ImageObject\",\"inLanguage\":\"es\",\"@id\":\"https:\\\/\\\/www.iemj.org\\\/es\\\/eventos\\\/concert-requiem-xix\\\/#primaryimage\",\"url\":\"https:\\\/\\\/www.iemj.org\\\/wp-content\\\/uploads\\\/2021\\\/09\\\/Concert-REQUIEM-XIX.jpg\",\"contentUrl\":\"https:\\\/\\\/www.iemj.org\\\/wp-content\\\/uploads\\\/2021\\\/09\\\/Concert-REQUIEM-XIX.jpg\",\"width\":659,\"height\":269},{\"@type\":\"BreadcrumbList\",\"@id\":\"https:\\\/\\\/www.iemj.org\\\/es\\\/eventos\\\/concert-requiem-xix\\\/#breadcrumb\",\"itemListElement\":[{\"@type\":\"ListItem\",\"position\":1,\"name\":\"Accueil\",\"item\":\"https:\\\/\\\/www.iemj.org\\\/es\\\/\"},{\"@type\":\"ListItem\",\"position\":2,\"name\":\"Eventos\",\"item\":\"https:\\\/\\\/www.iemj.org\\\/es\\\/events\\\/\"},{\"@type\":\"ListItem\",\"position\":3,\"name\":\"Concert REQUIEM XIX\"}]},{\"@type\":\"WebSite\",\"@id\":\"https:\\\/\\\/www.iemj.org\\\/es\\\/#website\",\"url\":\"https:\\\/\\\/www.iemj.org\\\/es\\\/\",\"name\":\"Institut Europ\u00e9en des Musiques Juives\",\"description\":\"Des traditions musicales \u00e0 la port\u00e9e de tous\",\"publisher\":{\"@id\":\"https:\\\/\\\/www.iemj.org\\\/es\\\/#organization\"},\"potentialAction\":[{\"@type\":\"SearchAction\",\"target\":{\"@type\":\"EntryPoint\",\"urlTemplate\":\"https:\\\/\\\/www.iemj.org\\\/es\\\/?s={search_term_string}\"},\"query-input\":{\"@type\":\"PropertyValueSpecification\",\"valueRequired\":true,\"valueName\":\"search_term_string\"}}],\"inLanguage\":\"es\"},{\"@type\":\"Organization\",\"@id\":\"https:\\\/\\\/www.iemj.org\\\/es\\\/#organization\",\"name\":\"Institut Europ\u00e9en des Musiques Juives\",\"url\":\"https:\\\/\\\/www.iemj.org\\\/es\\\/\",\"logo\":{\"@type\":\"ImageObject\",\"inLanguage\":\"es\",\"@id\":\"https:\\\/\\\/www.iemj.org\\\/es\\\/#\\\/schema\\\/logo\\\/image\\\/\",\"url\":\"https:\\\/\\\/www.iemj.org\\\/wp-content\\\/uploads\\\/2021\\\/09\\\/Logo-IEMJ-Paypal.jpg\",\"contentUrl\":\"https:\\\/\\\/www.iemj.org\\\/wp-content\\\/uploads\\\/2021\\\/09\\\/Logo-IEMJ-Paypal.jpg\",\"width\":150,\"height\":50,\"caption\":\"Institut Europ\u00e9en des Musiques Juives\"},\"image\":{\"@id\":\"https:\\\/\\\/www.iemj.org\\\/es\\\/#\\\/schema\\\/logo\\\/image\\\/\"},\"sameAs\":[\"https:\\\/\\\/www.facebook.com\\\/MusiquesJuives\\\/\",\"https:\\\/\\\/www.instagram.com\\\/musiquesjuives\\\/\",\"https:\\\/\\\/www.youtube.com\\\/user\\\/musiquesjuives\"]}]}<\/script>\n<!-- \/ Yoast SEO plugin. -->","yoast_head_json":{"title":"Concert REQUIEM XIX - Institut Europ\u00e9en des Musiques Juives","robots":{"index":"index","follow":"follow","max-snippet":"max-snippet:-1","max-image-preview":"max-image-preview:large","max-video-preview":"max-video-preview:-1"},"canonical":"https:\/\/www.iemj.org\/es\/eventos\/concert-requiem-xix\/","og_locale":"es_ES","og_type":"article","og_title":"Concert REQUIEM XIX - Institut Europ\u00e9en des Musiques Juives","og_description":"Una gran oportunidad para celebrar juntos el final del Yom Kippur. Una obra excepcional para el renacimiento y la paz cantada por primera vez en tres idiomas (lat\u00edn, hebreo y","og_url":"https:\/\/www.iemj.org\/es\/eventos\/concert-requiem-xix\/","og_site_name":"Institut Europ\u00e9en des Musiques Juives","article_publisher":"https:\/\/www.facebook.com\/MusiquesJuives\/","article_modified_time":"2021-09-08T14:51:53+00:00","og_image":[{"width":659,"height":269,"url":"https:\/\/www.iemj.org\/wp-content\/uploads\/2021\/09\/Concert-REQUIEM-XIX.jpg","type":"image\/jpeg"}],"twitter_card":"summary_large_image","twitter_misc":{"Tiempo de lectura":"1 minuto"},"schema":{"@context":"https:\/\/schema.org","@graph":[{"@type":"WebPage","@id":"https:\/\/www.iemj.org\/es\/eventos\/concert-requiem-xix\/","url":"https:\/\/www.iemj.org\/es\/eventos\/concert-requiem-xix\/","name":"Concert REQUIEM XIX - Institut Europ\u00e9en des Musiques Juives","isPartOf":{"@id":"https:\/\/www.iemj.org\/es\/#website"},"primaryImageOfPage":{"@id":"https:\/\/www.iemj.org\/es\/eventos\/concert-requiem-xix\/#primaryimage"},"image":{"@id":"https:\/\/www.iemj.org\/es\/eventos\/concert-requiem-xix\/#primaryimage"},"thumbnailUrl":"https:\/\/www.iemj.org\/wp-content\/uploads\/2021\/09\/Concert-REQUIEM-XIX.jpg","datePublished":"2021-09-08T14:32:09+00:00","dateModified":"2021-09-08T14:51:53+00:00","breadcrumb":{"@id":"https:\/\/www.iemj.org\/es\/eventos\/concert-requiem-xix\/#breadcrumb"},"inLanguage":"es","potentialAction":[{"@type":"ReadAction","target":["https:\/\/www.iemj.org\/es\/eventos\/concert-requiem-xix\/"]}]},{"@type":"ImageObject","inLanguage":"es","@id":"https:\/\/www.iemj.org\/es\/eventos\/concert-requiem-xix\/#primaryimage","url":"https:\/\/www.iemj.org\/wp-content\/uploads\/2021\/09\/Concert-REQUIEM-XIX.jpg","contentUrl":"https:\/\/www.iemj.org\/wp-content\/uploads\/2021\/09\/Concert-REQUIEM-XIX.jpg","width":659,"height":269},{"@type":"BreadcrumbList","@id":"https:\/\/www.iemj.org\/es\/eventos\/concert-requiem-xix\/#breadcrumb","itemListElement":[{"@type":"ListItem","position":1,"name":"Accueil","item":"https:\/\/www.iemj.org\/es\/"},{"@type":"ListItem","position":2,"name":"Eventos","item":"https:\/\/www.iemj.org\/es\/events\/"},{"@type":"ListItem","position":3,"name":"Concert REQUIEM XIX"}]},{"@type":"WebSite","@id":"https:\/\/www.iemj.org\/es\/#website","url":"https:\/\/www.iemj.org\/es\/","name":"Institut Europ\u00e9en des Musiques Juives","description":"Des traditions musicales \u00e0 la port\u00e9e de tous","publisher":{"@id":"https:\/\/www.iemj.org\/es\/#organization"},"potentialAction":[{"@type":"SearchAction","target":{"@type":"EntryPoint","urlTemplate":"https:\/\/www.iemj.org\/es\/?s={search_term_string}"},"query-input":{"@type":"PropertyValueSpecification","valueRequired":true,"valueName":"search_term_string"}}],"inLanguage":"es"},{"@type":"Organization","@id":"https:\/\/www.iemj.org\/es\/#organization","name":"Institut Europ\u00e9en des Musiques Juives","url":"https:\/\/www.iemj.org\/es\/","logo":{"@type":"ImageObject","inLanguage":"es","@id":"https:\/\/www.iemj.org\/es\/#\/schema\/logo\/image\/","url":"https:\/\/www.iemj.org\/wp-content\/uploads\/2021\/09\/Logo-IEMJ-Paypal.jpg","contentUrl":"https:\/\/www.iemj.org\/wp-content\/uploads\/2021\/09\/Logo-IEMJ-Paypal.jpg","width":150,"height":50,"caption":"Institut Europ\u00e9en des Musiques Juives"},"image":{"@id":"https:\/\/www.iemj.org\/es\/#\/schema\/logo\/image\/"},"sameAs":["https:\/\/www.facebook.com\/MusiquesJuives\/","https:\/\/www.instagram.com\/musiquesjuives\/","https:\/\/www.youtube.com\/user\/musiquesjuives"]}]}},"_links":{"self":[{"href":"https:\/\/www.iemj.org\/es\/wp-json\/wp\/v2\/tribe_events\/62038","targetHints":{"allow":["GET"]}}],"collection":[{"href":"https:\/\/www.iemj.org\/es\/wp-json\/wp\/v2\/tribe_events"}],"about":[{"href":"https:\/\/www.iemj.org\/es\/wp-json\/wp\/v2\/types\/tribe_events"}],"author":[{"embeddable":true,"href":"https:\/\/www.iemj.org\/es\/wp-json\/wp\/v2\/users\/5"}],"version-history":[{"count":0,"href":"https:\/\/www.iemj.org\/es\/wp-json\/wp\/v2\/tribe_events\/62038\/revisions"}],"wp:featuredmedia":[{"embeddable":true,"href":"https:\/\/www.iemj.org\/es\/wp-json\/wp\/v2\/media\/62005"}],"wp:attachment":[{"href":"https:\/\/www.iemj.org\/es\/wp-json\/wp\/v2\/media?parent=62038"}],"wp:term":[{"taxonomy":"post_tag","embeddable":true,"href":"https:\/\/www.iemj.org\/es\/wp-json\/wp\/v2\/tags?post=62038"},{"taxonomy":"tribe_events_cat","embeddable":true,"href":"https:\/\/www.iemj.org\/es\/wp-json\/wp\/v2\/tribe_events_cat?post=62038"}],"curies":[{"name":"wp","href":"https:\/\/api.w.org\/{rel}","templated":true}]}}

<p>Una gran oportunidad para celebrar juntos el final del Yom Kippur.</p>
<p><img fetchpriority="high" decoding="async" class=" wp-image-62029 alignright" src="https://www.iemj.org/wp-content/uploads/2021/09/Concert-REQUIEM-XIX-texte-237x300.jpg" alt="" width="282" height="355" />Una obra excepcional para el renacimiento y la paz cantada por primera vez en tres idiomas (latín, hebreo y árabe literario) inspirada en el tema de la Torre de Babel. El mundo después cantado por 50 coristas, soprano solista y conjunto instrumental en una creación original del compositor Laurent Couson.</p>
<p>Ante el éxito del estreno mundial en presencia del alcalde, los embajadores del Líbano y de Israel, representantes de las tres culturas, en particular Philippe Haddad, rabino, Hassen Chalghoumi, imán de Drancy, Thierry Vernet, delegado del Arzobispado para las relaciones con el judaísmo, Marek Halter&#8230; Estas mismas personalidades han confirmado su deseo de volver a intervenir antes del evento del concierto en la sinagoga de Copérnico.</p>
<p>Con:</p>
<ul>
<li>Melody Louledjian, soprano<br />
Los coros Pro Homine y Al Fin Voce<br />
Clément Rataud, piano</li>
</ul>
<p><a href="https://www.requiemxix.fr/" target="_blank" rel="noopener">Información y venta de entradas</a></p>

<p>Una gran oportunidad para celebrar juntos el final del Yom Kippur. Una obra excepcional para el renacimiento y la paz cantada por primera vez en tres idiomas (latín, hebreo y</p>

<!-- This site is optimized with the Yoast SEO plugin v27.3 - https://yoast.com/product/yoast-seo-wordpress/ -->
<title>Concert REQUIEM XIX - Institut Européen des Musiques Juives</title>
<meta name="robots" content="index, follow, max-snippet:-1, max-image-preview:large, max-video-preview:-1" />
<link rel="canonical" href="https://www.iemj.org/es/eventos/concert-requiem-xix/" />
<meta property="og:locale" content="es_ES" />
<meta property="og:type" content="article" />
<meta property="og:title" content="Concert REQUIEM XIX - Institut Européen des Musiques Juives" />
<meta property="og:description" content="Una gran oportunidad para celebrar juntos el final del Yom Kippur. Una obra excepcional para el renacimiento y la paz cantada por primera vez en tres idiomas (latín, hebreo y" />
<meta property="og:url" content="https://www.iemj.org/es/eventos/concert-requiem-xix/" />
<meta property="og:site_name" content="Institut Européen des Musiques Juives" />
<meta property="article:publisher" content="https://www.facebook.com/MusiquesJuives/" />
<meta property="article:modified_time" content="2021-09-08T14:51:53+00:00" />
<meta property="og:image" content="https://www.iemj.org/wp-content/uploads/2021/09/Concert-REQUIEM-XIX.jpg" />
	<meta property="og:image:width" content="659" />
	<meta property="og:image:height" content="269" />
	<meta property="og:image:type" content="image/jpeg" />
<meta name="twitter:card" content="summary_large_image" />
<meta name="twitter:label1" content="Tiempo de lectura" />
	<meta name="twitter:data1" content="1 minuto" />
<script type="application/ld+json" class="yoast-schema-graph">{"@context":"https:\/\/schema.org","@graph":[{"@type":"WebPage","@id":"https:\/\/www.iemj.org\/es\/eventos\/concert-requiem-xix\/","url":"https:\/\/www.iemj.org\/es\/eventos\/concert-requiem-xix\/","name":"Concert REQUIEM XIX - Institut Européen des Musiques Juives","isPartOf":{"@id":"https:\/\/www.iemj.org\/es\/#website"},"primaryImageOfPage":{"@id":"https:\/\/www.iemj.org\/es\/eventos\/concert-requiem-xix\/#primaryimage"},"image":{"@id":"https:\/\/www.iemj.org\/es\/eventos\/concert-requiem-xix\/#primaryimage"},"thumbnailUrl":"https:\/\/www.iemj.org\/wp-content\/uploads\/2021\/09\/Concert-REQUIEM-XIX.jpg","datePublished":"2021-09-08T14:32:09+00:00","dateModified":"2021-09-08T14:51:53+00:00","breadcrumb":{"@id":"https:\/\/www.iemj.org\/es\/eventos\/concert-requiem-xix\/#breadcrumb"},"inLanguage":"es","potentialAction":[{"@type":"ReadAction","target":["https:\/\/www.iemj.org\/es\/eventos\/concert-requiem-xix\/"]}]},{"@type":"ImageObject","inLanguage":"es","@id":"https:\/\/www.iemj.org\/es\/eventos\/concert-requiem-xix\/#primaryimage","url":"https:\/\/www.iemj.org\/wp-content\/uploads\/2021\/09\/Concert-REQUIEM-XIX.jpg","contentUrl":"https:\/\/www.iemj.org\/wp-content\/uploads\/2021\/09\/Concert-REQUIEM-XIX.jpg","width":659,"height":269},{"@type":"BreadcrumbList","@id":"https:\/\/www.iemj.org\/es\/eventos\/concert-requiem-xix\/#breadcrumb","itemListElement":[{"@type":"ListItem","position":1,"name":"Accueil","item":"https:\/\/www.iemj.org\/es\/"},{"@type":"ListItem","position":2,"name":"Eventos","item":"https:\/\/www.iemj.org\/es\/events\/"},{"@type":"ListItem","position":3,"name":"Concert REQUIEM XIX"}]},{"@type":"WebSite","@id":"https:\/\/www.iemj.org\/es\/#website","url":"https:\/\/www.iemj.org\/es\/","name":"Institut Européen des Musiques Juives","description":"Des traditions musicales à la portée de tous","publisher":{"@id":"https:\/\/www.iemj.org\/es\/#organization"},"potentialAction":[{"@type":"SearchAction","target":{"@type":"EntryPoint","urlTemplate":"https:\/\/www.iemj.org\/es\/?s={search_term_string}"},"query-input":{"@type":"PropertyValueSpecification","valueRequired":true,"valueName":"search_term_string"}}],"inLanguage":"es"},{"@type":"Organization","@id":"https:\/\/www.iemj.org\/es\/#organization","name":"Institut Européen des Musiques Juives","url":"https:\/\/www.iemj.org\/es\/","logo":{"@type":"ImageObject","inLanguage":"es","@id":"https:\/\/www.iemj.org\/es\/#\/schema\/logo\/image\/","url":"https:\/\/www.iemj.org\/wp-content\/uploads\/2021\/09\/Logo-IEMJ-Paypal.jpg","contentUrl":"https:\/\/www.iemj.org\/wp-content\/uploads\/2021\/09\/Logo-IEMJ-Paypal.jpg","width":150,"height":50,"caption":"Institut Européen des Musiques Juives"},"image":{"@id":"https:\/\/www.iemj.org\/es\/#\/schema\/logo\/image\/"},"sameAs":["https:\/\/www.facebook.com\/MusiquesJuives\/","https:\/\/www.instagram.com\/musiquesjuives\/","https:\/\/www.youtube.com\/user\/musiquesjuives"]}]}</script>
<!-- / Yoast SEO plugin. -->

Concert REQUIEM XIX - Institut Européen des Musiques Juives

Una gran oportunidad para celebrar juntos el final del Yom Kippur. Una obra excepcional para el renacimiento y la paz cantada por primera vez en tres idiomas (latín, hebreo y

Institut Européen des Musiques Juives

Des traditions musicales à la portée de tous
