{"id":62037,"date":"2021-09-08T16:32:09","date_gmt":"2021-09-08T14:32:09","guid":{"rendered":"https:\/\/www.iemj.org\/evenement\/concert-requiem-xix\/"},"modified":"2021-09-08T16:49:23","modified_gmt":"2021-09-08T14:49:23","slug":"concert-requiem-xix","status":"publish","type":"tribe_events","link":"https:\/\/www.iemj.org\/it\/eventi\/concert-requiem-xix\/","title":{"rendered":"Concert REQUIEM XIX"},"content":{"rendered":"<p>Una grande opportunit\u00e0 per celebrare insieme la fine dello Yom Kippur.<\/p>\n<p><img fetchpriority=\"high\" decoding=\"async\" class=\" wp-image-62028 alignright\" src=\"https:\/\/www.iemj.org\/wp-content\/uploads\/2021\/09\/Concert-REQUIEM-XIX-texte-237x300.jpg\" alt=\"\" width=\"282\" height=\"355\" \/>Un&#8217;opera eccezionale per la rinascita e la pace cantata per la prima volta in tre lingue (latino, ebraico e arabo letterario) ispirata al tema della Torre di Babele. Il mondo dopo cantato da 50 coristi, soprano solista e ensemble strumentale in una creazione originale del compositore Laurent Couson.<\/p>\n<p>Visto il successo della prima mondiale in presenza del sindaco, degli ambasciatori del Libano e d&#8217;Israele, dei rappresentanti delle tre culture, in particolare Philippe Haddad, rabbino, Hassen Chalghoumi, imam di Drancy, Thierry Vernet, il delegato arcivescovile per le relazioni con l&#8217;ebraismo, Marek Halter&#8230; Queste stesse personalit\u00e0 hanno confermato il loro desiderio di intervenire nuovamente prima del concerto evento alla sinagoga Copernic.<\/p>\n<p>Con:<\/p>\n<ul>\n<li>Melody Louledjian, Soprano<br \/>\nI cori Pro Homine e Al Fin Voce<br \/>\nCl\u00e9ment Rataud, pianoforte<\/li>\n<\/ul>\n<p><a href=\"https:\/\/www.requiemxix.fr\/\" target=\"_blank\" rel=\"noopener\">Informazioni e biglietteria<\/a><\/p>\n","protected":false},"excerpt":{"rendered":"<p>Una grande opportunit\u00e0 per celebrare insieme la fine dello Yom Kippur. Un&#8217;opera eccezionale per la rinascita e la pace cantata per la prima volta in tre lingue (latino, ebraico e<\/p>\n","protected":false},"author":5,"featured_media":62004,"template":"","meta":{"_acf_changed":false,"_tribe_events_status":"","_tribe_events_status_reason":"","_tribe_events_is_hybrid":"","_tribe_events_is_virtual":"","_tribe_events_virtual_video_source":"","_tribe_events_virtual_embed_video":"","_tribe_events_virtual_linked_button_text":"","_tribe_events_virtual_linked_button":"","_tribe_events_virtual_show_embed_at":"","_tribe_events_virtual_show_embed_to":[],"_tribe_events_virtual_show_on_event":"","_tribe_events_virtual_show_on_views":"","_tribe_events_virtual_url":"","footnotes":""},"tags":[],"tribe_events_cat":[],"class_list":["post-62037","tribe_events","type-tribe_events","status-publish","has-post-thumbnail","hentry"],"acf":[],"yoast_head":"<!-- This site is optimized with the Yoast SEO plugin v27.3 - https:\/\/yoast.com\/product\/yoast-seo-wordpress\/ -->\n<title>Concert REQUIEM XIX - Institut Europ\u00e9en des Musiques Juives<\/title>\n<meta name=\"robots\" content=\"index, follow, max-snippet:-1, max-image-preview:large, max-video-preview:-1\" \/>\n<link rel=\"canonical\" href=\"https:\/\/www.iemj.org\/it\/eventi\/concert-requiem-xix\/\" \/>\n<meta property=\"og:locale\" content=\"it_IT\" \/>\n<meta property=\"og:type\" content=\"article\" \/>\n<meta property=\"og:title\" content=\"Concert REQUIEM XIX - Institut Europ\u00e9en des Musiques Juives\" \/>\n<meta property=\"og:description\" content=\"Una grande opportunit\u00e0 per celebrare insieme la fine dello Yom Kippur. Un&#8217;opera eccezionale per la rinascita e la pace cantata per la prima volta in tre lingue (latino, ebraico e\" \/>\n<meta property=\"og:url\" content=\"https:\/\/www.iemj.org\/it\/eventi\/concert-requiem-xix\/\" \/>\n<meta property=\"og:site_name\" content=\"Institut Europ\u00e9en des Musiques Juives\" \/>\n<meta property=\"article:publisher\" content=\"https:\/\/www.facebook.com\/MusiquesJuives\/\" \/>\n<meta property=\"article:modified_time\" content=\"2021-09-08T14:49:23+00:00\" \/>\n<meta property=\"og:image\" content=\"https:\/\/www.iemj.org\/wp-content\/uploads\/2021\/09\/Concert-REQUIEM-XIX.jpg\" \/>\n\t<meta property=\"og:image:width\" content=\"659\" \/>\n\t<meta property=\"og:image:height\" content=\"269\" \/>\n\t<meta property=\"og:image:type\" content=\"image\/jpeg\" \/>\n<meta name=\"twitter:card\" content=\"summary_large_image\" \/>\n<meta name=\"twitter:label1\" content=\"Tempo di lettura stimato\" \/>\n\t<meta name=\"twitter:data1\" content=\"1 minuto\" \/>\n<script type=\"application\/ld+json\" class=\"yoast-schema-graph\">{\"@context\":\"https:\\\/\\\/schema.org\",\"@graph\":[{\"@type\":\"WebPage\",\"@id\":\"https:\\\/\\\/www.iemj.org\\\/it\\\/eventi\\\/concert-requiem-xix\\\/\",\"url\":\"https:\\\/\\\/www.iemj.org\\\/it\\\/eventi\\\/concert-requiem-xix\\\/\",\"name\":\"Concert REQUIEM XIX - Institut Europ\u00e9en des Musiques Juives\",\"isPartOf\":{\"@id\":\"https:\\\/\\\/www.iemj.org\\\/it\\\/#website\"},\"primaryImageOfPage\":{\"@id\":\"https:\\\/\\\/www.iemj.org\\\/it\\\/eventi\\\/concert-requiem-xix\\\/#primaryimage\"},\"image\":{\"@id\":\"https:\\\/\\\/www.iemj.org\\\/it\\\/eventi\\\/concert-requiem-xix\\\/#primaryimage\"},\"thumbnailUrl\":\"https:\\\/\\\/www.iemj.org\\\/wp-content\\\/uploads\\\/2021\\\/09\\\/Concert-REQUIEM-XIX.jpg\",\"datePublished\":\"2021-09-08T14:32:09+00:00\",\"dateModified\":\"2021-09-08T14:49:23+00:00\",\"breadcrumb\":{\"@id\":\"https:\\\/\\\/www.iemj.org\\\/it\\\/eventi\\\/concert-requiem-xix\\\/#breadcrumb\"},\"inLanguage\":\"it-IT\",\"potentialAction\":[{\"@type\":\"ReadAction\",\"target\":[\"https:\\\/\\\/www.iemj.org\\\/it\\\/eventi\\\/concert-requiem-xix\\\/\"]}]},{\"@type\":\"ImageObject\",\"inLanguage\":\"it-IT\",\"@id\":\"https:\\\/\\\/www.iemj.org\\\/it\\\/eventi\\\/concert-requiem-xix\\\/#primaryimage\",\"url\":\"https:\\\/\\\/www.iemj.org\\\/wp-content\\\/uploads\\\/2021\\\/09\\\/Concert-REQUIEM-XIX.jpg\",\"contentUrl\":\"https:\\\/\\\/www.iemj.org\\\/wp-content\\\/uploads\\\/2021\\\/09\\\/Concert-REQUIEM-XIX.jpg\",\"width\":659,\"height\":269},{\"@type\":\"BreadcrumbList\",\"@id\":\"https:\\\/\\\/www.iemj.org\\\/it\\\/eventi\\\/concert-requiem-xix\\\/#breadcrumb\",\"itemListElement\":[{\"@type\":\"ListItem\",\"position\":1,\"name\":\"Accueil\",\"item\":\"https:\\\/\\\/www.iemj.org\\\/it\\\/\"},{\"@type\":\"ListItem\",\"position\":2,\"name\":\"Eventi\",\"item\":\"https:\\\/\\\/www.iemj.org\\\/it\\\/events\\\/\"},{\"@type\":\"ListItem\",\"position\":3,\"name\":\"Concert REQUIEM XIX\"}]},{\"@type\":\"WebSite\",\"@id\":\"https:\\\/\\\/www.iemj.org\\\/it\\\/#website\",\"url\":\"https:\\\/\\\/www.iemj.org\\\/it\\\/\",\"name\":\"Institut Europ\u00e9en des Musiques Juives\",\"description\":\"Des traditions musicales \u00e0 la port\u00e9e de tous\",\"publisher\":{\"@id\":\"https:\\\/\\\/www.iemj.org\\\/it\\\/#organization\"},\"potentialAction\":[{\"@type\":\"SearchAction\",\"target\":{\"@type\":\"EntryPoint\",\"urlTemplate\":\"https:\\\/\\\/www.iemj.org\\\/it\\\/?s={search_term_string}\"},\"query-input\":{\"@type\":\"PropertyValueSpecification\",\"valueRequired\":true,\"valueName\":\"search_term_string\"}}],\"inLanguage\":\"it-IT\"},{\"@type\":\"Organization\",\"@id\":\"https:\\\/\\\/www.iemj.org\\\/it\\\/#organization\",\"name\":\"Institut Europ\u00e9en des Musiques Juives\",\"url\":\"https:\\\/\\\/www.iemj.org\\\/it\\\/\",\"logo\":{\"@type\":\"ImageObject\",\"inLanguage\":\"it-IT\",\"@id\":\"https:\\\/\\\/www.iemj.org\\\/it\\\/#\\\/schema\\\/logo\\\/image\\\/\",\"url\":\"https:\\\/\\\/www.iemj.org\\\/wp-content\\\/uploads\\\/2021\\\/09\\\/Logo-IEMJ-Paypal.jpg\",\"contentUrl\":\"https:\\\/\\\/www.iemj.org\\\/wp-content\\\/uploads\\\/2021\\\/09\\\/Logo-IEMJ-Paypal.jpg\",\"width\":150,\"height\":50,\"caption\":\"Institut Europ\u00e9en des Musiques Juives\"},\"image\":{\"@id\":\"https:\\\/\\\/www.iemj.org\\\/it\\\/#\\\/schema\\\/logo\\\/image\\\/\"},\"sameAs\":[\"https:\\\/\\\/www.facebook.com\\\/MusiquesJuives\\\/\",\"https:\\\/\\\/www.instagram.com\\\/musiquesjuives\\\/\",\"https:\\\/\\\/www.youtube.com\\\/user\\\/musiquesjuives\"]}]}<\/script>\n<!-- \/ Yoast SEO plugin. -->","yoast_head_json":{"title":"Concert REQUIEM XIX - Institut Europ\u00e9en des Musiques Juives","robots":{"index":"index","follow":"follow","max-snippet":"max-snippet:-1","max-image-preview":"max-image-preview:large","max-video-preview":"max-video-preview:-1"},"canonical":"https:\/\/www.iemj.org\/it\/eventi\/concert-requiem-xix\/","og_locale":"it_IT","og_type":"article","og_title":"Concert REQUIEM XIX - Institut Europ\u00e9en des Musiques Juives","og_description":"Una grande opportunit\u00e0 per celebrare insieme la fine dello Yom Kippur. Un&#8217;opera eccezionale per la rinascita e la pace cantata per la prima volta in tre lingue (latino, ebraico e","og_url":"https:\/\/www.iemj.org\/it\/eventi\/concert-requiem-xix\/","og_site_name":"Institut Europ\u00e9en des Musiques Juives","article_publisher":"https:\/\/www.facebook.com\/MusiquesJuives\/","article_modified_time":"2021-09-08T14:49:23+00:00","og_image":[{"width":659,"height":269,"url":"https:\/\/www.iemj.org\/wp-content\/uploads\/2021\/09\/Concert-REQUIEM-XIX.jpg","type":"image\/jpeg"}],"twitter_card":"summary_large_image","twitter_misc":{"Tempo di lettura stimato":"1 minuto"},"schema":{"@context":"https:\/\/schema.org","@graph":[{"@type":"WebPage","@id":"https:\/\/www.iemj.org\/it\/eventi\/concert-requiem-xix\/","url":"https:\/\/www.iemj.org\/it\/eventi\/concert-requiem-xix\/","name":"Concert REQUIEM XIX - Institut Europ\u00e9en des Musiques Juives","isPartOf":{"@id":"https:\/\/www.iemj.org\/it\/#website"},"primaryImageOfPage":{"@id":"https:\/\/www.iemj.org\/it\/eventi\/concert-requiem-xix\/#primaryimage"},"image":{"@id":"https:\/\/www.iemj.org\/it\/eventi\/concert-requiem-xix\/#primaryimage"},"thumbnailUrl":"https:\/\/www.iemj.org\/wp-content\/uploads\/2021\/09\/Concert-REQUIEM-XIX.jpg","datePublished":"2021-09-08T14:32:09+00:00","dateModified":"2021-09-08T14:49:23+00:00","breadcrumb":{"@id":"https:\/\/www.iemj.org\/it\/eventi\/concert-requiem-xix\/#breadcrumb"},"inLanguage":"it-IT","potentialAction":[{"@type":"ReadAction","target":["https:\/\/www.iemj.org\/it\/eventi\/concert-requiem-xix\/"]}]},{"@type":"ImageObject","inLanguage":"it-IT","@id":"https:\/\/www.iemj.org\/it\/eventi\/concert-requiem-xix\/#primaryimage","url":"https:\/\/www.iemj.org\/wp-content\/uploads\/2021\/09\/Concert-REQUIEM-XIX.jpg","contentUrl":"https:\/\/www.iemj.org\/wp-content\/uploads\/2021\/09\/Concert-REQUIEM-XIX.jpg","width":659,"height":269},{"@type":"BreadcrumbList","@id":"https:\/\/www.iemj.org\/it\/eventi\/concert-requiem-xix\/#breadcrumb","itemListElement":[{"@type":"ListItem","position":1,"name":"Accueil","item":"https:\/\/www.iemj.org\/it\/"},{"@type":"ListItem","position":2,"name":"Eventi","item":"https:\/\/www.iemj.org\/it\/events\/"},{"@type":"ListItem","position":3,"name":"Concert REQUIEM XIX"}]},{"@type":"WebSite","@id":"https:\/\/www.iemj.org\/it\/#website","url":"https:\/\/www.iemj.org\/it\/","name":"Institut Europ\u00e9en des Musiques Juives","description":"Des traditions musicales \u00e0 la port\u00e9e de tous","publisher":{"@id":"https:\/\/www.iemj.org\/it\/#organization"},"potentialAction":[{"@type":"SearchAction","target":{"@type":"EntryPoint","urlTemplate":"https:\/\/www.iemj.org\/it\/?s={search_term_string}"},"query-input":{"@type":"PropertyValueSpecification","valueRequired":true,"valueName":"search_term_string"}}],"inLanguage":"it-IT"},{"@type":"Organization","@id":"https:\/\/www.iemj.org\/it\/#organization","name":"Institut Europ\u00e9en des Musiques Juives","url":"https:\/\/www.iemj.org\/it\/","logo":{"@type":"ImageObject","inLanguage":"it-IT","@id":"https:\/\/www.iemj.org\/it\/#\/schema\/logo\/image\/","url":"https:\/\/www.iemj.org\/wp-content\/uploads\/2021\/09\/Logo-IEMJ-Paypal.jpg","contentUrl":"https:\/\/www.iemj.org\/wp-content\/uploads\/2021\/09\/Logo-IEMJ-Paypal.jpg","width":150,"height":50,"caption":"Institut Europ\u00e9en des Musiques Juives"},"image":{"@id":"https:\/\/www.iemj.org\/it\/#\/schema\/logo\/image\/"},"sameAs":["https:\/\/www.facebook.com\/MusiquesJuives\/","https:\/\/www.instagram.com\/musiquesjuives\/","https:\/\/www.youtube.com\/user\/musiquesjuives"]}]}},"_links":{"self":[{"href":"https:\/\/www.iemj.org\/it\/wp-json\/wp\/v2\/tribe_events\/62037","targetHints":{"allow":["GET"]}}],"collection":[{"href":"https:\/\/www.iemj.org\/it\/wp-json\/wp\/v2\/tribe_events"}],"about":[{"href":"https:\/\/www.iemj.org\/it\/wp-json\/wp\/v2\/types\/tribe_events"}],"author":[{"embeddable":true,"href":"https:\/\/www.iemj.org\/it\/wp-json\/wp\/v2\/users\/5"}],"version-history":[{"count":0,"href":"https:\/\/www.iemj.org\/it\/wp-json\/wp\/v2\/tribe_events\/62037\/revisions"}],"wp:featuredmedia":[{"embeddable":true,"href":"https:\/\/www.iemj.org\/it\/wp-json\/wp\/v2\/media\/62004"}],"wp:attachment":[{"href":"https:\/\/www.iemj.org\/it\/wp-json\/wp\/v2\/media?parent=62037"}],"wp:term":[{"taxonomy":"post_tag","embeddable":true,"href":"https:\/\/www.iemj.org\/it\/wp-json\/wp\/v2\/tags?post=62037"},{"taxonomy":"tribe_events_cat","embeddable":true,"href":"https:\/\/www.iemj.org\/it\/wp-json\/wp\/v2\/tribe_events_cat?post=62037"}],"curies":[{"name":"wp","href":"https:\/\/api.w.org\/{rel}","templated":true}]}}

<p>Una grande opportunità per celebrare insieme la fine dello Yom Kippur.</p>
<p><img fetchpriority="high" decoding="async" class=" wp-image-62028 alignright" src="https://www.iemj.org/wp-content/uploads/2021/09/Concert-REQUIEM-XIX-texte-237x300.jpg" alt="" width="282" height="355" />Un&#8217;opera eccezionale per la rinascita e la pace cantata per la prima volta in tre lingue (latino, ebraico e arabo letterario) ispirata al tema della Torre di Babele. Il mondo dopo cantato da 50 coristi, soprano solista e ensemble strumentale in una creazione originale del compositore Laurent Couson.</p>
<p>Visto il successo della prima mondiale in presenza del sindaco, degli ambasciatori del Libano e d&#8217;Israele, dei rappresentanti delle tre culture, in particolare Philippe Haddad, rabbino, Hassen Chalghoumi, imam di Drancy, Thierry Vernet, il delegato arcivescovile per le relazioni con l&#8217;ebraismo, Marek Halter&#8230; Queste stesse personalità hanno confermato il loro desiderio di intervenire nuovamente prima del concerto evento alla sinagoga Copernic.</p>
<p>Con:</p>
<ul>
<li>Melody Louledjian, Soprano<br />
I cori Pro Homine e Al Fin Voce<br />
Clément Rataud, pianoforte</li>
</ul>
<p><a href="https://www.requiemxix.fr/" target="_blank" rel="noopener">Informazioni e biglietteria</a></p>

<p>Una grande opportunità per celebrare insieme la fine dello Yom Kippur. Un&#8217;opera eccezionale per la rinascita e la pace cantata per la prima volta in tre lingue (latino, ebraico e</p>

<!-- This site is optimized with the Yoast SEO plugin v27.3 - https://yoast.com/product/yoast-seo-wordpress/ -->
<title>Concert REQUIEM XIX - Institut Européen des Musiques Juives</title>
<meta name="robots" content="index, follow, max-snippet:-1, max-image-preview:large, max-video-preview:-1" />
<link rel="canonical" href="https://www.iemj.org/it/eventi/concert-requiem-xix/" />
<meta property="og:locale" content="it_IT" />
<meta property="og:type" content="article" />
<meta property="og:title" content="Concert REQUIEM XIX - Institut Européen des Musiques Juives" />
<meta property="og:description" content="Una grande opportunità per celebrare insieme la fine dello Yom Kippur. Un&#8217;opera eccezionale per la rinascita e la pace cantata per la prima volta in tre lingue (latino, ebraico e" />
<meta property="og:url" content="https://www.iemj.org/it/eventi/concert-requiem-xix/" />
<meta property="og:site_name" content="Institut Européen des Musiques Juives" />
<meta property="article:publisher" content="https://www.facebook.com/MusiquesJuives/" />
<meta property="article:modified_time" content="2021-09-08T14:49:23+00:00" />
<meta property="og:image" content="https://www.iemj.org/wp-content/uploads/2021/09/Concert-REQUIEM-XIX.jpg" />
	<meta property="og:image:width" content="659" />
	<meta property="og:image:height" content="269" />
	<meta property="og:image:type" content="image/jpeg" />
<meta name="twitter:card" content="summary_large_image" />
<meta name="twitter:label1" content="Tempo di lettura stimato" />
	<meta name="twitter:data1" content="1 minuto" />
<script type="application/ld+json" class="yoast-schema-graph">{"@context":"https:\/\/schema.org","@graph":[{"@type":"WebPage","@id":"https:\/\/www.iemj.org\/it\/eventi\/concert-requiem-xix\/","url":"https:\/\/www.iemj.org\/it\/eventi\/concert-requiem-xix\/","name":"Concert REQUIEM XIX - Institut Européen des Musiques Juives","isPartOf":{"@id":"https:\/\/www.iemj.org\/it\/#website"},"primaryImageOfPage":{"@id":"https:\/\/www.iemj.org\/it\/eventi\/concert-requiem-xix\/#primaryimage"},"image":{"@id":"https:\/\/www.iemj.org\/it\/eventi\/concert-requiem-xix\/#primaryimage"},"thumbnailUrl":"https:\/\/www.iemj.org\/wp-content\/uploads\/2021\/09\/Concert-REQUIEM-XIX.jpg","datePublished":"2021-09-08T14:32:09+00:00","dateModified":"2021-09-08T14:49:23+00:00","breadcrumb":{"@id":"https:\/\/www.iemj.org\/it\/eventi\/concert-requiem-xix\/#breadcrumb"},"inLanguage":"it-IT","potentialAction":[{"@type":"ReadAction","target":["https:\/\/www.iemj.org\/it\/eventi\/concert-requiem-xix\/"]}]},{"@type":"ImageObject","inLanguage":"it-IT","@id":"https:\/\/www.iemj.org\/it\/eventi\/concert-requiem-xix\/#primaryimage","url":"https:\/\/www.iemj.org\/wp-content\/uploads\/2021\/09\/Concert-REQUIEM-XIX.jpg","contentUrl":"https:\/\/www.iemj.org\/wp-content\/uploads\/2021\/09\/Concert-REQUIEM-XIX.jpg","width":659,"height":269},{"@type":"BreadcrumbList","@id":"https:\/\/www.iemj.org\/it\/eventi\/concert-requiem-xix\/#breadcrumb","itemListElement":[{"@type":"ListItem","position":1,"name":"Accueil","item":"https:\/\/www.iemj.org\/it\/"},{"@type":"ListItem","position":2,"name":"Eventi","item":"https:\/\/www.iemj.org\/it\/events\/"},{"@type":"ListItem","position":3,"name":"Concert REQUIEM XIX"}]},{"@type":"WebSite","@id":"https:\/\/www.iemj.org\/it\/#website","url":"https:\/\/www.iemj.org\/it\/","name":"Institut Européen des Musiques Juives","description":"Des traditions musicales à la portée de tous","publisher":{"@id":"https:\/\/www.iemj.org\/it\/#organization"},"potentialAction":[{"@type":"SearchAction","target":{"@type":"EntryPoint","urlTemplate":"https:\/\/www.iemj.org\/it\/?s={search_term_string}"},"query-input":{"@type":"PropertyValueSpecification","valueRequired":true,"valueName":"search_term_string"}}],"inLanguage":"it-IT"},{"@type":"Organization","@id":"https:\/\/www.iemj.org\/it\/#organization","name":"Institut Européen des Musiques Juives","url":"https:\/\/www.iemj.org\/it\/","logo":{"@type":"ImageObject","inLanguage":"it-IT","@id":"https:\/\/www.iemj.org\/it\/#\/schema\/logo\/image\/","url":"https:\/\/www.iemj.org\/wp-content\/uploads\/2021\/09\/Logo-IEMJ-Paypal.jpg","contentUrl":"https:\/\/www.iemj.org\/wp-content\/uploads\/2021\/09\/Logo-IEMJ-Paypal.jpg","width":150,"height":50,"caption":"Institut Européen des Musiques Juives"},"image":{"@id":"https:\/\/www.iemj.org\/it\/#\/schema\/logo\/image\/"},"sameAs":["https:\/\/www.facebook.com\/MusiquesJuives\/","https:\/\/www.instagram.com\/musiquesjuives\/","https:\/\/www.youtube.com\/user\/musiquesjuives"]}]}</script>
<!-- / Yoast SEO plugin. -->

Concert REQUIEM XIX - Institut Européen des Musiques Juives

Una grande opportunità per celebrare insieme la fine dello Yom Kippur. Un&#8217;opera eccezionale per la rinascita e la pace cantata per la prima volta in tre lingue (latino, ebraico e

Institut Européen des Musiques Juives

Des traditions musicales à la portée de tous
